{"id":6614,"date":"2023-11-10T13:49:08","date_gmt":"2023-11-10T12:49:08","guid":{"rendered":"https:\/\/agora.xtec.cat\/ieselcastell\/?page_id=6614"},"modified":"2025-04-07T11:12:47","modified_gmt":"2025-04-07T09:12:47","slug":"convalidacio-de-materies-deso-i-batxillerat","status":"publish","type":"page","link":"https:\/\/agora.xtec.cat\/ieselcastell\/convalidacio-de-materies-deso-i-batxillerat\/","title":{"rendered":"Convalidaci\u00f3 de Mat\u00e8ries d&#8217;ESO i Batxillerat"},"content":{"rendered":"<p>L\u2019alumnat interessat a convalidar mat\u00e8ries d\u2019ESO o Batxillerat amb motiu de cursar estudis de m\u00fasica o dansa o la pr\u00e0ctica intensiva de l\u2019esport simult\u00e0niament, han de consultar els requisits demanats per a cada situaci\u00f3 i si \u00e9s el cas presentar la documentaci\u00f3 necess\u00e0ria a la secretaria del centre abans del 15 de novembre.<\/p>\n<p>Les mat\u00e8ries que s&#8217;hagin convalidat no tenen qualificaci\u00f3 ni computen a l&#8217;efecte de c\u00e0lcul de la nota mitjana.<\/p>\n<h4><span style=\"color: #000000;\"><strong>M\u00daSICA<\/strong><\/span><\/h4>\n<p>Quadre resum:<\/p>\n<table style=\"height: 425px; border-style: solid; width: 73.913%; border-color: #000000;\" width=\"73.913%\">\n<tbody>\n<tr style=\"height: 20px;\">\n<td style=\"height: 10px; border-style: solid; border-color: #000000; background-color: #d9d7d7; width: 851px;\" colspan=\"3\" width=\"851\">\n<p style=\"text-align: center;\"><strong>ESO \/ M\u00fasica<\/strong><\/p>\n<\/td>\n<\/tr>\n<tr style=\"height: 57px;\">\n<td style=\"height: 176px; border-style: solid; border-color: #000000;\" rowspan=\"2\" width=\"331\">&nbsp;<\/p>\n<p><strong>Conservatori o centre professional<\/strong><\/td>\n<td style=\"height: 57px; border-style: solid; border-color: #000000;\" colspan=\"2\" width=\"520\"><strong>Escola autoritzada<\/strong><\/td>\n<\/tr>\n<tr style=\"height: 119px;\">\n<td style=\"height: 119px; border-style: solid; border-color: #000000;\" width=\"240\"><strong>Situaci\u00f3 1<\/strong><\/p>\n<p>Si es cursen entre 3 i 4 hores setmanals<\/td>\n<td style=\"height: 119px; border-style: solid; border-color: #000000;\" width=\"280\"><strong>Situaci\u00f3 2<\/strong><\/p>\n<p>Si es cursen 4 hores setmanals o m\u00e9s<\/td>\n<\/tr>\n<tr style=\"height: 57px;\">\n<td style=\"height: 57px; border-style: solid; border-color: #000000;\" width=\"331\"><strong>Convalidaci\u00f3 m\u00e0xima<\/strong><\/td>\n<td style=\"height: 57px; border-style: solid; border-color: #000000;\" colspan=\"2\" width=\"520\"><strong>Reconeixement m\u00e0xim<\/strong><\/td>\n<\/tr>\n<tr style=\"height: 182px;\">\n<td style=\"height: 182px; border-style: solid; border-color: #000000;\" width=\"331\">\u25cf M\u00fasica (mat\u00e8ria comuna de 1r a 3r)<\/p>\n<p>\u25cf Les mat\u00e8ries optatives de 1r a 3r (2 hores setmanals per curs)<\/p>\n<p>\u25cf Una mat\u00e8ria optativa de 4t (fins a un m\u00e0xim de 4 hores setmanals)<\/td>\n<td style=\"height: 182px; border-style: solid; border-color: #000000;\" width=\"240\">\u25cf\u00a0 Les mat\u00e8ries optatives de 1r a 3r<\/p>\n<p>\u25cf\u00a0 Una mat\u00e8ria optativa de 4t (fins a un m\u00e0xim de 2 hores setmanals)<\/td>\n<td style=\"height: 182px; border-style: solid; border-color: #000000;\" width=\"280\">\u25cf\u00a0 M\u00fasica (mat\u00e8ria comuna de 1r a 3r)<\/p>\n<p>\u25cf\u00a0 Les mat\u00e8ries optatives de 1r a 3r<\/p>\n<p>\u25cf\u00a0 Una mat\u00e8ria optativa de 4t (fins a un m\u00e0xim de 4 hores \u00a0setmanals)<\/td>\n<\/tr>\n<\/tbody>\n<\/table>\n<p>&nbsp;<\/p>\n<table style=\"border-style: solid; width: 72.6946%; border-color: #000000;\" width=\"851\">\n<tbody>\n<tr>\n<td style=\"border-style: solid; border-color: #000000; background-color: #d9d7d7; width: 97.0897%;\" colspan=\"2\" width=\"851\">\n<p style=\"text-align: center;\"><strong>Batxillerat \/ M<\/strong><strong>\u00fa<\/strong><strong>sica<\/strong><\/p>\n<\/td>\n<\/tr>\n<tr>\n<td style=\"border-style: solid; border-color: #000000; width: 46.51%;\" width=\"427\">&nbsp;<\/p>\n<p><strong>Conservatori o centre professional<\/strong><\/td>\n<td style=\"border-style: solid; border-color: #000000; width: 50.5797%;\" width=\"424\"><strong>Escola autoritzada<\/strong><\/p>\n<p>Si es cursen 4 hores setmanals o m\u00e9s<\/td>\n<\/tr>\n<tr>\n<td style=\"border-style: solid; border-color: #000000; width: 46.51%;\" width=\"427\"><strong>Convalidaci\u00f3 m\u00e0xima<\/strong><\/td>\n<td style=\"border-style: solid; border-color: #000000; width: 50.5797%;\" width=\"424\"><strong>Reconeixement m\u00e0xim<\/strong><\/td>\n<\/tr>\n<tr>\n<td style=\"border-style: solid; border-color: #000000; width: 46.51%;\" width=\"427\">\u25cf A 1r: 6 hores setmanals de la franja d&#8217;optatives<\/p>\n<p>\u25cf A 2n: 4\u00a0 hores setmanals de la franja d&#8217;optatives<\/td>\n<td style=\"border-style: solid; border-color: #000000; width: 50.5797%;\" width=\"424\">&nbsp;<\/p>\n<p>\u25cf A 1r: 6 hores setmanals de la franja d&#8217;optatives<\/p>\n<p>\u25cf A 2n: 4\u00a0 hores setmanals de la franja d&#8217;optatives<\/td>\n<\/tr>\n<tr>\n<td style=\"border-style: solid; border-color: #000000; width: 46.51%;\" width=\"427\"><\/td>\n<td style=\"border-style: solid; border-color: #000000; width: 50.5797%;\" width=\"424\">Requisits:<\/p>\n<p>\u25cf Cursar estudis en una escola de m\u00fasica autoritzada.<\/p>\n<p>\u25cf Haver superat la prova d&#8217;acc\u00e9s als ensenyaments de grau professional de m\u00fasica.<\/p>\n<p>\u25cf Cursar estudis que incloguin, com a m\u00ednim, Llenguatge Musical o Harmonia, Instrument i Pr\u00e0ctica Instrumental en Grup.<\/td>\n<\/tr>\n<\/tbody>\n<\/table>\n<p>La documentaci\u00f3 que cal presentar \u00e9s la seg\u00fcent:<\/p>\n<ul>\n<li><a href=\"https:\/\/drive.google.com\/file\/d\/10oVuhFJkG6L240UDBSDOT5JjJX4OzENp\/view?usp=sharing\" target=\"_blank\" rel=\"noopener\">Sol\u00b7licitud alumnat ESO<\/a><\/li>\n<li><a href=\"https:\/\/drive.google.com\/file\/d\/1qlIIfhEF5Z6Z4pl9W41u5Lk5lo2x5Omb\/view?usp=sharing\" target=\"_blank\" rel=\"noopener\">Sol\u00b7licitud alumnat Batxillerat (Conservatori)<\/a><\/li>\n<li><a href=\"https:\/\/drive.google.com\/file\/d\/1hR77uDuD2U1fmCCcLkUoGvpPaKG6DcJE\/view?usp=sharing\" target=\"_blank\" rel=\"noopener\">Sol\u00b7licitud alumnat Batxillerat (Escola autoritzada)<\/a><\/li>\n<li>Certificaci\u00f3 del centre on s\u2019imparteixen els estudis de m\u00fasica.<\/li>\n<\/ul>\n<h4><span style=\"color: #000000;\"><strong>DANSA<\/strong><\/span><\/h4>\n<p>Quadre resum:<\/p>\n<table style=\"width: 73.8217%; border-color: #000000; border-style: solid;\" width=\"851\">\n<tbody>\n<tr>\n<td style=\"border-style: solid; border-color: #000000; width: 98.2456%; background-color: #d9d7d7;\" colspan=\"3\" width=\"851\">\n<p style=\"text-align: center;\"><strong>ESO \/ Dansa<\/strong><\/p>\n<\/td>\n<\/tr>\n<tr>\n<td style=\"border-style: solid; border-color: #000000; width: 45.3162%;\" rowspan=\"2\" width=\"390\"><strong>Conservatori o centre professional<\/strong><\/td>\n<td style=\"border-style: solid; border-color: #000000; width: 52.9294%;\" colspan=\"2\" width=\"461\">\n<p style=\"text-align: center;\"><strong>Escola autoritzada<\/strong><\/p>\n<\/td>\n<\/tr>\n<tr>\n<td style=\"border-style: solid; border-color: #000000; width: 23.872%;\" width=\"153\"><strong>Situaci\u00f3 1<\/strong><\/p>\n<p>Si es cursen entre 5 i 7 hores setmanals<\/td>\n<td style=\"border-style: solid; border-color: #000000; width: 29.0574%;\" width=\"308\"><strong>Situaci\u00f3 2<\/strong><\/p>\n<p>Si es cursen 7 hores setmanals o m\u00e9s<\/td>\n<\/tr>\n<tr>\n<td style=\"border-style: solid; border-color: #000000; width: 45.3162%;\" width=\"390\"><strong>Convalidaci\u00f3 m\u00e0xima<\/strong><\/td>\n<td style=\"border-style: solid; border-color: #000000; width: 52.9294%;\" colspan=\"2\" width=\"461\"><strong>Reconeixement m\u00e0xim<\/strong><\/td>\n<\/tr>\n<tr>\n<td style=\"border-style: solid; border-color: #000000; width: 45.3162%;\" width=\"390\">\u25cf\u00a0\u00a0 Educaci\u00f3 F\u00edsica<\/p>\n<p>\u25cf\u00a0\u00a0 M\u00fasica (mat\u00e8ria comuna de 1r a 3r) Les mat\u00e8ries optatives de 1r a 3r (2 hores setmanals per curs)<\/p>\n<p>\u25cf\u00a0\u00a0 Una mat\u00e8ria optativa espec\u00edfica de 4t (3 hores setmanals)<\/td>\n<td style=\"border-style: solid; border-color: #000000; width: 23.872%;\" width=\"153\">Educaci\u00f3 F\u00edsica<\/td>\n<td style=\"border-style: solid; border-color: #000000; width: 29.0574%;\" width=\"308\">\u25cf Educaci\u00f3 F\u00edsica<\/p>\n<p>\u25cf Les mat\u00e8ries optatives de 1r a 3r (2 hores setmanals per curs)<\/p>\n<p>\u25cf Una mat\u00e8ria optativa espec\u00edfica de 4t (3 hores setmanals)<\/td>\n<\/tr>\n<\/tbody>\n<\/table>\n<table style=\"border-style: solid; width: 851px; border-color: #000000;\" width=\"851\">\n<tbody>\n<tr>\n<td style=\"border-style: solid; border-color: #000000; background-color: #d9d7d7; width: 851px;\" colspan=\"3\" width=\"851\">\n<p style=\"text-align: center;\"><strong>Batxillerat\/ Dansa<\/strong><\/p>\n<\/td>\n<\/tr>\n<tr>\n<td style=\"border-style: solid; border-color: #000000;\" rowspan=\"2\" width=\"267\">&nbsp;<\/p>\n<p><strong>Conservatori o centre professional<\/strong><\/td>\n<td style=\"border-style: solid; border-color: #000000;\" colspan=\"2\" width=\"584\"><strong>Escola autoritzada<\/strong><\/td>\n<\/tr>\n<tr>\n<td style=\"border-style: solid; border-color: #000000;\" width=\"323\"><strong>Situaci\u00f3 1<\/strong><\/p>\n<p>Si es cursen 11 hores setmanals o m\u00e9s de dansa<\/td>\n<td style=\"border-style: solid; border-color: #000000;\" width=\"260\"><strong>Situaci\u00f3 2<\/strong><\/p>\n<p>Si es cursen entre 7 i 10 hores setmanals de dansa<\/td>\n<\/tr>\n<tr>\n<td style=\"border-style: solid; border-color: #000000;\" width=\"267\"><strong>Convalidaci\u00f3 m\u00e0xima<\/strong><\/td>\n<td style=\"border-style: solid; border-color: #000000;\" colspan=\"2\" width=\"584\"><strong>Reconeixement m\u00e0xim<\/strong><\/td>\n<\/tr>\n<tr>\n<td style=\"border-style: solid; border-color: #000000;\" width=\"267\">\u25cf Educaci\u00f3 F\u00edsica<\/p>\n<p>\u25cf A 1r: 6 hores setmanals de la franja d&#8217;optatives<\/p>\n<p>\u25cf A 2n: 4 hores setmanals de la franja d\u2019optatives<\/td>\n<td style=\"border-style: solid; border-color: #000000;\" width=\"323\">\u25cf\u00a0 Educaci\u00f3 F\u00edsica<\/p>\n<p>\u25cf\u00a0 A 1r: 6 hores setmanals de la franja d&#8217;optatives<\/p>\n<p>\u25cf\u00a0 A 2n: 4 hores setmanals de la franja d\u2019optatives<\/td>\n<td style=\"border-style: solid; border-color: #000000;\" width=\"260\">&nbsp;<\/p>\n<p>Educaci\u00f3 F\u00edsica<\/td>\n<\/tr>\n<tr>\n<td style=\"border-style: solid; border-color: #000000;\" width=\"267\"><\/td>\n<td style=\"border-style: solid; border-color: #000000;\" width=\"323\">Requisits:<\/p>\n<p>\u25cf Cursar estudis en una \u00a0escola de dansa autoritzada.<\/p>\n<p>\u25cf Haver superat la prova d&#8217;acc\u00e9s als ensenyaments de grau professional.<\/p>\n<p>\u25cf Cursar, com a m\u00ednim, Dansa Cl\u00e0ssica, T\u00e8cniques de Dansa Contempor\u00e0nia o de Dansa Espanyola i continguts de M\u00fasica.<\/td>\n<td style=\"border-style: solid; border-color: #000000;\" width=\"260\">Requisits:<\/p>\n<p>Cursar estudis en una escola de dansa autoritzada.<\/td>\n<\/tr>\n<\/tbody>\n<\/table>\n<p>La documentaci\u00f3 que cal presentar \u00e9s la seg\u00fcent:<\/p>\n<ul>\n<li><a href=\"https:\/\/drive.google.com\/file\/d\/1Ko_yykcFO1rWgl69QcSZ2XygJs9adnhn\/view?usp=sharing\" target=\"_blank\" rel=\"noopener\">Sol\u00b7licitud alumnat ESO<\/a><\/li>\n<li><a href=\"https:\/\/drive.google.com\/file\/d\/1-iRpJy5ulcf9TYg5y28yUKkAbSwXMmX-\/view?usp=sharing\" target=\"_blank\" rel=\"noopener\">Sol\u00b7licitud alumnat Batxillerat (Conservatori)<\/a><\/li>\n<li><a href=\"https:\/\/drive.google.com\/file\/d\/12GRgbDYM_as01XI7mPhseLuSWTo__mQh\/view?usp=sharing\" target=\"_blank\" rel=\"noopener\">Sol\u00b7licitud alumnat Batxillerat (Escola autoritzada)<\/a><\/li>\n<li>Certificaci\u00f3 del centre on s\u2019imparteixen els estudis de dansa.<\/li>\n<\/ul>\n<h4><span style=\"color: #000000;\"><strong>PR\u00c0CTICA INTENSIVA DE L\u2019ESPORT<\/strong><\/span><\/h4>\n<p>Els i les alumnes amb dedicaci\u00f3 significativa a l&#8217;esport, avalada pel Consell Catal\u00e0 de l&#8217;Esport i matriculats en centres que no pertanyen als centres educatius d&#8217;especial atenci\u00f3 a la pr\u00e0ctica esportiva, poden sol\u00b7licitar al director o directora del centre educatiu, que se&#8217;ls apliqui un PI que inclogui el reconeixement de la mat\u00e8ria d&#8217;Educaci\u00f3 F\u00edsica i de les mat\u00e8ries optatives\u00a0de batxillerat.<\/p>\n<p>La documentaci\u00f3 a presentar \u00e9s la seg\u00fcent:<\/p>\n<p>&#8211; <a href=\"https:\/\/drive.google.com\/file\/d\/137y66PPcqg0mjCfpLGzW1DkULx0zTeXj\/view?usp=sharing\" target=\"_blank\" rel=\"noopener\">Sol\u00b7licitud Alumnes ESO<\/a><\/p>\n<p>&#8211; <a href=\"https:\/\/drive.google.com\/file\/d\/1Jh2TQ64k5GvU3PrG4S5iSZnwY6qY8HZd\/view?usp=sharing\" target=\"_blank\" rel=\"noopener\">Sol\u00b7licitud Alumnes Batxillerat<\/a><\/p>\n<p>&#8211; Certificat del <a href=\"http:\/\/sac.gencat.cat\/sacgencat\/AppJava\/organisme_fitxa.jsp?codi=2570\">Consell Catal\u00e0 de l&#8217;Esport<\/a>. Els alumnes han d&#8217;obtenir aquest certificat quan figurin en el programa de tecnificaci\u00f3 (ARC) de la federaci\u00f3 catalana corresponent (<a href=\"https:\/\/web.gencat.cat\/ca\/tramits\/tramits-temes\/Sollicitud-del-certificat-desportista-dAlt-Rendiment-o-de-Tecnificacio\" target=\"_blank\" rel=\"noopener\">Sol\u00b7licitud certificat<\/a>).<\/p>\n","protected":false},"excerpt":{"rendered":"<p>L\u2019alumnat interessat a convalidar mat\u00e8ries d\u2019ESO o Batxillerat amb motiu de cursar estudis de m\u00fasica o dansa o la pr\u00e0ctica intensiva de l\u2019esport simult\u00e0niament, han de consultar els requisits demanats per a cada situaci\u00f3 i si \u00e9s el cas presentar la documentaci\u00f3 necess\u00e0ria a la secretaria del centre abans del 15 de novembre. Les mat\u00e8ries [&hellip;]<\/p>\n","protected":false},"author":1,"featured_media":0,"parent":0,"menu_order":0,"comment_status":"closed","ping_status":"closed","template":"","meta":{"_bbp_topic_count":0,"_bbp_reply_count":0,"_bbp_total_topic_count":0,"_bbp_total_reply_count":0,"_bbp_voice_count":0,"_bbp_anonymous_reply_count":0,"_bbp_topic_count_hidden":0,"_bbp_reply_count_hidden":0,"_bbp_forum_subforum_count":0,"site-sidebar-layout":"default","site-content-layout":"","ast-site-content-layout":"","site-content-style":"default","site-sidebar-style":"default","ast-global-header-display":"","ast-banner-title-visibility":"","ast-main-header-display":"","ast-hfb-above-header-display":"","ast-hfb-below-header-display":"","ast-hfb-mobile-header-display":"","site-post-title":"","ast-breadcrumbs-content":"","ast-featured-img":"","footer-sml-layout":"","theme-transparent-header-meta":"","adv-header-id-meta":"","stick-header-meta":"","header-above-stick-meta":"","header-main-stick-meta":"","header-below-stick-meta":"","astra-migrate-meta-layouts":"default","ast-page-background-enabled":"default","ast-page-background-meta":{"desktop":{"background-color":"var(--ast-global-color-4)","background-image":"","background-repeat":"repeat","background-position":"center center","background-size":"auto","background-attachment":"scroll","background-type":"","background-media":"","overlay-type":"","overlay-color":"","overlay-opacity":"","overlay-gradient":""},"tablet":{"background-color":"","background-image":"","background-repeat":"repeat","background-position":"center center","background-size":"auto","background-attachment":"scroll","background-type":"","background-media":"","overlay-type":"","overlay-color":"","overlay-opacity":"","overlay-gradient":""},"mobile":{"background-color":"","background-image":"","background-repeat":"repeat","background-position":"center center","background-size":"auto","background-attachment":"scroll","background-type":"","background-media":"","overlay-type":"","overlay-color":"","overlay-opacity":"","overlay-gradient":""}},"ast-content-background-meta":{"desktop":{"background-color":"var(--ast-global-color-5)","background-image":"","background-repeat":"repeat","background-position":"center center","background-size":"auto","background-attachment":"scroll","background-type":"","background-media":"","overlay-type":"","overlay-color":"","overlay-opacity":"","overlay-gradient":""},"tablet":{"background-color":"var(--ast-global-color-5)","background-image":"","background-repeat":"repeat","background-position":"center center","background-size":"auto","background-attachment":"scroll","background-type":"","background-media":"","overlay-type":"","overlay-color":"","overlay-opacity":"","overlay-gradient":""},"mobile":{"background-color":"var(--ast-global-color-5)","background-image":"","background-repeat":"repeat","background-position":"center center","background-size":"auto","background-attachment":"scroll","background-type":"","background-media":"","overlay-type":"","overlay-color":"","overlay-opacity":"","overlay-gradient":""}},"footnotes":""},"class_list":["post-6614","page","type-page","status-publish","hentry"],"post_mailing_queue_ids":[],"_links":{"self":[{"href":"https:\/\/agora.xtec.cat\/ieselcastell\/wp-json\/wp\/v2\/pages\/6614","targetHints":{"allow":["GET"]}}],"collection":[{"href":"https:\/\/agora.xtec.cat\/ieselcastell\/wp-json\/wp\/v2\/pages"}],"about":[{"href":"https:\/\/agora.xtec.cat\/ieselcastell\/wp-json\/wp\/v2\/types\/page"}],"author":[{"embeddable":true,"href":"https:\/\/agora.xtec.cat\/ieselcastell\/wp-json\/wp\/v2\/users\/1"}],"replies":[{"embeddable":true,"href":"https:\/\/agora.xtec.cat\/ieselcastell\/wp-json\/wp\/v2\/comments?post=6614"}],"version-history":[{"count":6,"href":"https:\/\/agora.xtec.cat\/ieselcastell\/wp-json\/wp\/v2\/pages\/6614\/revisions"}],"predecessor-version":[{"id":7404,"href":"https:\/\/agora.xtec.cat\/ieselcastell\/wp-json\/wp\/v2\/pages\/6614\/revisions\/7404"}],"wp:attachment":[{"href":"https:\/\/agora.xtec.cat\/ieselcastell\/wp-json\/wp\/v2\/media?parent=6614"}],"curies":[{"name":"wp","href":"https:\/\/api.w.org\/{rel}","templated":true}]}}