{"id":458,"date":"2016-02-23T11:53:59","date_gmt":"2016-02-23T10:53:59","guid":{"rendered":"http:\/\/agora.xtec.cat\/ieselcastell\/?page_id=458"},"modified":"2016-02-23T12:11:10","modified_gmt":"2016-02-23T11:11:10","slug":"prova-cangur","status":"publish","type":"page","link":"https:\/\/agora.xtec.cat\/ieselcastell\/prova-cangur\/","title":{"rendered":"Prova cangur"},"content":{"rendered":"<p>\r\n\t<div class=\"slideshow_container slideshow_container_style-light\" style=\"height: 200px; \" data-slideshow-id=\"202\" data-style-name=\"style-light\" data-style-version=\"2.3.1\" >\r\n\r\n\t\t\t\t\t<div class=\"slideshow_loading_icon\"><\/div>\r\n\t\t\r\n\t\t<div class=\"slideshow_content\" style=\"display: none;\">\r\n\r\n\t\t\t<div class=\"slideshow_view\">\r\n\t\t\t\t<div class=\"slideshow_slide slideshow_slide_image\">\r\n\t\t\t\t\t\t\t\t\t\t\t<img src=\"https:\/\/agora.xtec.cat\/ieselcastell\/wp-content\/uploads\/usu221\/2016\/02\/19.jpg\" alt=\"19\" width=\"1600\" height=\"1200\" \/>\r\n\t\t\t\t\t\t\t\t\t\t<div class=\"slideshow_description_box slideshow_transparent\">\r\n\t\t\t\t\t\t\t\t\t\t\t\t\t\t\t\t\t<\/div>\r\n\t\t\t\t<\/div>\r\n\r\n\t\t\t\t\t\t\r\n\t\t\t\t<div class=\"slideshow_slide slideshow_slide_image\">\r\n\t\t\t\t\t\t\t\t\t\t\t<img src=\"https:\/\/agora.xtec.cat\/ieselcastell\/wp-content\/uploads\/usu221\/2016\/02\/8.jpg\" alt=\"8\" width=\"1600\" height=\"1200\" \/>\r\n\t\t\t\t\t\t\t\t\t\t<div class=\"slideshow_description_box slideshow_transparent\">\r\n\t\t\t\t\t\t\t\t\t\t\t\t\t\t\t\t\t<\/div>\r\n\t\t\t\t<\/div>\r\n\r\n\t\t\t\t\t\t<div style=\"clear: both;\"><\/div><\/div><div class=\"slideshow_view\">\r\n\t\t\t\t<div class=\"slideshow_slide slideshow_slide_image\">\r\n\t\t\t\t\t\t\t\t\t\t\t<img src=\"https:\/\/agora.xtec.cat\/ieselcastell\/wp-content\/uploads\/usu221\/2016\/02\/7.jpg\" alt=\"7\" width=\"1600\" height=\"1200\" \/>\r\n\t\t\t\t\t\t\t\t\t\t<div class=\"slideshow_description_box slideshow_transparent\">\r\n\t\t\t\t\t\t\t\t\t\t\t\t\t\t\t\t\t<\/div>\r\n\t\t\t\t<\/div>\r\n\r\n\t\t\t\t\t\t\r\n\t\t\t\t<div class=\"slideshow_slide slideshow_slide_image\">\r\n\t\t\t\t\t\t\t\t\t\t\t<img src=\"https:\/\/agora.xtec.cat\/ieselcastell\/wp-content\/uploads\/usu221\/2016\/02\/6.jpg\" alt=\"6\" width=\"1600\" height=\"1200\" \/>\r\n\t\t\t\t\t\t\t\t\t\t<div class=\"slideshow_description_box slideshow_transparent\">\r\n\t\t\t\t\t\t\t\t\t\t\t\t\t\t\t\t\t<\/div>\r\n\t\t\t\t<\/div>\r\n\r\n\t\t\t\t\t\t<div style=\"clear: both;\"><\/div><\/div><div class=\"slideshow_view\">\r\n\t\t\t\t<div class=\"slideshow_slide slideshow_slide_image\">\r\n\t\t\t\t\t\t\t\t\t\t\t<img src=\"https:\/\/agora.xtec.cat\/ieselcastell\/wp-content\/uploads\/usu221\/2016\/02\/5.jpg\" alt=\"5\" width=\"1600\" height=\"1200\" \/>\r\n\t\t\t\t\t\t\t\t\t\t<div class=\"slideshow_description_box slideshow_transparent\">\r\n\t\t\t\t\t\t\t\t\t\t\t\t\t\t\t\t\t<\/div>\r\n\t\t\t\t<\/div>\r\n\r\n\t\t\t\t\t\t\r\n\t\t\t\t<div class=\"slideshow_slide slideshow_slide_image\">\r\n\t\t\t\t\t\t\t\t\t\t\t<img src=\"https:\/\/agora.xtec.cat\/ieselcastell\/wp-content\/uploads\/usu221\/2016\/02\/4.jpg\" alt=\"4\" width=\"1600\" height=\"1200\" \/>\r\n\t\t\t\t\t\t\t\t\t\t<div class=\"slideshow_description_box slideshow_transparent\">\r\n\t\t\t\t\t\t\t\t\t\t\t\t\t\t\t\t\t<\/div>\r\n\t\t\t\t<\/div>\r\n\r\n\t\t\t\t\t\t<div style=\"clear: both;\"><\/div><\/div><div class=\"slideshow_view\">\r\n\t\t\t\t<div class=\"slideshow_slide slideshow_slide_image\">\r\n\t\t\t\t\t\t\t\t\t\t\t<img src=\"https:\/\/agora.xtec.cat\/ieselcastell\/wp-content\/uploads\/usu221\/2016\/02\/3.jpg\" alt=\"3\" width=\"1600\" height=\"1200\" \/>\r\n\t\t\t\t\t\t\t\t\t\t<div class=\"slideshow_description_box slideshow_transparent\">\r\n\t\t\t\t\t\t\t\t\t\t\t\t\t\t\t\t\t<\/div>\r\n\t\t\t\t<\/div>\r\n\r\n\t\t\t\t\t\t\r\n\t\t\t\t<div class=\"slideshow_slide slideshow_slide_image\">\r\n\t\t\t\t\t\t\t\t\t\t\t<img src=\"https:\/\/agora.xtec.cat\/ieselcastell\/wp-content\/uploads\/usu221\/2016\/02\/2.jpg\" alt=\"2\" width=\"1600\" height=\"1200\" \/>\r\n\t\t\t\t\t\t\t\t\t\t<div class=\"slideshow_description_box slideshow_transparent\">\r\n\t\t\t\t\t\t\t\t\t\t\t\t\t\t\t\t\t<\/div>\r\n\t\t\t\t<\/div>\r\n\r\n\t\t\t\t\t\t<div style=\"clear: both;\"><\/div><\/div><div class=\"slideshow_view\">\r\n\t\t\t\t<div class=\"slideshow_slide slideshow_slide_image\">\r\n\t\t\t\t\t\t\t\t\t\t\t<img src=\"https:\/\/agora.xtec.cat\/ieselcastell\/wp-content\/uploads\/usu221\/2016\/02\/1.jpg\" alt=\"1\" width=\"1600\" height=\"1200\" \/>\r\n\t\t\t\t\t\t\t\t\t\t<div class=\"slideshow_description_box slideshow_transparent\">\r\n\t\t\t\t\t\t\t\t\t\t\t\t\t\t\t\t\t<\/div>\r\n\t\t\t\t<\/div>\r\n\r\n\t\t\t\t\t\t\r\n\t\t\t\t<div class=\"slideshow_slide slideshow_slide_image\">\r\n\t\t\t\t\t\t\t\t\t\t\t<img src=\"https:\/\/agora.xtec.cat\/ieselcastell\/wp-content\/uploads\/usu221\/2016\/02\/9.jpg\" alt=\"9\" width=\"1600\" height=\"1200\" \/>\r\n\t\t\t\t\t\t\t\t\t\t<div class=\"slideshow_description_box slideshow_transparent\">\r\n\t\t\t\t\t\t\t\t\t\t\t\t\t\t\t\t\t<\/div>\r\n\t\t\t\t<\/div>\r\n\r\n\t\t\t\t\t\t<div style=\"clear: both;\"><\/div><\/div>\r\n\t\t<\/div>\r\n\r\n\t\t<div class=\"slideshow_controlPanel slideshow_transparent\" style=\"display: none;\"><ul><li class=\"slideshow_togglePlay\" data-play-text=\"Visualitza\" data-pause-text=\"Pausa\"><\/li><\/ul><\/div>\r\n\r\n\t\t<div class=\"slideshow_button slideshow_previous slideshow_transparent\" role=\"button\" data-previous-text=\"Anterior\" style=\"display: none;\"><\/div>\r\n\t\t<div class=\"slideshow_button slideshow_next slideshow_transparent\" role=\"button\" data-next-text=\"Seg\u00fcent\" style=\"display: none;\"><\/div>\r\n\r\n\t\t<div class=\"slideshow_pagination\" style=\"display: none;\" data-go-to-text=\"V\u00e9s a la diapositiva\"><div class=\"slideshow_pagination_center\"><\/div><\/div>\r\n\r\n\t\t<!-- WordPress Slideshow Version 2.3.1 -->\r\n\r\n\t\t\t<\/div>\r\n\r\n<br \/>\n&nbsp;<\/p>\n<p><span style=\"color: #0000ff;\">CELEBRACI\u00d3 DE LA PROVA CONCURS CANGUR<\/span><br \/>\nEl dijous 20 de mar\u00e7 hem celebrat a l\u2019Institut la prova <strong>Cangur<\/strong>, convocada a Catalunya per la Societat Catalana de Matem\u00e0tiques. Aquest concurs t\u00e9 com a objectiu estimular i motivar l\u2019aprenentatge de les matem\u00e0tiques a trav\u00e9s dels problemes. Es tracta d\u2019una activitat de divulgaci\u00f3 que se celebra en diversos pa\u00efsos d\u2019Europa, \u00c0sia i Am\u00e8rica.<br \/>\nLa prova consta de 30 reptes matem\u00e0tics, de dificultat creixent i de resposta tancada, amb cinc opcions per a cada problema i els enunciats es preparen cada any en una reuni\u00f3 internacional de l\u2019associaci\u00f3 Kangorou Sans Fronti\u00e8res.<br \/>\nEstudiants de tercer i quart d\u2019ESO i de Batxillerat del nostre Institut han tingut una cita amb l\u2019\u00e0lgebra, el c\u00e0lcul i la geometria i, tamb\u00e9, una trobada de conviv\u00e8ncia amb l\u2019alumnat que ens ha visitat de l\u2019Escola Cooperativa El Puig.<br \/>\nMoltes felicitats a tot el grup participant!<br \/>\n<img loading=\"lazy\" decoding=\"async\" class=\"aligncenter\" src=\"http:\/\/4.bp.blogspot.com\/-dBLjgZ6t1S8\/UzE-mbmbxuI\/AAAAAAAAAbk\/buFu56Gzd60\/s1600\/DSC09182.JPG\" alt=\"\" width=\"320\" height=\"240\" border=\"0\" \/><br \/>\n<img loading=\"lazy\" decoding=\"async\" class=\"aligncenter\" src=\"http:\/\/1.bp.blogspot.com\/-9kytvK0PQSI\/UzE-mOZELDI\/AAAAAAAAAbo\/jC-lo0qzbt0\/s1600\/DSC09189.JPG\" alt=\"\" width=\"320\" height=\"240\" border=\"0\" \/><br \/>\n<img loading=\"lazy\" decoding=\"async\" class=\"aligncenter\" src=\"http:\/\/3.bp.blogspot.com\/-VZLYFVlbFBw\/UzE-mMGPuUI\/AAAAAAAAAbg\/xKkCa5K-SuY\/s1600\/DSC09192.JPG\" alt=\"\" width=\"320\" height=\"240\" border=\"0\" \/><br \/>\n<img loading=\"lazy\" decoding=\"async\" class=\"aligncenter\" src=\"http:\/\/4.bp.blogspot.com\/-oq71usGG5Ng\/UzE-nulRsaI\/AAAAAAAAAb4\/t0bQ6PA5z_U\/s1600\/DSC09193.JPG\" alt=\"\" width=\"320\" height=\"240\" border=\"0\" \/><br \/>\n<img loading=\"lazy\" decoding=\"async\" class=\"aligncenter\" src=\"http:\/\/2.bp.blogspot.com\/-_pEakE922Vo\/UzE-nvXxIVI\/AAAAAAAAAb8\/XRPyJH6AaSU\/s1600\/DSC09196.JPG\" alt=\"\" width=\"320\" height=\"240\" border=\"0\" \/><br \/>\n<img loading=\"lazy\" decoding=\"async\" class=\"aligncenter\" src=\"http:\/\/2.bp.blogspot.com\/-N4s0_VK0HSM\/UzE-3BfIBqI\/AAAAAAAAAcQ\/YfiqeFdwOQg\/s1600\/DSC09204.JPG\" alt=\"\" width=\"320\" height=\"240\" border=\"0\" \/><br \/>\n<img loading=\"lazy\" decoding=\"async\" class=\"aligncenter\" src=\"http:\/\/2.bp.blogspot.com\/-fqGizoQTltg\/UzE-3GApSLI\/AAAAAAAAAcI\/_L49fAPQTao\/s1600\/DSC09207.JPG\" alt=\"\" width=\"320\" height=\"240\" border=\"0\" \/><br \/>\n<img loading=\"lazy\" decoding=\"async\" class=\"aligncenter\" src=\"http:\/\/4.bp.blogspot.com\/-x3YMX6P1F8w\/UzE-4MzU46I\/AAAAAAAAAcY\/DELuBdAhBdc\/s1600\/DSC09221.JPG\" alt=\"\" width=\"320\" height=\"240\" border=\"0\" \/><br \/>\n<img loading=\"lazy\" decoding=\"async\" class=\"aligncenter\" src=\"http:\/\/4.bp.blogspot.com\/-55119s-L_eQ\/UzE-4qqUiAI\/AAAAAAAAAco\/YYzn6Ymsdg8\/s1600\/DSC09223.JPG\" alt=\"\" width=\"320\" height=\"240\" border=\"0\" \/><br \/>\n<img loading=\"lazy\" decoding=\"async\" class=\"aligncenter\" src=\"http:\/\/4.bp.blogspot.com\/-JKhyhVm0DUw\/UzE-4wGVrsI\/AAAAAAAAAck\/VACqtT3S3lw\/s1600\/DSC09229.JPG\" alt=\"\" width=\"320\" height=\"240\" border=\"0\" \/><br \/>\n<img loading=\"lazy\" decoding=\"async\" class=\"aligncenter\" src=\"http:\/\/2.bp.blogspot.com\/-GPsF6UEU7f8\/UzE-5KFbF_I\/AAAAAAAAAc4\/fRdCdVBVSII\/s1600\/DSC09232.JPG\" alt=\"\" width=\"320\" height=\"240\" border=\"0\" \/><br \/>\n<img loading=\"lazy\" decoding=\"async\" class=\"aligncenter\" src=\"http:\/\/4.bp.blogspot.com\/-1eQabCRpH2k\/UzE-5zQTKzI\/AAAAAAAAAc8\/GiaUBFjY94A\/s1600\/DSC09234.JPG\" alt=\"\" width=\"320\" height=\"240\" border=\"0\" \/><br \/>\n<img loading=\"lazy\" decoding=\"async\" class=\"aligncenter\" src=\"http:\/\/2.bp.blogspot.com\/-uroc2R7fE9o\/UzE-6E6DkkI\/AAAAAAAAAdA\/3QLNNdPmiog\/s1600\/DSC09239.JPG\" alt=\"\" width=\"320\" height=\"240\" border=\"0\" \/><br \/>\n<img loading=\"lazy\" decoding=\"async\" class=\"aligncenter\" src=\"http:\/\/2.bp.blogspot.com\/-gBi3_7nNVhU\/UzE-7NllfdI\/AAAAAAAAAdE\/7sMKgSbiRwk\/s1600\/DSC09242.JPG\" alt=\"\" width=\"320\" height=\"240\" border=\"0\" \/><br \/>\n<img loading=\"lazy\" decoding=\"async\" class=\"aligncenter\" src=\"http:\/\/2.bp.blogspot.com\/-0dqRvRUcxUE\/UzE-7qtRK1I\/AAAAAAAAAdM\/1IIYVCzuets\/s1600\/DSC09245.JPG\" alt=\"\" width=\"320\" height=\"240\" border=\"0\" \/><br \/>\n<img loading=\"lazy\" decoding=\"async\" class=\"aligncenter\" src=\"http:\/\/3.bp.blogspot.com\/-TZgko_LATv8\/UzE--gbZkRI\/AAAAAAAAAdk\/B5CLBFlPP0s\/s1600\/DSC09246.JPG\" alt=\"\" width=\"320\" height=\"240\" border=\"0\" \/><br \/>\n<img loading=\"lazy\" decoding=\"async\" class=\"aligncenter\" src=\"http:\/\/1.bp.blogspot.com\/-Hk9a8uKQKmI\/UzE-_fpWYBI\/AAAAAAAAAdw\/ff92OXrjmKo\/s1600\/DSC09251.JPG\" alt=\"\" width=\"320\" height=\"240\" border=\"0\" \/><br \/>\n<img loading=\"lazy\" decoding=\"async\" class=\"aligncenter\" src=\"http:\/\/3.bp.blogspot.com\/-0GXrTMa4v9A\/UzE-9VKIl6I\/AAAAAAAAAdg\/6S0S2wKlrnM\/s1600\/DSC09253.JPG\" alt=\"\" width=\"320\" height=\"240\" border=\"0\" \/><br \/>\n<img loading=\"lazy\" decoding=\"async\" class=\"aligncenter\" src=\"http:\/\/3.bp.blogspot.com\/-uTvgDPgY2rw\/UzE-_Ukt31I\/AAAAAAAAAds\/xvsKXYqKWIo\/s1600\/DSC09257.JPG\" alt=\"\" width=\"320\" height=\"240\" border=\"0\" \/><br \/>\n<img loading=\"lazy\" decoding=\"async\" class=\"aligncenter\" src=\"http:\/\/1.bp.blogspot.com\/-9nnnYl-CdEQ\/UzE_AI9TjcI\/AAAAAAAAAd8\/Yp_UpYwrkTI\/s1600\/DSC09261.JPG\" alt=\"\" width=\"320\" height=\"240\" border=\"0\" \/><br \/>\n<img loading=\"lazy\" decoding=\"async\" class=\"aligncenter\" src=\"http:\/\/3.bp.blogspot.com\/-zyfd81sJxxA\/UzE_AcUaJFI\/AAAAAAAAAeI\/ZWbGWLTgUuU\/s1600\/DSC09263.JPG\" alt=\"\" width=\"320\" height=\"240\" border=\"0\" \/><br \/>\n<img loading=\"lazy\" decoding=\"async\" class=\"aligncenter\" src=\"http:\/\/1.bp.blogspot.com\/-JlwyFXAXX_4\/UzE_AspUktI\/AAAAAAAAAeE\/_Ljp1FVKEAc\/s1600\/DSC09270.JPG\" alt=\"\" width=\"320\" height=\"240\" border=\"0\" \/><\/p>\n","protected":false},"excerpt":{"rendered":"<p>&nbsp; CELEBRACI\u00d3 DE LA PROVA CONCURS CANGUR El dijous 20 de mar\u00e7 hem celebrat a l\u2019Institut la prova Cangur, convocada a Catalunya per la Societat Catalana de Matem\u00e0tiques. Aquest concurs t\u00e9 com a objectiu estimular i motivar l\u2019aprenentatge de les matem\u00e0tiques a trav\u00e9s dels problemes. Es tracta d\u2019una activitat de divulgaci\u00f3 que se celebra en [&hellip;]<\/p>\n","protected":false},"author":1,"featured_media":0,"parent":0,"menu_order":0,"comment_status":"closed","ping_status":"closed","template":"","meta":{"_bbp_topic_count":0,"_bbp_reply_count":0,"_bbp_total_topic_count":0,"_bbp_total_reply_count":0,"_bbp_voice_count":0,"_bbp_anonymous_reply_count":0,"_bbp_topic_count_hidden":0,"_bbp_reply_count_hidden":0,"_bbp_forum_subforum_count":0,"site-sidebar-layout":"default","site-content-layout":"","ast-site-content-layout":"","site-content-style":"default","site-sidebar-style":"default","ast-global-header-display":"","ast-banner-title-visibility":"","ast-main-header-display":"","ast-hfb-above-header-display":"","ast-hfb-below-header-display":"","ast-hfb-mobile-header-display":"","site-post-title":"","ast-breadcrumbs-content":"","ast-featured-img":"","footer-sml-layout":"","theme-transparent-header-meta":"","adv-header-id-meta":"","stick-header-meta":"","header-above-stick-meta":"","header-main-stick-meta":"","header-below-stick-meta":"","astra-migrate-meta-layouts":"default","ast-page-background-enabled":"default","ast-page-background-meta":{"desktop":{"background-color":"var(--ast-global-color-4)","background-image":"","background-repeat":"repeat","background-position":"center center","background-size":"auto","background-attachment":"scroll","background-type":"","background-media":"","overlay-type":"","overlay-color":"","overlay-opacity":"","overlay-gradient":""},"tablet":{"background-color":"","background-image":"","background-repeat":"repeat","background-position":"center center","background-size":"auto","background-attachment":"scroll","background-type":"","background-media":"","overlay-type":"","overlay-color":"","overlay-opacity":"","overlay-gradient":""},"mobile":{"background-color":"","background-image":"","background-repeat":"repeat","background-position":"center center","background-size":"auto","background-attachment":"scroll","background-type":"","background-media":"","overlay-type":"","overlay-color":"","overlay-opacity":"","overlay-gradient":""}},"ast-content-background-meta":{"desktop":{"background-color":"var(--ast-global-color-5)","background-image":"","background-repeat":"repeat","background-position":"center center","background-size":"auto","background-attachment":"scroll","background-type":"","background-media":"","overlay-type":"","overlay-color":"","overlay-opacity":"","overlay-gradient":""},"tablet":{"background-color":"var(--ast-global-color-5)","background-image":"","background-repeat":"repeat","background-position":"center center","background-size":"auto","background-attachment":"scroll","background-type":"","background-media":"","overlay-type":"","overlay-color":"","overlay-opacity":"","overlay-gradient":""},"mobile":{"background-color":"var(--ast-global-color-5)","background-image":"","background-repeat":"repeat","background-position":"center center","background-size":"auto","background-attachment":"scroll","background-type":"","background-media":"","overlay-type":"","overlay-color":"","overlay-opacity":"","overlay-gradient":""}},"footnotes":""},"class_list":["post-458","page","type-page","status-publish","hentry"],"post_mailing_queue_ids":[],"_links":{"self":[{"href":"https:\/\/agora.xtec.cat\/ieselcastell\/wp-json\/wp\/v2\/pages\/458","targetHints":{"allow":["GET"]}}],"collection":[{"href":"https:\/\/agora.xtec.cat\/ieselcastell\/wp-json\/wp\/v2\/pages"}],"about":[{"href":"https:\/\/agora.xtec.cat\/ieselcastell\/wp-json\/wp\/v2\/types\/page"}],"author":[{"embeddable":true,"href":"https:\/\/agora.xtec.cat\/ieselcastell\/wp-json\/wp\/v2\/users\/1"}],"replies":[{"embeddable":true,"href":"https:\/\/agora.xtec.cat\/ieselcastell\/wp-json\/wp\/v2\/comments?post=458"}],"version-history":[{"count":4,"href":"https:\/\/agora.xtec.cat\/ieselcastell\/wp-json\/wp\/v2\/pages\/458\/revisions"}],"predecessor-version":[{"id":1362,"href":"https:\/\/agora.xtec.cat\/ieselcastell\/wp-json\/wp\/v2\/pages\/458\/revisions\/1362"}],"wp:attachment":[{"href":"https:\/\/agora.xtec.cat\/ieselcastell\/wp-json\/wp\/v2\/media?parent=458"}],"curies":[{"name":"wp","href":"https:\/\/api.w.org\/{rel}","templated":true}]}}