{"id":8138,"date":"2022-12-01T11:11:22","date_gmt":"2022-12-01T10:11:22","guid":{"rendered":"https:\/\/agora.xtec.cat\/iesehtb\/?page_id=8138"},"modified":"2023-02-10T09:36:18","modified_gmt":"2023-02-10T08:36:18","slug":"aplicacions","status":"publish","type":"page","link":"https:\/\/agora.xtec.cat\/iesehtb\/linstitut\/estrategia-digital-de-centre\/cultura-digital\/aplicacions\/","title":{"rendered":"Aplicacions"},"content":{"rendered":"<table style=\"width: 88.1191%;\">\n<tbody>\n<tr>\n<td style=\"width: 184.33%; background-color: #800040;\" colspan=\"2\" width=\"576\">\n<h3><strong><span style=\"color: #ffffff;\">DICCIONARIS<\/span><\/strong><\/h3>\n<\/td>\n<\/tr>\n<tr>\n<td style=\"width: 49.3955%;\" width=\"288\"><u>\u00a0<\/u><\/p>\n<p><u><a href=\"http:\/\/www.google.com\/url?q=http%3A%2F%2Fwww.wordreference.com%2Fes%2F&amp;sa=D&amp;sntz=1&amp;usg=AOvVaw2-V2MzZWlmuwPBp8RzJtvj\">Word reference:<\/a><\/u> diccionari angl\u00e8s-castell\u00e0<\/p>\n<p>&nbsp;<\/p>\n<p>&nbsp;<\/p>\n<p>&nbsp;<\/p>\n<p>&nbsp;<\/p>\n<p>&nbsp;<\/p>\n<p>&nbsp;<\/td>\n<td style=\"width: 134.934%;\" width=\"288\"><a href=\"https:\/\/agora.xtec.cat\/iesehtb\/wp-content\/uploads\/usu88\/2023\/02\/word.png\"><img loading=\"lazy\" decoding=\"async\" class=\"alignright size-full wp-image-8382\" src=\"https:\/\/agora.xtec.cat\/iesehtb\/wp-content\/uploads\/usu88\/2023\/02\/word.png\" alt=\"\" width=\"655\" height=\"329\" srcset=\"https:\/\/agora.xtec.cat\/iesehtb\/wp-content\/uploads\/usu88\/2023\/02\/word.png 655w, https:\/\/agora.xtec.cat\/iesehtb\/wp-content\/uploads\/usu88\/2023\/02\/word-300x151.png 300w\" sizes=\"auto, (max-width: 655px) 100vw, 655px\" \/><\/a><\/td>\n<\/tr>\n<tr>\n<td style=\"width: 49.3955%;\" width=\"288\"><u>\u00a0<\/u><\/p>\n<p><u><a href=\"http:\/\/www.google.com\/url?q=http%3A%2F%2Fworditout.com%2Fword-cloud%2Fmake-a-new-one&amp;sa=D&amp;sntz=1&amp;usg=AOvVaw3XLuVMMR6MSncv1d11Mu4M\">Word it out<\/a><\/u>: permet crear n\u00favols de paraules a partir d&#8217;un text. Com m\u00e9s vegades es repetixi una paraula, m\u00e9s gran apareix en el n\u00favol.<\/p>\n<p>&nbsp;<\/p>\n<p>&nbsp;<\/p>\n<p>&nbsp;<\/p>\n<p>&nbsp;<\/td>\n<td style=\"width: 134.934%;\" width=\"288\"><a href=\"https:\/\/agora.xtec.cat\/iesehtb\/wp-content\/uploads\/usu88\/2023\/02\/word-it.png\"><img loading=\"lazy\" decoding=\"async\" class=\"alignright size-full wp-image-8383\" src=\"https:\/\/agora.xtec.cat\/iesehtb\/wp-content\/uploads\/usu88\/2023\/02\/word-it.png\" alt=\"\" width=\"945\" height=\"554\" srcset=\"https:\/\/agora.xtec.cat\/iesehtb\/wp-content\/uploads\/usu88\/2023\/02\/word-it.png 945w, https:\/\/agora.xtec.cat\/iesehtb\/wp-content\/uploads\/usu88\/2023\/02\/word-it-300x176.png 300w, https:\/\/agora.xtec.cat\/iesehtb\/wp-content\/uploads\/usu88\/2023\/02\/word-it-768x450.png 768w\" sizes=\"auto, (max-width: 945px) 100vw, 945px\" \/><\/a><\/td>\n<\/tr>\n<tr>\n<td style=\"width: 184.33%; background-color: #800040;\" colspan=\"2\" width=\"576\">\n<h3><strong><span style=\"color: #ffffff;\">PDF<\/span><\/strong><\/h3>\n<\/td>\n<\/tr>\n<tr>\n<td style=\"width: 49.3955%;\" width=\"288\"><u>\u00a0<\/u><\/p>\n<p><u><a href=\"http:\/\/www.google.com\/url?q=http%3A%2F%2Fwww.ilovepdf.com%2Fca&amp;sa=D&amp;sntz=1&amp;usg=AOvVaw28fYYezFzrGa3FwDeAN_oQ\">I love PDF:<\/a><\/u> recurs online per realitzar operacions amb fitxer PDF. Girar, unir, separar, passar-ho a imatge i molt m\u00e9s.<\/p>\n<p>&nbsp;<\/p>\n<p>&nbsp;<\/p>\n<p>&nbsp;<\/p>\n<p>&nbsp;<\/td>\n<td style=\"width: 134.934%;\" width=\"288\"><a href=\"https:\/\/agora.xtec.cat\/iesehtb\/wp-content\/uploads\/usu88\/2023\/02\/i-love.png\"><img loading=\"lazy\" decoding=\"async\" class=\"wp-image-8384 aligncenter\" src=\"https:\/\/agora.xtec.cat\/iesehtb\/wp-content\/uploads\/usu88\/2023\/02\/i-love.png\" alt=\"\" width=\"357\" height=\"85\" \/><\/a><\/td>\n<\/tr>\n<tr>\n<td style=\"width: 184.33%; background-color: #800040;\" colspan=\"2\" width=\"576\">\n<h3><strong><span style=\"color: #ffffff;\">PRESENTACIONS<\/span><\/strong><\/h3>\n<\/td>\n<\/tr>\n<tr>\n<td style=\"width: 49.3955%;\" width=\"288\"><u>\u00a0<\/u><\/p>\n<p><u><a href=\"https:\/\/docs.google.com\/presentation\/u\/0\/\">Presentacions de Google Drive<\/a><\/u>: \u00e9s l&#8217;equivalent del Power point de Google. Permet fet la t\u00edpic presentaci\u00f3 de diapositives. S&#8217;hi accedeix amb l&#8217;usuari de Google<\/td>\n<td style=\"width: 134.934%;\" width=\"288\"><a href=\"https:\/\/agora.xtec.cat\/iesehtb\/wp-content\/uploads\/usu88\/2023\/02\/presgoogle.png\"><img loading=\"lazy\" decoding=\"async\" class=\"aligncenter wp-image-8394\" src=\"https:\/\/agora.xtec.cat\/iesehtb\/wp-content\/uploads\/usu88\/2023\/02\/presgoogle.png\" alt=\"\" width=\"532\" height=\"306\" srcset=\"https:\/\/agora.xtec.cat\/iesehtb\/wp-content\/uploads\/usu88\/2023\/02\/presgoogle.png 400w, https:\/\/agora.xtec.cat\/iesehtb\/wp-content\/uploads\/usu88\/2023\/02\/presgoogle-300x173.png 300w\" sizes=\"auto, (max-width: 532px) 100vw, 532px\" \/><\/a><\/td>\n<\/tr>\n<tr>\n<td style=\"width: 49.3955%;\" width=\"288\"><u>\u00a0<\/u><\/p>\n<p><u><a href=\"https:\/\/www.google.com\/url?q=https%3A%2F%2Fprezi.com%2Fsignup%2Fedu%2Fenjoy%2F&amp;sa=D&amp;sntz=1&amp;usg=AOvVaw0OdfIXLePmPFQWhsJYg5-w\">Prezi<\/a><\/u>: similar a l&#8217;anterior, per\u00f2 amb transicions entre diapositives molt diferents i atractives visualment. T\u00e9 una versi\u00f3 per educaci\u00f3 gratu\u00efta. <strong>No<\/strong> s&#8217;hi pot accedir amb l&#8217;usuari de Google.<\/td>\n<td style=\"width: 134.934%;\" width=\"288\"><a href=\"https:\/\/agora.xtec.cat\/iesehtb\/wp-content\/uploads\/usu88\/2023\/02\/prezi.png\"><img loading=\"lazy\" decoding=\"async\" class=\"alignright size-full wp-image-8386\" src=\"https:\/\/agora.xtec.cat\/iesehtb\/wp-content\/uploads\/usu88\/2023\/02\/prezi.png\" alt=\"\" width=\"1253\" height=\"727\" srcset=\"https:\/\/agora.xtec.cat\/iesehtb\/wp-content\/uploads\/usu88\/2023\/02\/prezi.png 1253w, https:\/\/agora.xtec.cat\/iesehtb\/wp-content\/uploads\/usu88\/2023\/02\/prezi-300x174.png 300w, https:\/\/agora.xtec.cat\/iesehtb\/wp-content\/uploads\/usu88\/2023\/02\/prezi-1024x594.png 1024w, https:\/\/agora.xtec.cat\/iesehtb\/wp-content\/uploads\/usu88\/2023\/02\/prezi-768x446.png 768w\" sizes=\"auto, (max-width: 1253px) 100vw, 1253px\" \/><\/a><\/td>\n<\/tr>\n<tr>\n<td style=\"width: 49.3955%;\" width=\"288\"><u>\u00a0<\/u><\/p>\n<p><u><a href=\"https:\/\/www.google.com\/url?q=https%3A%2F%2Fwww.powtoon.com%2Fhome%2Fg%2Fes%2F&amp;sa=D&amp;sntz=1&amp;usg=AOvVaw0XbfC4HhZxloeZUhNLXK9S\">Powntoon<\/a><\/u>: a m\u00e9s de presentacions per fer animacions. De forma senzilla permet afegir elements i decidir en quin moment apareixen i desapareixen. S&#8217;hi pot accedir amb de Google.<\/p>\n<p>&nbsp;<\/p>\n<p>&nbsp;<\/p>\n<p><u>\u00a0<\/u><\/td>\n<td style=\"width: 134.934%;\" width=\"288\"><a href=\"https:\/\/agora.xtec.cat\/iesehtb\/wp-content\/uploads\/usu88\/2023\/02\/pow.png\"><img loading=\"lazy\" decoding=\"async\" class=\"alignright size-full wp-image-8387\" src=\"https:\/\/agora.xtec.cat\/iesehtb\/wp-content\/uploads\/usu88\/2023\/02\/pow.png\" alt=\"\" width=\"1280\" height=\"678\" srcset=\"https:\/\/agora.xtec.cat\/iesehtb\/wp-content\/uploads\/usu88\/2023\/02\/pow.png 1280w, https:\/\/agora.xtec.cat\/iesehtb\/wp-content\/uploads\/usu88\/2023\/02\/pow-300x159.png 300w, https:\/\/agora.xtec.cat\/iesehtb\/wp-content\/uploads\/usu88\/2023\/02\/pow-1024x542.png 1024w, https:\/\/agora.xtec.cat\/iesehtb\/wp-content\/uploads\/usu88\/2023\/02\/pow-768x407.png 768w\" sizes=\"auto, (max-width: 1280px) 100vw, 1280px\" \/><\/a><\/td>\n<\/tr>\n<tr>\n<td style=\"width: 49.3955%;\" width=\"288\"><u>\u00a0<\/u><\/p>\n<p><u><a href=\"https:\/\/www.google.com\/url?q=https%3A%2F%2Fedit.genial.ly%2F&amp;sa=D&amp;sntz=1&amp;usg=AOvVaw1i8bh67xGHYGfWBq8UwDI8\">Genially<\/a><\/u>: permet fer presentacions interactives de forma individual, afegint efectes de moviment i d&#8217;interacci\u00f3. Es pot utilitzar amb l&#8217;usuari de Google.<\/p>\n<p>&nbsp;<\/p>\n<p>&nbsp;<\/p>\n<p>&nbsp;<\/p>\n<p><u>\u00a0<\/u><\/td>\n<td style=\"width: 134.934%;\" width=\"288\"><a href=\"https:\/\/agora.xtec.cat\/iesehtb\/wp-content\/uploads\/usu88\/2023\/02\/genially.png\"><img loading=\"lazy\" decoding=\"async\" class=\" wp-image-8388 aligncenter\" src=\"https:\/\/agora.xtec.cat\/iesehtb\/wp-content\/uploads\/usu88\/2023\/02\/genially.png\" alt=\"\" width=\"568\" height=\"212\" srcset=\"https:\/\/agora.xtec.cat\/iesehtb\/wp-content\/uploads\/usu88\/2023\/02\/genially.png 367w, https:\/\/agora.xtec.cat\/iesehtb\/wp-content\/uploads\/usu88\/2023\/02\/genially-300x112.png 300w\" sizes=\"auto, (max-width: 568px) 100vw, 568px\" \/><\/a><\/td>\n<\/tr>\n<tr>\n<td style=\"width: 184.33%; background-color: #800040;\" colspan=\"2\" width=\"576\">\n<h3><strong><span style=\"color: #ffffff;\">LUDIFICACI\u00d3<\/span><\/strong><\/h3>\n<\/td>\n<\/tr>\n<tr>\n<td style=\"width: 49.3955%;\" width=\"288\"><u>\u00a0<\/u><\/p>\n<p><u><a href=\"https:\/\/www.google.com\/url?q=https%3A%2F%2Fgetkahoot.com%2F&amp;sa=D&amp;sntz=1&amp;usg=AOvVaw1_mGOWLjDgxPuScSh8pTTI\">Kahoot:<\/a><\/u> permet crear un joc de preguntes tipus test on-line. Els alumnes van contestant en el seu ordinador les preguntes que es projecten i apareix un r\u00e0nquing despr\u00e9s de cada pregunta. <u><a href=\"https:\/\/www.youtube.com\/watch?v=ocylFXTrz4s\">Aqu\u00ed<\/a><\/u> podeu consultar-ne un tutorial.<\/p>\n<p>&nbsp;<\/p>\n<p><u>\u00a0<\/u><\/td>\n<td style=\"width: 134.934%;\" width=\"288\"><a href=\"https:\/\/agora.xtec.cat\/iesehtb\/wp-content\/uploads\/usu88\/2023\/02\/kahoot.png\"><img loading=\"lazy\" decoding=\"async\" class=\"size-full wp-image-8395 aligncenter\" src=\"https:\/\/agora.xtec.cat\/iesehtb\/wp-content\/uploads\/usu88\/2023\/02\/kahoot.png\" alt=\"\" width=\"435\" height=\"251\" srcset=\"https:\/\/agora.xtec.cat\/iesehtb\/wp-content\/uploads\/usu88\/2023\/02\/kahoot.png 435w, https:\/\/agora.xtec.cat\/iesehtb\/wp-content\/uploads\/usu88\/2023\/02\/kahoot-300x173.png 300w\" sizes=\"auto, (max-width: 435px) 100vw, 435px\" \/><\/a><\/td>\n<\/tr>\n<tr>\n<td style=\"width: 49.3955%;\" width=\"288\"><u><a href=\"https:\/\/www.google.com\/url?q=https%3A%2F%2Fwww.canva.com%2F&amp;sa=D&amp;sntz=1&amp;usg=AOvVaw11CGIoLHCqm5-8GAFqRorP\">Canva:<\/a><\/u> permet crear posters, invitacions, entrades&#8230; de forma col\u00b7laborativa. Est\u00e0 integrat amb l&#8217;usuari de Google. <u><a href=\"https:\/\/www.youtube.com\/watch?v=uTAk12ACnNE\">Aqu\u00ed<\/a><\/u> podeu consultar-ne un tutorial.<\/p>\n<p><strong>ATENCI\u00d3:<\/strong> la versi\u00f3 gratu\u00efta no permet ni descarregar ni imprimir el que es crea.<\/p>\n<p>&nbsp;<\/td>\n<td style=\"width: 134.934%;\" width=\"288\"><a href=\"https:\/\/agora.xtec.cat\/iesehtb\/wp-content\/uploads\/usu88\/2023\/02\/canva.png\"><img loading=\"lazy\" decoding=\"async\" class=\"aligncenter wp-image-8389\" src=\"https:\/\/agora.xtec.cat\/iesehtb\/wp-content\/uploads\/usu88\/2023\/02\/canva.png\" alt=\"\" width=\"460\" height=\"258\" \/><\/a><\/td>\n<\/tr>\n<tr>\n<td style=\"width: 49.3955%; background-color: #800040;\" width=\"288\">\n<h3><strong><span style=\"color: #ffffff;\">PROGRAMARI ESPECIFIC<\/span><\/strong><\/h3>\n<\/td>\n<td style=\"width: 134.934%; background-color: #800040;\" width=\"288\"><\/td>\n<\/tr>\n<tr>\n<td style=\"width: 49.3955%;\" width=\"288\"><u><a href=\"https:\/\/rp15-uat-ssd-oam.oracleindustry.com\/oam\/server\/obrareq.cgi?encquery%3DijTmSglnylPatDrok51KzLMX287j7tLQoMkVqBAWF%2BYQbb2TSWIXaPU1TXoYnB9nTFpqQ0skbhPzEzogznVrsnQmhqZqdg3zvgIsedS2geF46Zxxbi%2FPumd9ffwWyMxP%2BFoM3SEcFKorFt01PP%2FXoT7Sh0alK3Q33o9%2FPu15vuziY8ruboUJqZbfVGdTpeA7M%2B5hebxfjoCE8T7zyuYRyU9AkmdxhJqecP9Z58fzXvTZ4JFtpF3%2BZ0Xn6GIvAiyo5YTLxdf%2BYFT1bvtvhi2evOCx30VwymLItVs0ByIyQwzr1jM2L%2FmRVb9YfbK01yQYU1%2B1b6tt5AfFYsH5MOImHTpKeaNJ5rjtp04qU2%2FFldfYaQB8aflPen3pWG2C536S96aBGSQdEFeGjCkTRO1GFPpXtyDHM7Q6%2BHA%2F8ngN2V6uxqVKtm8J77hT67us5UgIoegGtYYT9q6HHv7%2Ba2dCgzaeY9d%2B3vBaQHCaCAnoKAA%3D%20agentid%3DOAM_RoyalPalm%20ver%3D1%20crmethod%3D2%26cksum%3D09b410e161d13c171b3ef34668d3a421fe71f488&amp;ECID-Context=1.005x5EZsrad9h%5E9Lze9DiW0004dS0000ry%3BkXjE\">Opera:<\/a><\/u> programa de gesti\u00f3 hotelera impartit al CFGS de Gesti\u00f3 d\u2019Allotjaments Tur\u00edstics.<\/td>\n<td style=\"width: 134.934%;\" width=\"288\"><a href=\"https:\/\/agora.xtec.cat\/iesehtb\/wp-content\/uploads\/usu88\/2023\/02\/opera.png\"><img loading=\"lazy\" decoding=\"async\" class=\"size-full wp-image-8390 aligncenter\" src=\"https:\/\/agora.xtec.cat\/iesehtb\/wp-content\/uploads\/usu88\/2023\/02\/opera.png\" alt=\"\" width=\"225\" height=\"225\" srcset=\"https:\/\/agora.xtec.cat\/iesehtb\/wp-content\/uploads\/usu88\/2023\/02\/opera.png 225w, https:\/\/agora.xtec.cat\/iesehtb\/wp-content\/uploads\/usu88\/2023\/02\/opera-150x150.png 150w\" sizes=\"auto, (max-width: 225px) 100vw, 225px\" \/><\/a><\/td>\n<\/tr>\n<tr>\n<td style=\"width: 49.3955%;\" width=\"288\"><u><a href=\"https:\/\/www.sellingplatformconnect.amadeus.com\/LoginService\/login.jsp?SITE=LOGINURL&amp;LANGUAGE=GB\">Amadeus:<\/a><\/u> sistema de distribuci\u00f3 global impartit al CFGS d\u2019Ag\u00e8ncies de Viatges i Gesti\u00f3 d\u2019Esdeveniments.<\/td>\n<td style=\"width: 134.934%;\" width=\"288\"><a href=\"https:\/\/agora.xtec.cat\/iesehtb\/wp-content\/uploads\/usu88\/2023\/02\/madeus.png\"><img loading=\"lazy\" decoding=\"async\" class=\"size-full wp-image-8391 aligncenter\" src=\"https:\/\/agora.xtec.cat\/iesehtb\/wp-content\/uploads\/usu88\/2023\/02\/madeus.png\" alt=\"\" width=\"225\" height=\"225\" srcset=\"https:\/\/agora.xtec.cat\/iesehtb\/wp-content\/uploads\/usu88\/2023\/02\/madeus.png 225w, https:\/\/agora.xtec.cat\/iesehtb\/wp-content\/uploads\/usu88\/2023\/02\/madeus-150x150.png 150w\" sizes=\"auto, (max-width: 225px) 100vw, 225px\" \/><\/a><\/td>\n<\/tr>\n<tr>\n<td style=\"width: 49.3955%;\" width=\"288\"><u>ICG:<\/u> programa de gesti\u00f3 d\u2019hoteleria.<\/td>\n<td style=\"width: 134.934%;\" width=\"288\"><a href=\"https:\/\/agora.xtec.cat\/iesehtb\/wp-content\/uploads\/usu88\/2023\/02\/ICG.jpg\"><img loading=\"lazy\" decoding=\"async\" class=\"size-full wp-image-8392 aligncenter\" src=\"https:\/\/agora.xtec.cat\/iesehtb\/wp-content\/uploads\/usu88\/2023\/02\/ICG.jpg\" alt=\"\" width=\"279\" height=\"263\" \/><\/a><\/td>\n<\/tr>\n<\/tbody>\n<\/table>\n","protected":false},"excerpt":{"rendered":"<p>DICCIONARIS \u00a0 Word reference: diccionari angl\u00e8s-castell\u00e0 &nbsp; &nbsp; &nbsp; &nbsp; &nbsp; &nbsp; \u00a0 Word it out: permet crear n\u00favols de paraules a partir d&#8217;un text. Com m\u00e9s vegades es repetixi una paraula, m\u00e9s gran apareix en el n\u00favol. &nbsp; &nbsp; &nbsp; &nbsp; PDF \u00a0 I love PDF: recurs online per realitzar operacions amb fitxer PDF. [&hellip;]<\/p>\n","protected":false},"author":1,"featured_media":0,"parent":8121,"menu_order":70,"comment_status":"closed","ping_status":"closed","template":"page-templates\/side-menu.php","meta":{"_bbp_topic_count":0,"_bbp_reply_count":0,"_bbp_total_topic_count":0,"_bbp_total_reply_count":0,"_bbp_voice_count":0,"_bbp_anonymous_reply_count":0,"_bbp_topic_count_hidden":0,"_bbp_reply_count_hidden":0,"_bbp_forum_subforum_count":0,"site-sidebar-layout":"default","site-content-layout":"","ast-site-content-layout":"","site-content-style":"default","site-sidebar-style":"default","ast-global-header-display":"","ast-banner-title-visibility":"","ast-main-header-display":"","ast-hfb-above-header-display":"","ast-hfb-below-header-display":"","ast-hfb-mobile-header-display":"","site-post-title":"","ast-breadcrumbs-content":"","ast-featured-img":"","footer-sml-layout":"","theme-transparent-header-meta":"","adv-header-id-meta":"","stick-header-meta":"","header-above-stick-meta":"","header-main-stick-meta":"","header-below-stick-meta":"","astra-migrate-meta-layouts":"default","ast-page-background-enabled":"default","ast-page-background-meta":{"desktop":{"background-color":"var(--ast-global-color-4)","background-image":"","background-repeat":"repeat","background-position":"center center","background-size":"auto","background-attachment":"scroll","background-type":"","background-media":"","overlay-type":"","overlay-color":"","overlay-opacity":"","overlay-gradient":""},"tablet":{"background-color":"","background-image":"","background-repeat":"repeat","background-position":"center center","background-size":"auto","background-attachment":"scroll","background-type":"","background-media":"","overlay-type":"","overlay-color":"","overlay-opacity":"","overlay-gradient":""},"mobile":{"background-color":"","background-image":"","background-repeat":"repeat","background-position":"center center","background-size":"auto","background-attachment":"scroll","background-type":"","background-media":"","overlay-type":"","overlay-color":"","overlay-opacity":"","overlay-gradient":""}},"ast-content-background-meta":{"desktop":{"background-color":"var(--ast-global-color-5)","background-image":"","background-repeat":"repeat","background-position":"center center","background-size":"auto","background-attachment":"scroll","background-type":"","background-media":"","overlay-type":"","overlay-color":"","overlay-opacity":"","overlay-gradient":""},"tablet":{"background-color":"var(--ast-global-color-5)","background-image":"","background-repeat":"repeat","background-position":"center center","background-size":"auto","background-attachment":"scroll","background-type":"","background-media":"","overlay-type":"","overlay-color":"","overlay-opacity":"","overlay-gradient":""},"mobile":{"background-color":"var(--ast-global-color-5)","background-image":"","background-repeat":"repeat","background-position":"center center","background-size":"auto","background-attachment":"scroll","background-type":"","background-media":"","overlay-type":"","overlay-color":"","overlay-opacity":"","overlay-gradient":""}},"footnotes":""},"class_list":["post-8138","page","type-page","status-publish","hentry"],"post_mailing_queue_ids":[],"_links":{"self":[{"href":"https:\/\/agora.xtec.cat\/iesehtb\/wp-json\/wp\/v2\/pages\/8138","targetHints":{"allow":["GET"]}}],"collection":[{"href":"https:\/\/agora.xtec.cat\/iesehtb\/wp-json\/wp\/v2\/pages"}],"about":[{"href":"https:\/\/agora.xtec.cat\/iesehtb\/wp-json\/wp\/v2\/types\/page"}],"author":[{"embeddable":true,"href":"https:\/\/agora.xtec.cat\/iesehtb\/wp-json\/wp\/v2\/users\/1"}],"replies":[{"embeddable":true,"href":"https:\/\/agora.xtec.cat\/iesehtb\/wp-json\/wp\/v2\/comments?post=8138"}],"version-history":[{"count":4,"href":"https:\/\/agora.xtec.cat\/iesehtb\/wp-json\/wp\/v2\/pages\/8138\/revisions"}],"predecessor-version":[{"id":8398,"href":"https:\/\/agora.xtec.cat\/iesehtb\/wp-json\/wp\/v2\/pages\/8138\/revisions\/8398"}],"up":[{"embeddable":true,"href":"https:\/\/agora.xtec.cat\/iesehtb\/wp-json\/wp\/v2\/pages\/8121"}],"wp:attachment":[{"href":"https:\/\/agora.xtec.cat\/iesehtb\/wp-json\/wp\/v2\/media?parent=8138"}],"curies":[{"name":"wp","href":"https:\/\/api.w.org\/{rel}","templated":true}]}}