{"id":8134,"date":"2022-12-01T11:08:14","date_gmt":"2022-12-01T10:08:14","guid":{"rendered":"https:\/\/agora.xtec.cat\/iesehtb\/?page_id=8134"},"modified":"2023-02-07T19:21:43","modified_gmt":"2023-02-07T18:21:43","slug":"competencia-professorat","status":"publish","type":"page","link":"https:\/\/agora.xtec.cat\/iesehtb\/linstitut\/estrategia-digital-de-centre\/cultura-digital\/competencia-professorat\/","title":{"rendered":"Compet\u00e8ncia professorat"},"content":{"rendered":"<div class=\"entry-content\">\n<table style=\"border-collapse: collapse; width: 100%;\">\n<tbody>\n<tr>\n<td style=\"width: 100%; background-color: #800040;\">\n<h3><span style=\"color: #ffffff;\"><strong>ACOLLIDA<\/strong><\/span><\/h3>\n<\/td>\n<\/tr>\n<\/tbody>\n<\/table>\n<p>El centre ha desenvolupant un pla d\u2019acollida del nou professorat pel que fa a temes digitals. En el seg\u00fcent document es pot consultar:<\/p>\n<ul>\n<li><a href=\"https:\/\/agora.xtec.cat\/iesehtb\/wp-content\/uploads\/usu88\/2023\/02\/Acollida-Digital-Professorat-Web.pdf\" target=\"_blank\" rel=\"noopener\">Acollida digital professorat nou<\/a><\/li>\n<\/ul>\n<div>\n<table style=\"border-collapse: collapse; width: 100%;\">\n<tbody>\n<tr>\n<td style=\"width: 100%; background-color: #800040;\">\n<h3><span style=\"color: #ffffff;\"><strong>FORMACI\u00d3<\/strong><\/span><\/h3>\n<\/td>\n<\/tr>\n<\/tbody>\n<\/table>\n<\/div>\n<p><img loading=\"lazy\" decoding=\"async\" class=\"alignright size-medium wp-image-9447\" src=\"https:\/\/projectes.xtec.cat\/edc-suport\/wp-content\/uploads\/usu2435\/2021\/12\/pindoles-300x227.png\" sizes=\"auto, (max-width: 300px) 100vw, 300px\" srcset=\"https:\/\/projectes.xtec.cat\/edc-suport\/wp-content\/uploads\/usu2435\/2021\/12\/pindoles-300x227.png 300w, https:\/\/projectes.xtec.cat\/edc-suport\/wp-content\/uploads\/usu2435\/2021\/12\/pindoles-200x150.png 200w, https:\/\/projectes.xtec.cat\/edc-suport\/wp-content\/uploads\/usu2435\/2021\/12\/pindoles.png 595w\" alt=\"\" width=\"300\" height=\"227\" \/><\/p>\n<p>Tal com indiquen les NOFC, la formaci\u00f3 en cultura digital \u00e9s un aspecte clau del centre. Aquesta formaci\u00f3 s\u2019articula, b\u00e0sicament, de tres maneres:<\/p>\n<ul>\n<li>Formaci\u00f3 dins el pla d\u2019acolliment del professorat.<\/li>\n<li>FiC: de manera peri\u00f2dica, la formaci\u00f3 interna del centre va incorporant aspectes de cultura digital. Els materials d\u2019aquesta formaci\u00f3 es troben dins la carpeta Formaci\u00f3 de l\u2019estructura de centre per tal que qualsevol membre del professorat pugui consultar-la.<\/li>\n<li>A trav\u00e9s de Classroom, quan apareixen novetats digitals, especialment canvis en les eines de G Suite for Education, es pengen articles explicant els canvis i la utilitat pedag\u00f2gica que poden tenir.<\/li>\n<\/ul>\n<p>&nbsp;<\/p>\n<p>&nbsp;<\/p>\n<div>\n<table style=\"border-collapse: collapse; width: 100%;\">\n<tbody>\n<tr>\n<td style=\"width: 100%; background-color: #800040;\">\n<h3><span style=\"color: #ffffff;\"><strong>TRASP\u00c0S DE DADES<\/strong><\/span><\/h3>\n<\/td>\n<\/tr>\n<\/tbody>\n<\/table>\n<\/div>\n<p>Quan un\/a professor\/a deixa el centre, \u00e9s important que pugui tenir c\u00f2pia del material que ha desenvolupat. A continuaci\u00f3 hi ha enlla\u00e7ats els documents que expliquen com fer aquest trasp\u00e0s.<\/p>\n<ul>\n<li><a href=\"https:\/\/agora.xtec.cat\/iesehtb\/wp-content\/uploads\/usu88\/2022\/12\/TIC-Exportacio-de-Correu-i-Drive-a-un-usuari-de-lXTEC.pdf\" target=\"_blank\" rel=\"noopener\">Exportaci\u00f3 de Correu i Drive a un usuari de l\u2019XTEC<\/a><\/li>\n<li><a href=\"https:\/\/agora.xtec.cat\/iesehtb\/wp-content\/uploads\/usu88\/2022\/12\/TIC-Traspassar-comptes-de-Classroom-a-lusuari-de-lXTEC.pdf\" target=\"_blank\" rel=\"noopener\">Traspassar comptes de Classroom a l\u2019usuari de l\u2019XTEC<\/a><\/li>\n<\/ul>\n<\/div>\n","protected":false},"excerpt":{"rendered":"<p>ACOLLIDA El centre ha desenvolupant un pla d\u2019acollida del nou professorat pel que fa a temes digitals. En el seg\u00fcent document es pot consultar: Acollida digital professorat nou FORMACI\u00d3 Tal com indiquen les NOFC, la formaci\u00f3 en cultura digital \u00e9s un aspecte clau del centre. Aquesta formaci\u00f3 s\u2019articula, b\u00e0sicament, de tres maneres: Formaci\u00f3 dins el [&hellip;]<\/p>\n","protected":false},"author":1,"featured_media":0,"parent":8121,"menu_order":50,"comment_status":"closed","ping_status":"closed","template":"page-templates\/side-menu.php","meta":{"_bbp_topic_count":0,"_bbp_reply_count":0,"_bbp_total_topic_count":0,"_bbp_total_reply_count":0,"_bbp_voice_count":0,"_bbp_anonymous_reply_count":0,"_bbp_topic_count_hidden":0,"_bbp_reply_count_hidden":0,"_bbp_forum_subforum_count":0,"site-sidebar-layout":"default","site-content-layout":"","ast-site-content-layout":"","site-content-style":"default","site-sidebar-style":"default","ast-global-header-display":"","ast-banner-title-visibility":"","ast-main-header-display":"","ast-hfb-above-header-display":"","ast-hfb-below-header-display":"","ast-hfb-mobile-header-display":"","site-post-title":"","ast-breadcrumbs-content":"","ast-featured-img":"","footer-sml-layout":"","theme-transparent-header-meta":"","adv-header-id-meta":"","stick-header-meta":"","header-above-stick-meta":"","header-main-stick-meta":"","header-below-stick-meta":"","astra-migrate-meta-layouts":"default","ast-page-background-enabled":"default","ast-page-background-meta":{"desktop":{"background-color":"var(--ast-global-color-4)","background-image":"","background-repeat":"repeat","background-position":"center center","background-size":"auto","background-attachment":"scroll","background-type":"","background-media":"","overlay-type":"","overlay-color":"","overlay-opacity":"","overlay-gradient":""},"tablet":{"background-color":"","background-image":"","background-repeat":"repeat","background-position":"center center","background-size":"auto","background-attachment":"scroll","background-type":"","background-media":"","overlay-type":"","overlay-color":"","overlay-opacity":"","overlay-gradient":""},"mobile":{"background-color":"","background-image":"","background-repeat":"repeat","background-position":"center center","background-size":"auto","background-attachment":"scroll","background-type":"","background-media":"","overlay-type":"","overlay-color":"","overlay-opacity":"","overlay-gradient":""}},"ast-content-background-meta":{"desktop":{"background-color":"var(--ast-global-color-5)","background-image":"","background-repeat":"repeat","background-position":"center center","background-size":"auto","background-attachment":"scroll","background-type":"","background-media":"","overlay-type":"","overlay-color":"","overlay-opacity":"","overlay-gradient":""},"tablet":{"background-color":"var(--ast-global-color-5)","background-image":"","background-repeat":"repeat","background-position":"center center","background-size":"auto","background-attachment":"scroll","background-type":"","background-media":"","overlay-type":"","overlay-color":"","overlay-opacity":"","overlay-gradient":""},"mobile":{"background-color":"var(--ast-global-color-5)","background-image":"","background-repeat":"repeat","background-position":"center center","background-size":"auto","background-attachment":"scroll","background-type":"","background-media":"","overlay-type":"","overlay-color":"","overlay-opacity":"","overlay-gradient":""}},"footnotes":""},"class_list":["post-8134","page","type-page","status-publish","hentry"],"post_mailing_queue_ids":[],"_links":{"self":[{"href":"https:\/\/agora.xtec.cat\/iesehtb\/wp-json\/wp\/v2\/pages\/8134","targetHints":{"allow":["GET"]}}],"collection":[{"href":"https:\/\/agora.xtec.cat\/iesehtb\/wp-json\/wp\/v2\/pages"}],"about":[{"href":"https:\/\/agora.xtec.cat\/iesehtb\/wp-json\/wp\/v2\/types\/page"}],"author":[{"embeddable":true,"href":"https:\/\/agora.xtec.cat\/iesehtb\/wp-json\/wp\/v2\/users\/1"}],"replies":[{"embeddable":true,"href":"https:\/\/agora.xtec.cat\/iesehtb\/wp-json\/wp\/v2\/comments?post=8134"}],"version-history":[{"count":4,"href":"https:\/\/agora.xtec.cat\/iesehtb\/wp-json\/wp\/v2\/pages\/8134\/revisions"}],"predecessor-version":[{"id":8377,"href":"https:\/\/agora.xtec.cat\/iesehtb\/wp-json\/wp\/v2\/pages\/8134\/revisions\/8377"}],"up":[{"embeddable":true,"href":"https:\/\/agora.xtec.cat\/iesehtb\/wp-json\/wp\/v2\/pages\/8121"}],"wp:attachment":[{"href":"https:\/\/agora.xtec.cat\/iesehtb\/wp-json\/wp\/v2\/media?parent=8134"}],"curies":[{"name":"wp","href":"https:\/\/api.w.org\/{rel}","templated":true}]}}