{"id":806,"date":"2015-02-19T14:29:12","date_gmt":"2015-02-19T13:29:12","guid":{"rendered":"http:\/\/agora.xtec.cat\/iesehtb\/?page_id=806"},"modified":"2024-03-03T13:51:05","modified_gmt":"2024-03-03T12:51:05","slug":"horari-marc-cfgs","status":"publish","type":"page","link":"https:\/\/agora.xtec.cat\/iesehtb\/secretaria\/preinscripcio-cfgs\/horari-marc-cfgs\/","title":{"rendered":"Horari Marc &#8211; CFGS"},"content":{"rendered":"<table style=\"width: 63.72825269080781%; height: 825px;\" width=\"100%\">\n<tbody>\n<tr style=\"height: 97px;\">\n<td style=\"width: 37.5706%; height: 97px; background-color: #ff8c00;\" width=\"67%\"><span style=\"color: #ffffff;\"><strong>CICLES FORMATIUS<\/strong><\/span><\/p>\n<p>Curs 2024-25<\/td>\n<td style=\"width: 11.0055%; height: 97px; background-color: #ff8c00;\" width=\"10%\"><span style=\"color: #ffffff;\"><strong>TORN<\/strong><\/span><\/td>\n<td style=\"width: 16.09953846209214%; height: 97px; background-color: #ff8c00;\" width=\"21%\">&nbsp;<\/p>\n<p><span style=\"color: #ffffff;\"><strong>HORARI<\/strong><\/span><\/p>\n<p><span style=\"color: #ffffff;\"><strong>\u00a0<\/strong><\/span><\/td>\n<\/tr>\n<tr style=\"height: 57px;\">\n<td style=\"width: 37.5706%; height: 57px;\" width=\"67%\">1r.- Guia, informaci\u00f3 i assist\u00e8ncies tur\u00edstiques<\/td>\n<td style=\"width: 11.0055%; height: 57px; text-align: center;\" width=\"10%\">Mat\u00ed<\/td>\n<td style=\"width: 16.09953846209214%; height: 57px; text-align: center;\" width=\"21%\">8:00-14:30 h<\/td>\n<\/tr>\n<tr style=\"height: 57px;\">\n<td style=\"width: 37.5706%; height: 57px;\" width=\"67%\">2n.- Guia, informaci\u00f3 i assist\u00e8ncies tur\u00edstiques<\/td>\n<td style=\"width: 11.0055%; height: 57px; text-align: center;\" width=\"10%\">Tarda<\/td>\n<td style=\"width: 16.09953846209214%; height: 57px; text-align: center;\" width=\"21%\">14:30-21:00 h<\/td>\n<\/tr>\n<tr style=\"height: 57px;\">\n<td style=\"width: 37.5706%; height: 57px;\" width=\"67%\">1r.- Ag\u00e8ncies de viatges, gesti\u00f3 d\u2019esdeveniments i creuers<\/td>\n<td style=\"width: 11.0055%; height: 57px; text-align: center;\" width=\"10%\">Mat\u00ed<\/td>\n<td style=\"width: 16.09953846209214%; height: 57px; text-align: center;\" width=\"21%\">8:00-14:30 h<\/td>\n<\/tr>\n<tr style=\"height: 57px;\">\n<td style=\"width: 37.5706%; height: 57px;\" width=\"67%\">2n.- Ag\u00e8ncies de viatges, gesti\u00f3 d\u2019esdeveniments i creuers<\/td>\n<td style=\"width: 11.0055%; height: 57px; text-align: center;\" width=\"10%\">Tarda<\/td>\n<td style=\"width: 16.09953846209214%; height: 57px; text-align: center;\" width=\"21%\">14:30-21:00 h<\/td>\n<\/tr>\n<tr style=\"height: 57px;\">\n<td style=\"width: 37.5706%; height: 57px;\" width=\"67%\">1r.- Gesti\u00f3 d\u2019allotjaments tur\u00edstics<\/td>\n<td style=\"width: 11.0055%; height: 57px; text-align: center;\" width=\"10%\">Mat\u00ed<\/td>\n<td style=\"width: 16.09953846209214%; height: 57px; text-align: center;\" width=\"21%\">8:00-14:30 h<\/td>\n<\/tr>\n<tr style=\"height: 57px;\">\n<td style=\"width: 37.5706%; height: 61px;\" width=\"67%\">2n.- Gesti\u00f3 d\u2019allotjaments tur\u00edstics<\/td>\n<td style=\"width: 11.0055%; height: 61px; text-align: center;\" width=\"10%\">Tarda<\/td>\n<td style=\"width: 16.09953846209214%; height: 61px; text-align: center;\" width=\"21%\">14:30-21:00 h<\/td>\n<\/tr>\n<tr style=\"height: 97px;\">\n<td style=\"width: 37.5706%; height: 97px;\" width=\"67%\">1r.- Direcci\u00f3 de cuina<\/td>\n<td style=\"width: 11.0055%; height: 97px; text-align: center;\" width=\"10%\">Diurn<\/td>\n<td style=\"width: 16.09953846209214%; height: 97px; text-align: center;\" width=\"21%\">8:00-14:30 h<\/p>\n<p>i 8:00 \u2013 17:00h **<\/td>\n<\/tr>\n<tr style=\"height: 97px;\">\n<td style=\"width: 37.5706%; height: 91px;\" width=\"67%\">2n.- Direcci\u00f3 de cuina<\/td>\n<td style=\"width: 11.0055%; height: 91px; text-align: center;\" width=\"10%\">Tarda<\/td>\n<td style=\"width: 16.09953846209214%; height: 91px; text-align: center;\" width=\"21%\">14:30-21:00 h<\/p>\n<p>8:00 \u2013 16:30h **<\/td>\n<\/tr>\n<tr style=\"height: 97px;\">\n<td style=\"width: 37.5706%; height: 97px;\" width=\"67%\">1r. &#8211; Direcci\u00f3 Serveis en Restauraci\u00f3<\/td>\n<td style=\"width: 11.0055%; height: 97px; text-align: center;\" width=\"10%\">Diurn<\/td>\n<td style=\"width: 16.09953846209214%; height: 97px; text-align: center;\" width=\"21%\">8:00-14:30 h<\/p>\n<p>i 8:00 \u2013 17:30h **<\/td>\n<\/tr>\n<tr style=\"height: 97px;\">\n<td style=\"width: 37.5706%; height: 97px;\" width=\"67%\">2n.- Direcci\u00f3 de Serveis en Restauraci\u00f3<\/td>\n<td style=\"width: 11.0055%; height: 97px; text-align: center;\" width=\"10%\">Tarda<\/td>\n<td style=\"width: 16.09953846209214%; height: 97px; text-align: center;\" width=\"21%\">14:30-21:00 h<\/p>\n<p>8:00 \u2013 16:30h **<\/td>\n<\/tr>\n<\/tbody>\n<\/table>\n<p><span style=\"color: #ff0000;\"><strong>El curs 2024-25 TOTS els cicles formatius de Grau Superior seran al 2n. curs en TORN TARDA.<\/strong><\/span><\/p>\n<p style=\"text-align: justify;\"><span style=\"font-family: 'Arial','sans-serif'; font-size: 12pt;\">** Aquest horari es realitza dos cops per setmana<\/span><\/p>\n","protected":false},"excerpt":{"rendered":"<p>CICLES FORMATIUS Curs 2024-25 TORN &nbsp; HORARI \u00a0 1r.- Guia, informaci\u00f3 i assist\u00e8ncies tur\u00edstiques Mat\u00ed 8:00-14:30 h 2n.- Guia, informaci\u00f3 i assist\u00e8ncies tur\u00edstiques Tarda 14:30-21:00 h 1r.- Ag\u00e8ncies de viatges, gesti\u00f3 d\u2019esdeveniments i creuers Mat\u00ed 8:00-14:30 h 2n.- Ag\u00e8ncies de viatges, gesti\u00f3 d\u2019esdeveniments i creuers Tarda 14:30-21:00 h 1r.- Gesti\u00f3 d\u2019allotjaments tur\u00edstics Mat\u00ed 8:00-14:30 h [&hellip;]<\/p>\n","protected":false},"author":1,"featured_media":0,"parent":799,"menu_order":40,"comment_status":"closed","ping_status":"closed","template":"page-templates\/side-menu.php","meta":{"_bbp_topic_count":0,"_bbp_reply_count":0,"_bbp_total_topic_count":0,"_bbp_total_reply_count":0,"_bbp_voice_count":0,"_bbp_anonymous_reply_count":0,"_bbp_topic_count_hidden":0,"_bbp_reply_count_hidden":0,"_bbp_forum_subforum_count":0,"site-sidebar-layout":"default","site-content-layout":"","ast-site-content-layout":"","site-content-style":"default","site-sidebar-style":"default","ast-global-header-display":"","ast-banner-title-visibility":"","ast-main-header-display":"","ast-hfb-above-header-display":"","ast-hfb-below-header-display":"","ast-hfb-mobile-header-display":"","site-post-title":"","ast-breadcrumbs-content":"","ast-featured-img":"","footer-sml-layout":"","theme-transparent-header-meta":"","adv-header-id-meta":"","stick-header-meta":"","header-above-stick-meta":"","header-main-stick-meta":"","header-below-stick-meta":"","astra-migrate-meta-layouts":"default","ast-page-background-enabled":"default","ast-page-background-meta":{"desktop":{"background-color":"var(--ast-global-color-4)","background-image":"","background-repeat":"repeat","background-position":"center center","background-size":"auto","background-attachment":"scroll","background-type":"","background-media":"","overlay-type":"","overlay-color":"","overlay-opacity":"","overlay-gradient":""},"tablet":{"background-color":"","background-image":"","background-repeat":"repeat","background-position":"center center","background-size":"auto","background-attachment":"scroll","background-type":"","background-media":"","overlay-type":"","overlay-color":"","overlay-opacity":"","overlay-gradient":""},"mobile":{"background-color":"","background-image":"","background-repeat":"repeat","background-position":"center center","background-size":"auto","background-attachment":"scroll","background-type":"","background-media":"","overlay-type":"","overlay-color":"","overlay-opacity":"","overlay-gradient":""}},"ast-content-background-meta":{"desktop":{"background-color":"var(--ast-global-color-5)","background-image":"","background-repeat":"repeat","background-position":"center center","background-size":"auto","background-attachment":"scroll","background-type":"","background-media":"","overlay-type":"","overlay-color":"","overlay-opacity":"","overlay-gradient":""},"tablet":{"background-color":"var(--ast-global-color-5)","background-image":"","background-repeat":"repeat","background-position":"center center","background-size":"auto","background-attachment":"scroll","background-type":"","background-media":"","overlay-type":"","overlay-color":"","overlay-opacity":"","overlay-gradient":""},"mobile":{"background-color":"var(--ast-global-color-5)","background-image":"","background-repeat":"repeat","background-position":"center center","background-size":"auto","background-attachment":"scroll","background-type":"","background-media":"","overlay-type":"","overlay-color":"","overlay-opacity":"","overlay-gradient":""}},"footnotes":""},"class_list":["post-806","page","type-page","status-publish","hentry"],"post_mailing_queue_ids":[],"_links":{"self":[{"href":"https:\/\/agora.xtec.cat\/iesehtb\/wp-json\/wp\/v2\/pages\/806","targetHints":{"allow":["GET"]}}],"collection":[{"href":"https:\/\/agora.xtec.cat\/iesehtb\/wp-json\/wp\/v2\/pages"}],"about":[{"href":"https:\/\/agora.xtec.cat\/iesehtb\/wp-json\/wp\/v2\/types\/page"}],"author":[{"embeddable":true,"href":"https:\/\/agora.xtec.cat\/iesehtb\/wp-json\/wp\/v2\/users\/1"}],"replies":[{"embeddable":true,"href":"https:\/\/agora.xtec.cat\/iesehtb\/wp-json\/wp\/v2\/comments?post=806"}],"version-history":[{"count":5,"href":"https:\/\/agora.xtec.cat\/iesehtb\/wp-json\/wp\/v2\/pages\/806\/revisions"}],"predecessor-version":[{"id":9430,"href":"https:\/\/agora.xtec.cat\/iesehtb\/wp-json\/wp\/v2\/pages\/806\/revisions\/9430"}],"up":[{"embeddable":true,"href":"https:\/\/agora.xtec.cat\/iesehtb\/wp-json\/wp\/v2\/pages\/799"}],"wp:attachment":[{"href":"https:\/\/agora.xtec.cat\/iesehtb\/wp-json\/wp\/v2\/media?parent=806"}],"curies":[{"name":"wp","href":"https:\/\/api.w.org\/{rel}","templated":true}]}}