{"id":6588,"date":"2021-05-11T09:08:06","date_gmt":"2021-05-11T07:08:06","guid":{"rendered":"https:\/\/agora.xtec.cat\/iesehtb\/?page_id=6588"},"modified":"2026-03-24T10:08:01","modified_gmt":"2026-03-24T09:08:01","slug":"criteris-de-prioritat-i-documentacio-a-presentar","status":"publish","type":"page","link":"https:\/\/agora.xtec.cat\/iesehtb\/secretaria\/preinscripcio-ife\/criteris-de-prioritat-i-documentacio-a-presentar\/","title":{"rendered":"Criteris de prioritat i documentaci\u00f3 a presentar &#8211; IFE"},"content":{"rendered":"<h2 class=\"basic_title col-sm-12 pd-10\">Documentaci\u00f3 identificativa<\/h2>\n<div class=\"col-xs-12 columna_esquerra\">\n<div class=\"cos_bloc basic_text_peq pd-15 link-dotted\">\n<p style=\"text-align: justify;\">En tots els casos, cal presentar en el termini establert la <strong>documentaci\u00f3<\/strong> seg\u00fcent:<\/p>\n<\/div>\n<\/div>\n<ul>\n<li style=\"text-align: justify;\">Original i fotoc\u00f2pia del DNI, NIE o passaport vigent. Si es tracta d&#8217;estrangers comunitaris, el document d&#8217;identitat del pa\u00eds membre de la Uni\u00f3 Europea.<\/li>\n<li style=\"text-align: justify;\">L&#8217;informe de reconeixement de necessitats educatives especials em\u00e8s durant l&#8217;educaci\u00f3 obligat\u00f2ria, en qu\u00e8 consti la condici\u00f3 d&#8217;alumne amb necessitats educatives especials associades a discapacitat intel\u00b7lectual lleu o moderada, o un informe d&#8217;un servei de salut o d&#8217;un facultatiu col\u00b7legiat que indiqui la discapacitat intel\u00b7lectual lleu o moderada, incl\u00f2s el trastorn de l&#8217;espectre de l&#8217;autisme (TEA).<\/li>\n<\/ul>\n<div class=\"col-xs-12 columna_esquerra\">\n<div class=\"cos_bloc basic_text_peq pd-15 link-dotted\">\n<p style=\"text-align: justify;\">Si la persona sol\u00b7licitant \u00e9s <strong>menor d&#8217;edat<\/strong> tamb\u00e9 s&#8217;ha de presentar:<\/p>\n<ul>\n<li style=\"text-align: justify;\">Certificat electr\u00f2nic de la inscripci\u00f3 de naixement o el llibre de fam\u00edlia o altres documents relatius a la filiaci\u00f3. Si est\u00e0 en situaci\u00f3 d&#8217;acolliment, la resoluci\u00f3 d&#8217;acolliment del Departament de Drets Socials i Inclusi\u00f3.<\/li>\n<li style=\"text-align: justify;\">Original i fotoc\u00f2pia del DNI de la persona sol\u00b7licitant (pare, mare, tutor\/a legal) o si la persona sol\u00b7licitant \u00e9s estrangera, de la targeta de resid\u00e8ncia on consta el NIE o del Si es tracta d&#8217;estrangers comunitaris, el document d&#8217;identitat del pa\u00eds membre de la Uni\u00f3 Europea.<\/li>\n<\/ul>\n<\/div>\n<\/div>\n<h2><span dir=\"ltr\">Criteris de prioritat, barem que s&#8217;aplica i documentaci\u00f3 acreditativa:<\/span><\/h2>\n<p>Si hi ha m\u00e9s demanda que places, s&#8217;apliquen, successivament, els criteris de prioritat en l&#8217;admissi\u00f3 seg\u00fcents:<\/p>\n<ol>\n<li>En primer lloc, l&#8217;alumnat que compleix 16 o 17 anys durant l&#8217;any en qu\u00e8 accedeix a l&#8217;itinerari formatiu espec\u00edfic (IFE).<\/li>\n<li>En segon lloc, l&#8217;alumnat que compleix 18 anys durant l&#8217;any en qu\u00e8 accedeix a l&#8217;IFE.<\/li>\n<li>En tercer lloc, l&#8217;alumnat que compleix 19 anys durant l&#8217;any en qu\u00e8 accedeix a l&#8217;IFE.<\/li>\n<li>En quart lloc, l&#8217;alumnat que compleix 20 anys durant l&#8217;any en qu\u00e8 accedeix a l&#8217;IFE.<\/li>\n<\/ol>\n<p>Dins de cadascun dels grups d&#8217;edat establerts en el punt anterior, les sol\u00b7licituds es prioritzen d&#8217;acord amb els criteris seg\u00fcents:<\/p>\n<p><strong>a)\u00a0 Situaci\u00f3 d&#8217;escolaritzaci\u00f3 en el curs acad\u00e8mic actual:<\/strong><\/p>\n<ul>\n<li>Estar matriculat en un centre ordinari o en un centre d&#8217;educaci\u00f3 especial a l&#8217;etapa obligat\u00f2ria: 25 punts. Documentaci\u00f3 acreditativa: certificat d&#8217;estudis o altra documentaci\u00f3 que acrediti l&#8217;escolaritzaci\u00f3.<\/li>\n<\/ul>\n<p><strong>b) Participaci\u00f3 per primera vegada en programes postobligatoris<\/strong><\/p>\n<ul>\n<li>Quan la persona sol\u00b7licitant no ha cursat programa de formaci\u00f3 i inserci\u00f3 ni un cicle de formaci\u00f3 professional: 20 punts. Documentaci\u00f3 acreditativa: l&#8217;acreditaci\u00f3 es formalitza marcant la casella corresponent en la sol\u00b7licitud de preinscripci\u00f3.<\/li>\n<\/ul>\n<p>&nbsp;<\/p>\n<div><\/div>\n","protected":false},"excerpt":{"rendered":"<p>Documentaci\u00f3 identificativa En tots els casos, cal presentar en el termini establert la documentaci\u00f3 seg\u00fcent: Original i fotoc\u00f2pia del DNI, NIE o passaport vigent. Si es tracta d&#8217;estrangers comunitaris, el document d&#8217;identitat del pa\u00eds membre de la Uni\u00f3 Europea. L&#8217;informe de reconeixement de necessitats educatives especials em\u00e8s durant l&#8217;educaci\u00f3 obligat\u00f2ria, en qu\u00e8 consti la condici\u00f3 [&hellip;]<\/p>\n","protected":false},"author":1,"featured_media":0,"parent":6598,"menu_order":40,"comment_status":"closed","ping_status":"closed","template":"","meta":{"_bbp_topic_count":0,"_bbp_reply_count":0,"_bbp_total_topic_count":0,"_bbp_total_reply_count":0,"_bbp_voice_count":0,"_bbp_anonymous_reply_count":0,"_bbp_topic_count_hidden":0,"_bbp_reply_count_hidden":0,"_bbp_forum_subforum_count":0,"site-sidebar-layout":"default","site-content-layout":"","ast-site-content-layout":"default","site-content-style":"default","site-sidebar-style":"default","ast-global-header-display":"","ast-banner-title-visibility":"","ast-main-header-display":"","ast-hfb-above-header-display":"","ast-hfb-below-header-display":"","ast-hfb-mobile-header-display":"","site-post-title":"","ast-breadcrumbs-content":"","ast-featured-img":"","footer-sml-layout":"","theme-transparent-header-meta":"default","adv-header-id-meta":"","stick-header-meta":"","header-above-stick-meta":"","header-main-stick-meta":"","header-below-stick-meta":"","astra-migrate-meta-layouts":"set","ast-page-background-enabled":"default","ast-page-background-meta":{"desktop":{"background-color":"var(--ast-global-color-4)","background-image":"","background-repeat":"repeat","background-position":"center center","background-size":"auto","background-attachment":"scroll","background-type":"","background-media":"","overlay-type":"","overlay-color":"","overlay-opacity":"","overlay-gradient":""},"tablet":{"background-color":"","background-image":"","background-repeat":"repeat","background-position":"center center","background-size":"auto","background-attachment":"scroll","background-type":"","background-media":"","overlay-type":"","overlay-color":"","overlay-opacity":"","overlay-gradient":""},"mobile":{"background-color":"","background-image":"","background-repeat":"repeat","background-position":"center center","background-size":"auto","background-attachment":"scroll","background-type":"","background-media":"","overlay-type":"","overlay-color":"","overlay-opacity":"","overlay-gradient":""}},"ast-content-background-meta":{"desktop":{"background-color":"var(--ast-global-color-5)","background-image":"","background-repeat":"repeat","background-position":"center center","background-size":"auto","background-attachment":"scroll","background-type":"","background-media":"","overlay-type":"","overlay-color":"","overlay-opacity":"","overlay-gradient":""},"tablet":{"background-color":"var(--ast-global-color-5)","background-image":"","background-repeat":"repeat","background-position":"center center","background-size":"auto","background-attachment":"scroll","background-type":"","background-media":"","overlay-type":"","overlay-color":"","overlay-opacity":"","overlay-gradient":""},"mobile":{"background-color":"var(--ast-global-color-5)","background-image":"","background-repeat":"repeat","background-position":"center center","background-size":"auto","background-attachment":"scroll","background-type":"","background-media":"","overlay-type":"","overlay-color":"","overlay-opacity":"","overlay-gradient":""}},"footnotes":""},"class_list":["post-6588","page","type-page","status-publish","hentry"],"post_mailing_queue_ids":[],"_links":{"self":[{"href":"https:\/\/agora.xtec.cat\/iesehtb\/wp-json\/wp\/v2\/pages\/6588","targetHints":{"allow":["GET"]}}],"collection":[{"href":"https:\/\/agora.xtec.cat\/iesehtb\/wp-json\/wp\/v2\/pages"}],"about":[{"href":"https:\/\/agora.xtec.cat\/iesehtb\/wp-json\/wp\/v2\/types\/page"}],"author":[{"embeddable":true,"href":"https:\/\/agora.xtec.cat\/iesehtb\/wp-json\/wp\/v2\/users\/1"}],"replies":[{"embeddable":true,"href":"https:\/\/agora.xtec.cat\/iesehtb\/wp-json\/wp\/v2\/comments?post=6588"}],"version-history":[{"count":7,"href":"https:\/\/agora.xtec.cat\/iesehtb\/wp-json\/wp\/v2\/pages\/6588\/revisions"}],"predecessor-version":[{"id":10805,"href":"https:\/\/agora.xtec.cat\/iesehtb\/wp-json\/wp\/v2\/pages\/6588\/revisions\/10805"}],"up":[{"embeddable":true,"href":"https:\/\/agora.xtec.cat\/iesehtb\/wp-json\/wp\/v2\/pages\/6598"}],"wp:attachment":[{"href":"https:\/\/agora.xtec.cat\/iesehtb\/wp-json\/wp\/v2\/media?parent=6588"}],"curies":[{"name":"wp","href":"https:\/\/api.w.org\/{rel}","templated":true}]}}