{"id":6480,"date":"2021-05-04T20:11:33","date_gmt":"2021-05-04T18:11:33","guid":{"rendered":"https:\/\/agora.xtec.cat\/iesehtb\/?page_id=6480"},"modified":"2025-05-21T20:15:15","modified_gmt":"2025-05-21T18:15:15","slug":"eines","status":"publish","type":"page","link":"https:\/\/agora.xtec.cat\/iesehtb\/secretaria\/preinscripcio-cfgm\/eines\/","title":{"rendered":"Uniformitat i Eines CFGM Cuina i Gastronomia"},"content":{"rendered":"<p>&nbsp;<\/p>\n<table style=\"height: 950px; width: 825px;\" width=\"1352\">\n<tbody>\n<tr>\n<td style=\"background-color: #800040; width: 819px;\">\n<h4><span style=\"color: #ffffff;\"><strong>CFGM CUINA i GASTRONOMIA<\/strong><\/span><\/h4>\n<\/td>\n<\/tr>\n<tr style=\"height: 25px;\">\n<td style=\"background-color: #ffa500; height: 25px; width: 819px;\">\n<h4><strong><span style=\"color: #ffffff;\">\u00a0UNIFORMITAT<\/span><\/strong><\/h4>\n<\/td>\n<\/tr>\n<tr style=\"height: 297px;\">\n<td style=\"height: 196px; width: 819px;\">\n<ul>\n<li>JAQUETA CUINA BLANCA M\u00c0NIGA LLARGA AMB BRODAT<\/li>\n<li>GORRA BOLET BLANCA<\/li>\n<li>PANTAL\u00d3 DE CUINA (RATLLA FINA BLANCA)<\/li>\n<li>MOCADOR CUINA COLOR BLANC (PIC)<\/li>\n<li>DRAP DE CUINA COLOR GRIS<\/li>\n<li>DAVANTAL PETO (SENSE BUTXACA)<\/li>\n<li>SABATA NEGRE AMB PUNTERA REFOR\u00c7ADA<\/li>\n<li>\n<div><span lang=\"CA\">SAMARRETA M\u00c0NIGA CURTA NEGRA AMB LOGO<\/span><\/div>\n<\/li>\n<\/ul>\n<\/td>\n<\/tr>\n<tr style=\"height: 60px;\">\n<td style=\"background-color: #ffa500; height: 60px; width: 819px;\">\n<h4><span style=\"color: #ffffff;\"><strong>EINES<\/strong><\/span><\/h4>\n<\/td>\n<\/tr>\n<tr style=\"height: 438px;\">\n<td style=\"height: 438px; width: 819px;\">\n<ul>\n<li>Term\u00f2metre digital per a inducci\u00f3<\/li>\n<li>Pinces de carn<\/li>\n<li>Escatador<\/li>\n<li>Ganivet desossador 15 cm<\/li>\n<li>Pinzell<\/li>\n<li>Rasqueta de pl\u00e0stic<\/li>\n<li>Cullereta buidadora doble<\/li>\n<li>Pinces per treure espines de peix<\/li>\n<li>Esp\u00e0tula pastissera amb colze de 26 cm<\/li>\n<li>Esp\u00e0tula petita amb colze de 11.5 cm<\/li>\n<li>Ganivet Serra 21.5 cm<\/li>\n<li>Ganivet Ceber 23 cm color negre.<\/li>\n<li>Motxilla amb manta per eines<\/li>\n<li>Rasqueta per pasta (llengua)<\/li>\n<li>Pela patates<\/li>\n<li>Ganivet Puntilla 9 cm color negre<\/li>\n<li>Tisores cuina 20 cm<\/li>\n<li>Boquilles Inox \u2013 3 llises 3 arrissades (n\u00ba6,8,10)<\/li>\n<li>Pinces d\u2019emplatar<\/li>\n<li>Rallador fi per c\u00edtrics<\/li>\n<li>Ganivet filetejador flexible 18 cm<\/li>\n<li>Culleres taula (3)<\/li>\n<li>Ganivet puntilla inclinada 7.5 cm<\/li>\n<\/ul>\n<\/td>\n<\/tr>\n<tr style=\"height: 231px;\">\n<td style=\"height: 231px; width: 819px;\">A m\u00e9s del material anteriorment detallat l\u2019alumnat tamb\u00e9 haur\u00e0 de portar:<\/p>\n<ul>\n<li>Balan\u00e7a de cuina digital<\/li>\n<li>Bol\u00edgraf<\/li>\n<li>Raspall per netejar ungles<\/li>\n<li>Llibreta<\/li>\n<li>Calculadora<\/li>\n<li>Encenedor llarg<\/li>\n<li>Retolador permanent<\/li>\n<\/ul>\n<\/td>\n<\/tr>\n<\/tbody>\n<\/table>\n<p>Podeu comprar aquest material a qualsevol botiga sempre i quan sigui igual a l\u2019anteriorment assenyalat, i no modifiqui la l\u00ednia d\u2019uniformitat definida al centre pel que fa al model, disseny, colors i brodats.<\/p>\n<p>Podeu consultar els preus aproximats aproximats del cicle al seg\u00fcent enlla\u00e7: <a href=\"https:\/\/agora.xtec.cat\/iesehtb\/secretaria\/preinscripcio-cfgm\/aportacions-cfgm\/\" target=\"_blank\" rel=\"noopener noreferrer\">https:\/\/agora.xtec.cat\/iesehtb\/secretaria\/preinscripcio-cfgm\/aportacions-cfgm\/<\/a><\/p>\n","protected":false},"excerpt":{"rendered":"<p>&nbsp; CFGM CUINA i GASTRONOMIA \u00a0UNIFORMITAT JAQUETA CUINA BLANCA M\u00c0NIGA LLARGA AMB BRODAT GORRA BOLET BLANCA PANTAL\u00d3 DE CUINA (RATLLA FINA BLANCA) MOCADOR CUINA COLOR BLANC (PIC) DRAP DE CUINA COLOR GRIS DAVANTAL PETO (SENSE BUTXACA) SABATA NEGRE AMB PUNTERA REFOR\u00c7ADA SAMARRETA M\u00c0NIGA CURTA NEGRA AMB LOGO EINES Term\u00f2metre digital per a inducci\u00f3 Pinces de [&hellip;]<\/p>\n","protected":false},"author":1,"featured_media":0,"parent":735,"menu_order":99,"comment_status":"closed","ping_status":"closed","template":"page-templates\/side-menu.php","meta":{"_bbp_topic_count":0,"_bbp_reply_count":0,"_bbp_total_topic_count":0,"_bbp_total_reply_count":0,"_bbp_voice_count":0,"_bbp_anonymous_reply_count":0,"_bbp_topic_count_hidden":0,"_bbp_reply_count_hidden":0,"_bbp_forum_subforum_count":0,"site-sidebar-layout":"default","site-content-layout":"","ast-site-content-layout":"","site-content-style":"default","site-sidebar-style":"default","ast-global-header-display":"","ast-banner-title-visibility":"","ast-main-header-display":"","ast-hfb-above-header-display":"","ast-hfb-below-header-display":"","ast-hfb-mobile-header-display":"","site-post-title":"","ast-breadcrumbs-content":"","ast-featured-img":"","footer-sml-layout":"","theme-transparent-header-meta":"","adv-header-id-meta":"","stick-header-meta":"","header-above-stick-meta":"","header-main-stick-meta":"","header-below-stick-meta":"","astra-migrate-meta-layouts":"default","ast-page-background-enabled":"default","ast-page-background-meta":{"desktop":{"background-color":"var(--ast-global-color-4)","background-image":"","background-repeat":"repeat","background-position":"center center","background-size":"auto","background-attachment":"scroll","background-type":"","background-media":"","overlay-type":"","overlay-color":"","overlay-opacity":"","overlay-gradient":""},"tablet":{"background-color":"","background-image":"","background-repeat":"repeat","background-position":"center center","background-size":"auto","background-attachment":"scroll","background-type":"","background-media":"","overlay-type":"","overlay-color":"","overlay-opacity":"","overlay-gradient":""},"mobile":{"background-color":"","background-image":"","background-repeat":"repeat","background-position":"center center","background-size":"auto","background-attachment":"scroll","background-type":"","background-media":"","overlay-type":"","overlay-color":"","overlay-opacity":"","overlay-gradient":""}},"ast-content-background-meta":{"desktop":{"background-color":"var(--ast-global-color-5)","background-image":"","background-repeat":"repeat","background-position":"center center","background-size":"auto","background-attachment":"scroll","background-type":"","background-media":"","overlay-type":"","overlay-color":"","overlay-opacity":"","overlay-gradient":""},"tablet":{"background-color":"var(--ast-global-color-5)","background-image":"","background-repeat":"repeat","background-position":"center center","background-size":"auto","background-attachment":"scroll","background-type":"","background-media":"","overlay-type":"","overlay-color":"","overlay-opacity":"","overlay-gradient":""},"mobile":{"background-color":"var(--ast-global-color-5)","background-image":"","background-repeat":"repeat","background-position":"center center","background-size":"auto","background-attachment":"scroll","background-type":"","background-media":"","overlay-type":"","overlay-color":"","overlay-opacity":"","overlay-gradient":""}},"footnotes":""},"class_list":["post-6480","page","type-page","status-publish","hentry"],"post_mailing_queue_ids":[],"_links":{"self":[{"href":"https:\/\/agora.xtec.cat\/iesehtb\/wp-json\/wp\/v2\/pages\/6480","targetHints":{"allow":["GET"]}}],"collection":[{"href":"https:\/\/agora.xtec.cat\/iesehtb\/wp-json\/wp\/v2\/pages"}],"about":[{"href":"https:\/\/agora.xtec.cat\/iesehtb\/wp-json\/wp\/v2\/types\/page"}],"author":[{"embeddable":true,"href":"https:\/\/agora.xtec.cat\/iesehtb\/wp-json\/wp\/v2\/users\/1"}],"replies":[{"embeddable":true,"href":"https:\/\/agora.xtec.cat\/iesehtb\/wp-json\/wp\/v2\/comments?post=6480"}],"version-history":[{"count":5,"href":"https:\/\/agora.xtec.cat\/iesehtb\/wp-json\/wp\/v2\/pages\/6480\/revisions"}],"predecessor-version":[{"id":10286,"href":"https:\/\/agora.xtec.cat\/iesehtb\/wp-json\/wp\/v2\/pages\/6480\/revisions\/10286"}],"up":[{"embeddable":true,"href":"https:\/\/agora.xtec.cat\/iesehtb\/wp-json\/wp\/v2\/pages\/735"}],"wp:attachment":[{"href":"https:\/\/agora.xtec.cat\/iesehtb\/wp-json\/wp\/v2\/media?parent=6480"}],"curies":[{"name":"wp","href":"https:\/\/api.w.org\/{rel}","templated":true}]}}