{"id":5105,"date":"2020-03-09T13:39:06","date_gmt":"2020-03-09T12:39:06","guid":{"rendered":"https:\/\/agora.xtec.cat\/iesehtb\/?page_id=5105"},"modified":"2024-01-26T13:19:17","modified_gmt":"2024-01-26T12:19:17","slug":"lehtb-en-xifres","status":"publish","type":"page","link":"https:\/\/agora.xtec.cat\/iesehtb\/lehtb-en-xifres\/","title":{"rendered":"L&#8217;EHTB en xifres"},"content":{"rendered":"<p>&nbsp;<\/p>\n<p>Segons l&#8217;<a href=\"https:\/\/fp.gencat.cat\/ca\/arees\/Prospeccio-de-necessitats-de-formacio-i-qualificacio-professionals\/informe-general-de-prospectiva-2023-2026\/\"> <strong>Informe General de Prospectiva 2023-2026<\/strong><\/a> de la Generalitat de Catalunya, l&#8217;any 2022 s&#8217;inclouen un total de 163.404 ofertes de feina en l\u00ednia relacionades amb la formaci\u00f3 professional. D\u2019aquestes, <strong>21.254 corresponen a ocupacions relacionades amb la fam\u00edlia professional d\u2019hostaleria i turisme<\/strong> (13% del total). Es tracta de la <strong>segona fam\u00edlia professional<\/strong> amb m\u00e9s ofertes en l\u00ednia.<\/p>\n<p>Pel que fa a l&#8217;ocupaci\u00f3 entre els mesos d\u2019abril de 2022 i mar\u00e7 de 2023 es van <strong>contractar 351.107 persones en ocupacions de formaci\u00f3 professional relacionades amb la fam\u00edlia <\/strong><strong>professional d\u2019hostaleria i turisme<\/strong>. Aquesta xifra representa el 25,1% del total de persones contractades durant aquest per\u00edode. Es tracta de la <strong>primera fam\u00edlia <\/strong><strong>professional<\/strong> amb m\u00e9s persones contractades i representa una quarta part del total de contractacions.<\/p>\n<p>Els <strong>CFGM<\/strong> de la fam\u00edlia professional d\u2019hostaleria i turisme compten amb una <strong>inserci\u00f3 laboral<\/strong> entre les persones recentment graduades del 49,4%, <strong>per sobre de la mitjana del conjunt de fam\u00edlies professionals<\/strong> (40,3%). La relaci\u00f3 entre les feines desenvolupades i els estudis cursats se situa en el 82,6%, per sobre del conjunt de fam\u00edlies professionals (63,8%).Aix\u00ed mateix, el 45,4% de <strong>places vacants<\/strong> t<strong>amb\u00e9 est\u00e0 per sobre de la mitjana del conjunt de fam\u00edlies professionals<\/strong> (26,4%).<\/p>\n<p><strong><span style=\"color: #993366;\">L&#8217;EHTB en xifres<\/span><\/strong><\/p>\n<p>&nbsp;<\/p>\n<p>&nbsp;<\/p>\n<p><img loading=\"lazy\" decoding=\"async\" class=\"alignright size-full wp-image-9261\" src=\"https:\/\/agora.xtec.cat\/iesehtb\/wp-content\/uploads\/usu88\/2024\/01\/EHTB-en-xifres.gif\" alt=\"\" width=\"960\" height=\"720\" \/><\/p>\n","protected":false},"excerpt":{"rendered":"<p>&nbsp; Segons l&#8217; Informe General de Prospectiva 2023-2026 de la Generalitat de Catalunya, l&#8217;any 2022 s&#8217;inclouen un total de 163.404 ofertes de feina en l\u00ednia relacionades amb la formaci\u00f3 professional. D\u2019aquestes, 21.254 corresponen a ocupacions relacionades amb la fam\u00edlia professional d\u2019hostaleria i turisme (13% del total). Es tracta de la segona fam\u00edlia professional amb m\u00e9s [&hellip;]<\/p>\n","protected":false},"author":4,"featured_media":0,"parent":0,"menu_order":0,"comment_status":"closed","ping_status":"closed","template":"page-templates\/side-menu.php","meta":{"_bbp_topic_count":0,"_bbp_reply_count":0,"_bbp_total_topic_count":0,"_bbp_total_reply_count":0,"_bbp_voice_count":0,"_bbp_anonymous_reply_count":0,"_bbp_topic_count_hidden":0,"_bbp_reply_count_hidden":0,"_bbp_forum_subforum_count":0,"site-sidebar-layout":"default","site-content-layout":"","ast-site-content-layout":"","site-content-style":"default","site-sidebar-style":"default","ast-global-header-display":"","ast-banner-title-visibility":"","ast-main-header-display":"","ast-hfb-above-header-display":"","ast-hfb-below-header-display":"","ast-hfb-mobile-header-display":"","site-post-title":"","ast-breadcrumbs-content":"","ast-featured-img":"","footer-sml-layout":"","theme-transparent-header-meta":"","adv-header-id-meta":"","stick-header-meta":"","header-above-stick-meta":"","header-main-stick-meta":"","header-below-stick-meta":"","astra-migrate-meta-layouts":"default","ast-page-background-enabled":"default","ast-page-background-meta":{"desktop":{"background-color":"var(--ast-global-color-4)","background-image":"","background-repeat":"repeat","background-position":"center center","background-size":"auto","background-attachment":"scroll","background-type":"","background-media":"","overlay-type":"","overlay-color":"","overlay-opacity":"","overlay-gradient":""},"tablet":{"background-color":"","background-image":"","background-repeat":"repeat","background-position":"center center","background-size":"auto","background-attachment":"scroll","background-type":"","background-media":"","overlay-type":"","overlay-color":"","overlay-opacity":"","overlay-gradient":""},"mobile":{"background-color":"","background-image":"","background-repeat":"repeat","background-position":"center center","background-size":"auto","background-attachment":"scroll","background-type":"","background-media":"","overlay-type":"","overlay-color":"","overlay-opacity":"","overlay-gradient":""}},"ast-content-background-meta":{"desktop":{"background-color":"var(--ast-global-color-5)","background-image":"","background-repeat":"repeat","background-position":"center center","background-size":"auto","background-attachment":"scroll","background-type":"","background-media":"","overlay-type":"","overlay-color":"","overlay-opacity":"","overlay-gradient":""},"tablet":{"background-color":"var(--ast-global-color-5)","background-image":"","background-repeat":"repeat","background-position":"center center","background-size":"auto","background-attachment":"scroll","background-type":"","background-media":"","overlay-type":"","overlay-color":"","overlay-opacity":"","overlay-gradient":""},"mobile":{"background-color":"var(--ast-global-color-5)","background-image":"","background-repeat":"repeat","background-position":"center center","background-size":"auto","background-attachment":"scroll","background-type":"","background-media":"","overlay-type":"","overlay-color":"","overlay-opacity":"","overlay-gradient":""}},"footnotes":""},"class_list":["post-5105","page","type-page","status-publish","hentry"],"post_mailing_queue_ids":[],"_links":{"self":[{"href":"https:\/\/agora.xtec.cat\/iesehtb\/wp-json\/wp\/v2\/pages\/5105","targetHints":{"allow":["GET"]}}],"collection":[{"href":"https:\/\/agora.xtec.cat\/iesehtb\/wp-json\/wp\/v2\/pages"}],"about":[{"href":"https:\/\/agora.xtec.cat\/iesehtb\/wp-json\/wp\/v2\/types\/page"}],"author":[{"embeddable":true,"href":"https:\/\/agora.xtec.cat\/iesehtb\/wp-json\/wp\/v2\/users\/4"}],"replies":[{"embeddable":true,"href":"https:\/\/agora.xtec.cat\/iesehtb\/wp-json\/wp\/v2\/comments?post=5105"}],"version-history":[{"count":7,"href":"https:\/\/agora.xtec.cat\/iesehtb\/wp-json\/wp\/v2\/pages\/5105\/revisions"}],"predecessor-version":[{"id":9262,"href":"https:\/\/agora.xtec.cat\/iesehtb\/wp-json\/wp\/v2\/pages\/5105\/revisions\/9262"}],"wp:attachment":[{"href":"https:\/\/agora.xtec.cat\/iesehtb\/wp-json\/wp\/v2\/media?parent=5105"}],"curies":[{"name":"wp","href":"https:\/\/api.w.org\/{rel}","templated":true}]}}