{"id":4991,"date":"2020-02-17T12:37:01","date_gmt":"2020-02-17T11:37:01","guid":{"rendered":"https:\/\/agora.xtec.cat\/iesehtb\/?page_id=4991"},"modified":"2026-01-28T18:52:52","modified_gmt":"2026-01-28T17:52:52","slug":"projecte-roannais","status":"publish","type":"page","link":"https:\/\/agora.xtec.cat\/iesehtb\/linstitut\/mobilitat-internacional\/projecte-roannais\/","title":{"rendered":"Projectes Internacionals"},"content":{"rendered":"<p><span style=\"color: #ff6600;\"><strong><span style=\"text-decoration: underline;\"><span style=\"font-size: 12pt; color: #ff6600; text-decoration: underline;\">Projecte Roannais<\/span><\/span><\/strong> <\/span><\/p>\n<p><span style=\"color: #ff6600;\"><strong><span style=\"text-decoration: underline;\"><span style=\"font-size: 12pt; color: #ff6600; text-decoration: underline;\"><a href=\"http:\/\/agora.xtec.cat\/iesehtb\/wp-content\/uploads\/usu88\/2015\/02\/image007.jpg\"><img loading=\"lazy\" decoding=\"async\" class=\"alignnone size-full wp-image-385\" src=\"http:\/\/agora.xtec.cat\/iesehtb\/wp-content\/uploads\/usu88\/2015\/02\/image007.jpg\" alt=\"image007\" width=\"140\" height=\"27\" \/><\/a> <a href=\"http:\/\/agora.xtec.cat\/iesehtb\/wp-content\/uploads\/usu88\/2015\/02\/image009.jpg\"><img loading=\"lazy\" decoding=\"async\" class=\"alignnone size-full wp-image-386\" src=\"http:\/\/agora.xtec.cat\/iesehtb\/wp-content\/uploads\/usu88\/2015\/02\/image009.jpg\" alt=\"image009\" width=\"60\" height=\"40\" \/><\/a><\/span><\/span><\/strong> \u00a0<\/span><\/p>\n<p><span style=\"font-size: 10pt;\">Dins del marc de les relacions establertes entre el Departament d&#8217;Ensenyament i la regi\u00f3 de Rh\u00f4ne-Alpes en mat\u00e8ria de Formaci\u00f3 Professional, el projecte Roannais consisteix en integrar , durant un curs escolar, a joves catalans en les seccions europees en Cuina i Servei en Restaurant del CFA du Roannais.Al final de la estada els joves obtindran elCertificat d\u2019Aptitudes Professionnelles (CAP)en cuina o en Servei de Restaurant. Aquesta formaci\u00f3 \u00e9s en r\u00e8gim d\u2019alternan\u00e7a.<\/span><\/p>\n<p style=\"text-align: justify;\"><span style=\"font-size: 10pt;\">Per a m\u00e9s informaci\u00f3:<\/span><\/p>\n<p style=\"text-align: justify;\"><span style=\"font-size: 10pt;\"><a href=\"http:\/\/www.cfa.fr\/\">http:\/\/www.cfa.fr\/<\/a><\/span><\/p>\n","protected":false},"excerpt":{"rendered":"<p>Projecte Roannais \u00a0 Dins del marc de les relacions establertes entre el Departament d&#8217;Ensenyament i la regi\u00f3 de Rh\u00f4ne-Alpes en mat\u00e8ria de Formaci\u00f3 Professional, el projecte Roannais consisteix en integrar , durant un curs escolar, a joves catalans en les seccions europees en Cuina i Servei en Restaurant del CFA du Roannais.Al final de la [&hellip;]<\/p>\n","protected":false},"author":4,"featured_media":0,"parent":338,"menu_order":15,"comment_status":"closed","ping_status":"closed","template":"page-templates\/side-menu.php","meta":{"_bbp_topic_count":0,"_bbp_reply_count":0,"_bbp_total_topic_count":0,"_bbp_total_reply_count":0,"_bbp_voice_count":0,"_bbp_anonymous_reply_count":0,"_bbp_topic_count_hidden":0,"_bbp_reply_count_hidden":0,"_bbp_forum_subforum_count":0,"site-sidebar-layout":"default","site-content-layout":"","ast-site-content-layout":"","site-content-style":"default","site-sidebar-style":"default","ast-global-header-display":"","ast-banner-title-visibility":"","ast-main-header-display":"","ast-hfb-above-header-display":"","ast-hfb-below-header-display":"","ast-hfb-mobile-header-display":"","site-post-title":"","ast-breadcrumbs-content":"","ast-featured-img":"","footer-sml-layout":"","theme-transparent-header-meta":"","adv-header-id-meta":"","stick-header-meta":"","header-above-stick-meta":"","header-main-stick-meta":"","header-below-stick-meta":"","astra-migrate-meta-layouts":"default","ast-page-background-enabled":"default","ast-page-background-meta":{"desktop":{"background-color":"var(--ast-global-color-4)","background-image":"","background-repeat":"repeat","background-position":"center center","background-size":"auto","background-attachment":"scroll","background-type":"","background-media":"","overlay-type":"","overlay-color":"","overlay-opacity":"","overlay-gradient":""},"tablet":{"background-color":"","background-image":"","background-repeat":"repeat","background-position":"center center","background-size":"auto","background-attachment":"scroll","background-type":"","background-media":"","overlay-type":"","overlay-color":"","overlay-opacity":"","overlay-gradient":""},"mobile":{"background-color":"","background-image":"","background-repeat":"repeat","background-position":"center center","background-size":"auto","background-attachment":"scroll","background-type":"","background-media":"","overlay-type":"","overlay-color":"","overlay-opacity":"","overlay-gradient":""}},"ast-content-background-meta":{"desktop":{"background-color":"var(--ast-global-color-5)","background-image":"","background-repeat":"repeat","background-position":"center center","background-size":"auto","background-attachment":"scroll","background-type":"","background-media":"","overlay-type":"","overlay-color":"","overlay-opacity":"","overlay-gradient":""},"tablet":{"background-color":"var(--ast-global-color-5)","background-image":"","background-repeat":"repeat","background-position":"center center","background-size":"auto","background-attachment":"scroll","background-type":"","background-media":"","overlay-type":"","overlay-color":"","overlay-opacity":"","overlay-gradient":""},"mobile":{"background-color":"var(--ast-global-color-5)","background-image":"","background-repeat":"repeat","background-position":"center center","background-size":"auto","background-attachment":"scroll","background-type":"","background-media":"","overlay-type":"","overlay-color":"","overlay-opacity":"","overlay-gradient":""}},"footnotes":""},"class_list":["post-4991","page","type-page","status-publish","hentry"],"post_mailing_queue_ids":[],"_links":{"self":[{"href":"https:\/\/agora.xtec.cat\/iesehtb\/wp-json\/wp\/v2\/pages\/4991","targetHints":{"allow":["GET"]}}],"collection":[{"href":"https:\/\/agora.xtec.cat\/iesehtb\/wp-json\/wp\/v2\/pages"}],"about":[{"href":"https:\/\/agora.xtec.cat\/iesehtb\/wp-json\/wp\/v2\/types\/page"}],"author":[{"embeddable":true,"href":"https:\/\/agora.xtec.cat\/iesehtb\/wp-json\/wp\/v2\/users\/4"}],"replies":[{"embeddable":true,"href":"https:\/\/agora.xtec.cat\/iesehtb\/wp-json\/wp\/v2\/comments?post=4991"}],"version-history":[{"count":2,"href":"https:\/\/agora.xtec.cat\/iesehtb\/wp-json\/wp\/v2\/pages\/4991\/revisions"}],"predecessor-version":[{"id":10587,"href":"https:\/\/agora.xtec.cat\/iesehtb\/wp-json\/wp\/v2\/pages\/4991\/revisions\/10587"}],"up":[{"embeddable":true,"href":"https:\/\/agora.xtec.cat\/iesehtb\/wp-json\/wp\/v2\/pages\/338"}],"wp:attachment":[{"href":"https:\/\/agora.xtec.cat\/iesehtb\/wp-json\/wp\/v2\/media?parent=4991"}],"curies":[{"name":"wp","href":"https:\/\/api.w.org\/{rel}","templated":true}]}}