{"id":430,"date":"2015-02-09T11:54:33","date_gmt":"2015-02-09T10:54:33","guid":{"rendered":"http:\/\/agora.xtec.cat\/iesehtb\/?page_id=430"},"modified":"2026-03-18T20:54:12","modified_gmt":"2026-03-18T19:54:12","slug":"direccio-de-serveis-en-restauracio","status":"publish","type":"page","link":"https:\/\/agora.xtec.cat\/iesehtb\/estudis-2\/cicles-formatius-de-grau-superior\/direccio-de-serveis-en-restauracio\/","title":{"rendered":"CFGS Direcci\u00f3 de Serveis en Restauraci\u00f3"},"content":{"rendered":"<div>\n<table style=\"width: 84.4824%; border-color: #000000; border-style: solid;\" width=\"84.4824%\">\n<tbody>\n<tr>\n<td style=\"width: 20.5686%; border-color: #000000;\" width=\"123\"><strong>CFGS<\/strong><\/td>\n<td style=\"width: 50.0803%; border-color: #000000;\" colspan=\"4\" width=\"308\"><strong>DIRECCI\u00d3 DE SERVEIS EN RESTAURACI\u00d3<\/strong><\/p>\n<p><strong>HTE0<\/strong><\/td>\n<td style=\"width: 29.0541%; border-color: #000000;\" colspan=\"2\" rowspan=\"2\" width=\"165\">(2000 hores<\/p>\n<p>2 cursos acad\u00e8mics)<\/td>\n<\/tr>\n<tr>\n<td style=\"width: 20.5686%; border-color: #000000;\" width=\"123\"><strong>Fam\u00edlia Professional<\/strong><\/td>\n<td style=\"width: 50.0803%; border-color: #000000;\" colspan=\"4\" width=\"308\"><strong>HOTELERIA I TURISME<\/strong><\/td>\n<\/tr>\n<tr>\n<td style=\"width: 99.703%; background-color: #ffa500; border-color: #000000;\" colspan=\"7\" width=\"595\">\n<h3><span style=\"color: #000000;\">Compet\u00e8ncia General<\/span><\/h3>\n<\/td>\n<\/tr>\n<tr>\n<td style=\"width: 99.703%; border-color: #000000;\" colspan=\"7\" width=\"595\">\n<p style=\"text-align: justify;\">La compet\u00e8ncia general d&#8217;aquest t\u00edtol consisteix a dirigir i organitzar la producci\u00f3 i el servei d&#8217;aliments i begudes en restauraci\u00f3, determinant ofertes i recursos, controlant les activitats pr\u00f2pies de l&#8217;aprovisionament, complint els objectius econ\u00f2mics, seguint els protocols de qualitat establerts i actuant segons normes d&#8217;higiene, prevenci\u00f3 de riscos laborals i protecci\u00f3 ambiental.<\/p>\n<\/td>\n<\/tr>\n<tr>\n<td style=\"width: 41.5099%; background-color: #ffa500; border-color: #000000;\" colspan=\"2\" width=\"274\"><strong>\u00a0<\/strong><strong>M\u00f2duls Professionals<\/strong><\/td>\n<td style=\"width: 18.9839%; background-color: #ffa500; border-color: #000000;\" colspan=\"2\" width=\"104\"><strong>Hores a realitzar en el centre educatiu<\/strong><\/td>\n<td style=\"width: 20.3128%; background-color: #ffa500; border-color: #000000;\" colspan=\"2\" width=\"104\"><strong>Hores d\u2019estada a l\u2019empresa<\/strong><\/td>\n<td style=\"width: 18.8963%; background-color: #ffa500; border-color: #000000;\" width=\"113\"><strong>Hores totals<\/strong><\/td>\n<\/tr>\n<tr>\n<td style=\"width: 41.5099%; border-color: #000000;\" colspan=\"2\" width=\"274\">0496. Control de prove\u00efment de mat\u00e8ries primeres<\/td>\n<td style=\"width: 18.9839%; border-color: #000000;\" colspan=\"2\" width=\"104\">66<\/td>\n<td style=\"width: 20.3128%; border-color: #000000;\" colspan=\"2\" width=\"104\">33<\/td>\n<td style=\"width: 18.8963%; border-color: #000000;\" width=\"113\">99<\/td>\n<\/tr>\n<tr>\n<td style=\"width: 41.5099%; border-color: #000000;\" colspan=\"2\" width=\"274\">0501. Gesti\u00f3 de la qualitat i de la seguretat i higiene aliment\u00e0ria<\/td>\n<td style=\"width: 18.9839%; border-color: #000000;\" colspan=\"2\" width=\"104\">66<\/td>\n<td style=\"width: 20.3128%; border-color: #000000;\" colspan=\"2\" width=\"104\">33<\/td>\n<td style=\"width: 18.8963%; border-color: #000000;\" width=\"113\">99<\/td>\n<\/tr>\n<tr>\n<td style=\"width: 41.5099%; border-color: #000000;\" colspan=\"2\" width=\"274\">0502. Gastronomia i nutrici\u00f3<\/td>\n<td style=\"width: 18.9839%; border-color: #000000;\" colspan=\"2\" width=\"104\">33<\/td>\n<td style=\"width: 20.3128%; border-color: #000000;\" colspan=\"2\" width=\"104\"><\/td>\n<td style=\"width: 18.8963%; border-color: #000000;\" width=\"113\">33<\/td>\n<\/tr>\n<tr>\n<td style=\"width: 41.5099%; border-color: #000000;\" colspan=\"2\" width=\"274\">0503. Gesti\u00f3 administrativa i comercial en la restauraci\u00f3<\/td>\n<td style=\"width: 18.9839%; border-color: #000000;\" colspan=\"2\" width=\"104\">66<\/td>\n<td style=\"width: 20.3128%; border-color: #000000;\" colspan=\"2\" width=\"104\">33<\/td>\n<td style=\"width: 18.8963%; border-color: #000000;\" width=\"113\">99<\/td>\n<\/tr>\n<tr>\n<td style=\"width: 41.5099%; border-color: #000000;\" colspan=\"2\" width=\"274\">0504. Recursos humans i direcci\u00f3 d\u2019equips en la restauraci\u00f3<\/td>\n<td style=\"width: 18.9839%; border-color: #000000;\" colspan=\"2\" width=\"104\">66<\/td>\n<td style=\"width: 20.3128%; border-color: #000000;\" colspan=\"2\" width=\"104\">33<\/td>\n<td style=\"width: 18.8963%; border-color: #000000;\" width=\"113\">99<\/td>\n<\/tr>\n<tr>\n<td style=\"width: 41.5099%; border-color: #000000;\" colspan=\"2\" width=\"274\">0509. Processos de servei en bar-cafeteria<\/td>\n<td style=\"width: 18.9839%; border-color: #000000;\" colspan=\"2\" width=\"104\">132<\/td>\n<td style=\"width: 20.3128%; border-color: #000000;\" colspan=\"2\" width=\"104\">99<\/td>\n<td style=\"width: 18.8963%; border-color: #000000;\" width=\"113\">231<\/td>\n<\/tr>\n<tr>\n<td style=\"width: 41.5099%; border-color: #000000;\" colspan=\"2\" width=\"274\">0510. Processos de servei en restaurant<\/td>\n<td style=\"width: 18.9839%; border-color: #000000;\" colspan=\"2\" width=\"104\">198<\/td>\n<td style=\"width: 20.3128%; border-color: #000000;\" colspan=\"2\" width=\"104\">132<\/td>\n<td style=\"width: 18.8963%; border-color: #000000;\" width=\"113\">330<\/td>\n<\/tr>\n<tr>\n<td style=\"width: 41.5099%; border-color: #000000;\" colspan=\"2\" width=\"274\">0511. Sommelieria<\/td>\n<td style=\"width: 18.9839%; border-color: #000000;\" colspan=\"2\" width=\"104\">66<\/td>\n<td style=\"width: 20.3128%; border-color: #000000;\" colspan=\"2\" width=\"104\">66<\/td>\n<td style=\"width: 18.8963%; border-color: #000000;\" width=\"113\">132<\/td>\n<\/tr>\n<tr>\n<td style=\"width: 41.5099%; border-color: #000000;\" colspan=\"2\" width=\"274\">0512. Planificaci\u00f3 i direcci\u00f3 de serveis i esdeveniments en la restauraci\u00f3<\/td>\n<td style=\"width: 18.9839%; border-color: #000000;\" colspan=\"2\" width=\"104\">66<\/td>\n<td style=\"width: 20.3128%; border-color: #000000;\" colspan=\"2\" width=\"104\">66<\/td>\n<td style=\"width: 18.8963%; border-color: #000000;\" width=\"113\">132<\/td>\n<\/tr>\n<tr>\n<td style=\"width: 41.5099%; border-color: #000000;\" colspan=\"2\" width=\"274\">0180 Segona llengua estrangera<\/td>\n<td style=\"width: 18.9839%; border-color: #000000;\" colspan=\"2\" width=\"104\">99<\/td>\n<td style=\"width: 20.3128%; border-color: #000000;\" colspan=\"2\" width=\"104\">20<\/td>\n<td style=\"width: 18.8963%; border-color: #000000;\" width=\"113\">119<\/td>\n<\/tr>\n<tr>\n<td style=\"width: 41.5099%; border-color: #000000;\" colspan=\"2\" width=\"274\">C076. Catal\u00e0\/Aran\u00e8s Professional<\/td>\n<td style=\"width: 18.9839%; border-color: #000000;\" colspan=\"2\" width=\"104\">66<\/td>\n<td style=\"width: 20.3128%; border-color: #000000;\" colspan=\"2\" width=\"104\"><\/td>\n<td style=\"width: 18.8963%; border-color: #000000;\" width=\"113\">66<\/td>\n<\/tr>\n<tr>\n<td style=\"width: 41.5099%; border-color: #000000;\" colspan=\"2\" width=\"274\">0179. Angl\u00e8s professional<\/td>\n<td style=\"width: 18.9839%; border-color: #000000;\" colspan=\"2\" width=\"104\">66<\/td>\n<td style=\"width: 20.3128%; border-color: #000000;\" colspan=\"2\" width=\"104\"><\/td>\n<td style=\"width: 18.8963%; border-color: #000000;\" width=\"113\">66<\/td>\n<\/tr>\n<tr>\n<td style=\"width: 41.5099%; border-color: #000000;\" colspan=\"2\" width=\"274\">1665 Digitalitzaci\u00f3 aplicada als sectors productius<\/td>\n<td style=\"width: 18.9839%; border-color: #000000;\" colspan=\"2\" width=\"104\">33<\/td>\n<td style=\"width: 20.3128%; border-color: #000000;\" colspan=\"2\" width=\"104\"><\/td>\n<td style=\"width: 18.8963%; border-color: #000000;\" width=\"113\">33<\/td>\n<\/tr>\n<tr>\n<td style=\"width: 41.5099%; border-color: #000000;\" colspan=\"2\" width=\"274\">1708 Sostenibilitat aplicada al sistema productiu<\/td>\n<td style=\"width: 18.9839%; border-color: #000000;\" colspan=\"2\" width=\"104\">33<\/td>\n<td style=\"width: 20.3128%; border-color: #000000;\" colspan=\"2\" width=\"104\"><\/td>\n<td style=\"width: 18.8963%; border-color: #000000;\" width=\"113\">33<\/td>\n<\/tr>\n<tr>\n<td style=\"width: 41.5099%; border-color: #000000;\" colspan=\"2\" width=\"274\">1709 Itinerari personal per a l&#8217;ocupabilitat I<\/td>\n<td style=\"width: 18.9839%; border-color: #000000;\" colspan=\"2\" width=\"104\">99<\/td>\n<td style=\"width: 20.3128%; border-color: #000000;\" colspan=\"2\" width=\"104\"><\/td>\n<td style=\"width: 18.8963%; border-color: #000000;\" width=\"113\">99<\/td>\n<\/tr>\n<tr>\n<td style=\"width: 41.5099%; border-color: #000000;\" colspan=\"2\" width=\"274\">1710 Itinerari personal per a l&#8217;ocupabilitat II<\/td>\n<td style=\"width: 18.9839%; border-color: #000000;\" colspan=\"2\" width=\"104\">66<\/td>\n<td style=\"width: 20.3128%; border-color: #000000;\" colspan=\"2\" width=\"104\"><\/td>\n<td style=\"width: 18.8963%; border-color: #000000;\" width=\"113\">66<\/td>\n<\/tr>\n<tr>\n<td style=\"width: 41.5099%; border-color: #000000;\" colspan=\"2\" width=\"274\">1713 Projecte intermodular<\/td>\n<td style=\"width: 18.9839%; border-color: #000000;\" colspan=\"2\" width=\"104\">198<\/td>\n<td style=\"width: 20.3128%; border-color: #000000;\" colspan=\"2\" width=\"104\"><\/td>\n<td style=\"width: 18.8963%; border-color: #000000;\" width=\"113\">198<\/td>\n<\/tr>\n<tr>\n<td style=\"width: 41.5099%; border-color: #000000;\" colspan=\"2\" width=\"274\">M\u00f2dul professional optatiu<\/td>\n<td style=\"width: 18.9839%; border-color: #000000;\" colspan=\"2\" width=\"104\">66<\/td>\n<td style=\"width: 20.3128%; border-color: #000000;\" colspan=\"2\" width=\"104\"><\/td>\n<td style=\"width: 18.8963%; border-color: #000000;\" width=\"113\">66<\/td>\n<\/tr>\n<tr>\n<td style=\"width: 99.703%; background-color: #ffa500; border-color: #000000;\" colspan=\"7\" width=\"595\"><strong>\u00a0<\/strong><strong>Camp professional<\/strong><\/td>\n<\/tr>\n<tr>\n<td style=\"width: 99.703%; border-color: #000000;\" colspan=\"7\" width=\"595\">\n<p style=\"text-align: justify;\">Aquest professional exerceix l\u2019activitat tant en grans com en mitjanes i petites empreses de restauraci\u00f3 del sector p\u00fablic o privat. En aquest cas, realitza les seves funcions sota la depend\u00e8ncia de la direcci\u00f3 o ger\u00e8ncia de restaurant, o superior jer\u00e0rquic equivalent. Tamb\u00e9 poden desenvolupar l\u2019activitat professional en l\u2019\u00e0mbit del comer\u00e7 de vins i d\u2019altres begudes, ja sigui en la venda directa, la distribuci\u00f3 o l\u2019assessoria.<\/p>\n<\/td>\n<\/tr>\n<tr>\n<td style=\"width: 99.703%; background-color: #ffa500; border-color: #000000;\" colspan=\"7\" width=\"595\"><strong>\u00a0<\/strong><strong>Principals ocupacions i llocs de treball<\/strong><\/td>\n<\/tr>\n<tr>\n<td style=\"width: 43.171%; border-color: #000000;\" colspan=\"3\" width=\"297\">Personal director d\u2019aliments i begudes.<\/td>\n<td style=\"width: 56.532%; border-color: #000000;\" colspan=\"4\" width=\"298\">Personal supervisor de restauraci\u00f3 moderna.<\/td>\n<\/tr>\n<tr>\n<td style=\"width: 43.171%; border-color: #000000;\" colspan=\"3\" width=\"297\">Cap de sala.<\/td>\n<td style=\"width: 56.532%; border-color: #000000;\" colspan=\"4\" width=\"298\">Ma\u00eetre.<\/td>\n<\/tr>\n<tr>\n<td style=\"width: 43.171%; border-color: #000000;\" colspan=\"3\" width=\"297\">Cap de banquets.<\/td>\n<td style=\"width: 56.532%; border-color: #000000;\" colspan=\"4\" width=\"298\">Personal encarregat de bar-cafeteria.<\/td>\n<\/tr>\n<tr>\n<td style=\"width: 43.171%; border-color: #000000;\" colspan=\"3\" width=\"297\">Sommelier.<\/td>\n<td style=\"width: 56.532%; border-color: #000000;\" colspan=\"4\" width=\"298\">Cap d\u2019operacions de c\u00e0tering.<\/td>\n<\/tr>\n<tr>\n<td style=\"width: 43.171%; border-color: #000000;\" colspan=\"3\" width=\"297\">Personal encarregat d\u2019economat i celler<\/td>\n<td style=\"width: 56.532%; border-color: #000000;\" colspan=\"4\" width=\"298\">Responsable de compra de begudes.<\/td>\n<\/tr>\n<\/tbody>\n<\/table>\n<\/div>\n<div><\/div>\n<div><a href=\"http:\/\/agora.xtec.cat\/iesehtb\/wp-content\/uploads\/usu88\/2015\/02\/1445910.pdf\" target=\"_blank\" rel=\"noopener noreferrer\">Curr\u00edculum del cicle formatiu de grau superior de direcci\u00f3 de serveis en restauraci\u00f3<\/a>.<\/div>\n<div><a href=\"https:\/\/agora.xtec.cat\/iesehtb\/secretaria\/preinscripcio-cfgs\/preus-aportacions-i-taxes\/\" target=\"_blank\" rel=\"noopener\">Preus, aportacions i taxes.<\/a><\/div>\n","protected":false},"excerpt":{"rendered":"<p>CFGS DIRECCI\u00d3 DE SERVEIS EN RESTAURACI\u00d3 HTE0 (2000 hores 2 cursos acad\u00e8mics) Fam\u00edlia Professional HOTELERIA I TURISME Compet\u00e8ncia General La compet\u00e8ncia general d&#8217;aquest t\u00edtol consisteix a dirigir i organitzar la producci\u00f3 i el servei d&#8217;aliments i begudes en restauraci\u00f3, determinant ofertes i recursos, controlant les activitats pr\u00f2pies de l&#8217;aprovisionament, complint els objectius econ\u00f2mics, seguint els [&hellip;]<\/p>\n","protected":false},"author":1,"featured_media":0,"parent":397,"menu_order":5,"comment_status":"closed","ping_status":"closed","template":"","meta":{"_bbp_topic_count":0,"_bbp_reply_count":0,"_bbp_total_topic_count":0,"_bbp_total_reply_count":0,"_bbp_voice_count":0,"_bbp_anonymous_reply_count":0,"_bbp_topic_count_hidden":0,"_bbp_reply_count_hidden":0,"_bbp_forum_subforum_count":0,"site-sidebar-layout":"default","site-content-layout":"","ast-site-content-layout":"default","site-content-style":"default","site-sidebar-style":"default","ast-global-header-display":"","ast-banner-title-visibility":"","ast-main-header-display":"","ast-hfb-above-header-display":"","ast-hfb-below-header-display":"","ast-hfb-mobile-header-display":"","site-post-title":"","ast-breadcrumbs-content":"","ast-featured-img":"","footer-sml-layout":"","theme-transparent-header-meta":"default","adv-header-id-meta":"","stick-header-meta":"","header-above-stick-meta":"","header-main-stick-meta":"","header-below-stick-meta":"","astra-migrate-meta-layouts":"set","ast-page-background-enabled":"default","ast-page-background-meta":{"desktop":{"background-color":"var(--ast-global-color-4)","background-image":"","background-repeat":"repeat","background-position":"center center","background-size":"auto","background-attachment":"scroll","background-type":"","background-media":"","overlay-type":"","overlay-color":"","overlay-opacity":"","overlay-gradient":""},"tablet":{"background-color":"","background-image":"","background-repeat":"repeat","background-position":"center center","background-size":"auto","background-attachment":"scroll","background-type":"","background-media":"","overlay-type":"","overlay-color":"","overlay-opacity":"","overlay-gradient":""},"mobile":{"background-color":"","background-image":"","background-repeat":"repeat","background-position":"center center","background-size":"auto","background-attachment":"scroll","background-type":"","background-media":"","overlay-type":"","overlay-color":"","overlay-opacity":"","overlay-gradient":""}},"ast-content-background-meta":{"desktop":{"background-color":"var(--ast-global-color-5)","background-image":"","background-repeat":"repeat","background-position":"center center","background-size":"auto","background-attachment":"scroll","background-type":"","background-media":"","overlay-type":"","overlay-color":"","overlay-opacity":"","overlay-gradient":""},"tablet":{"background-color":"var(--ast-global-color-5)","background-image":"","background-repeat":"repeat","background-position":"center center","background-size":"auto","background-attachment":"scroll","background-type":"","background-media":"","overlay-type":"","overlay-color":"","overlay-opacity":"","overlay-gradient":""},"mobile":{"background-color":"var(--ast-global-color-5)","background-image":"","background-repeat":"repeat","background-position":"center center","background-size":"auto","background-attachment":"scroll","background-type":"","background-media":"","overlay-type":"","overlay-color":"","overlay-opacity":"","overlay-gradient":""}},"footnotes":""},"class_list":["post-430","page","type-page","status-publish","hentry"],"post_mailing_queue_ids":[],"_links":{"self":[{"href":"https:\/\/agora.xtec.cat\/iesehtb\/wp-json\/wp\/v2\/pages\/430","targetHints":{"allow":["GET"]}}],"collection":[{"href":"https:\/\/agora.xtec.cat\/iesehtb\/wp-json\/wp\/v2\/pages"}],"about":[{"href":"https:\/\/agora.xtec.cat\/iesehtb\/wp-json\/wp\/v2\/types\/page"}],"author":[{"embeddable":true,"href":"https:\/\/agora.xtec.cat\/iesehtb\/wp-json\/wp\/v2\/users\/1"}],"replies":[{"embeddable":true,"href":"https:\/\/agora.xtec.cat\/iesehtb\/wp-json\/wp\/v2\/comments?post=430"}],"version-history":[{"count":6,"href":"https:\/\/agora.xtec.cat\/iesehtb\/wp-json\/wp\/v2\/pages\/430\/revisions"}],"predecessor-version":[{"id":10797,"href":"https:\/\/agora.xtec.cat\/iesehtb\/wp-json\/wp\/v2\/pages\/430\/revisions\/10797"}],"up":[{"embeddable":true,"href":"https:\/\/agora.xtec.cat\/iesehtb\/wp-json\/wp\/v2\/pages\/397"}],"wp:attachment":[{"href":"https:\/\/agora.xtec.cat\/iesehtb\/wp-json\/wp\/v2\/media?parent=430"}],"curies":[{"name":"wp","href":"https:\/\/api.w.org\/{rel}","templated":true}]}}