{"id":424,"date":"2015-02-09T11:51:37","date_gmt":"2015-02-09T10:51:37","guid":{"rendered":"http:\/\/agora.xtec.cat\/iesehtb\/?page_id=424"},"modified":"2026-03-18T20:52:01","modified_gmt":"2026-03-18T19:52:01","slug":"cfgs-gestio-dallotjaments-turistics","status":"publish","type":"page","link":"https:\/\/agora.xtec.cat\/iesehtb\/estudis-2\/cicles-formatius-de-grau-superior\/cfgs-gestio-dallotjaments-turistics\/","title":{"rendered":"CFGS Gesti\u00f3 d&#8217;Allotjaments Tur\u00edstics"},"content":{"rendered":"<table style=\"width: 84.4824%; border-style: inset; border-color: #000000;\" width=\"84.4824%\">\n<tbody>\n<tr style=\"border-style: solid; border-color: #000000;\">\n<td style=\"width: 20.5686%;\" width=\"123\"><strong>CFGS<\/strong><\/td>\n<td style=\"width: 50.6811%;\" colspan=\"4\" width=\"308\"><strong>GESTI\u00d3 D\u2019ALLOTJAMENTS TUR\u00cdSTICS<\/strong><\/p>\n<p><strong>HTB0<\/strong><\/td>\n<td style=\"width: 28.4627%;\" colspan=\"2\" rowspan=\"2\" width=\"165\">(2000 hores<\/p>\n<p>2 cursos acad\u00e8mics)<\/td>\n<\/tr>\n<tr>\n<td style=\"width: 20.5686%;\" width=\"123\"><strong>Fam\u00edlia Professional<\/strong><\/td>\n<td style=\"width: 50.6811%;\" colspan=\"4\" width=\"308\"><strong>HOTELERIA I TURISME<\/strong><\/td>\n<\/tr>\n<tr>\n<td style=\"background-color: #ffa500; width: 99.7124%;\" colspan=\"7\" width=\"595\">\n<h3><span style=\"color: #000000;\">Compet\u00e8ncia General<\/span><\/h3>\n<\/td>\n<\/tr>\n<tr>\n<td style=\"width: 99.7124%;\" colspan=\"7\" width=\"595\">\n<p style=\"text-align: justify;\">La compet\u00e8ncia general d&#8217;aquest t\u00edtol consisteix a organitzar i controlar establiments d&#8217;allotjament tur\u00edstic, aplicant les pol\u00edtiques empresarials establertes, controlant els objectius dels diferents departaments, les accions comercials i els resultats econ\u00f2mics de l&#8217;establiment, prestant el servei en l&#8217;\u00e0rea d&#8217;allotjament i assegurant la satisfacci\u00f3 dels clients.<\/p>\n<\/td>\n<\/tr>\n<tr>\n<td style=\"background-color: #ffa500; width: 42.8554%;\" colspan=\"2\" width=\"293\"><strong>\u00a0<\/strong><\/p>\n<p><strong>M\u00f2duls Professionals<\/strong><\/td>\n<td style=\"background-color: #ffa500; width: 18.2835%; text-align: center;\" colspan=\"2\" width=\"104\"><strong>Hores a realitzar en el centre educatiu<\/strong><\/td>\n<td style=\"background-color: #ffa500; width: 21.1822%; text-align: center;\" colspan=\"2\" width=\"94\"><strong>Hores d\u2019estada a l\u2019empresa<\/strong><\/td>\n<td style=\"background-color: #ffa500; width: 17.3913%; text-align: center;\" width=\"104\"><strong>Hores totals<\/strong><\/td>\n<\/tr>\n<tr>\n<td style=\"width: 42.8554%;\" colspan=\"2\" width=\"293\">0171 Estructura de mercat tur\u00edstic<\/td>\n<td style=\"width: 18.2835%; text-align: center;\" colspan=\"2\" width=\"104\">66<\/td>\n<td style=\"width: 21.1822%; text-align: center;\" colspan=\"2\" width=\"94\"><\/td>\n<td style=\"width: 17.3913%; text-align: center;\" width=\"104\">66<\/td>\n<\/tr>\n<tr>\n<td style=\"width: 42.8554%;\" colspan=\"2\" width=\"293\">0172 Protocol i relacions p\u00fabliques<\/td>\n<td style=\"width: 18.2835%; text-align: center;\" colspan=\"2\" width=\"104\">66<\/td>\n<td style=\"width: 21.1822%; text-align: center;\" colspan=\"2\" width=\"94\">66<\/td>\n<td style=\"width: 17.3913%; text-align: center;\" width=\"104\">132<\/td>\n<\/tr>\n<tr>\n<td style=\"width: 42.8554%;\" colspan=\"2\" width=\"293\">0173 M\u00e0rqueting tur\u00edstic<\/td>\n<td style=\"width: 18.2835%; text-align: center;\" colspan=\"2\" width=\"104\">99<\/td>\n<td style=\"width: 21.1822%; text-align: center;\" colspan=\"2\" width=\"94\">99<\/td>\n<td style=\"width: 17.3913%; text-align: center;\" width=\"104\">198<\/td>\n<\/tr>\n<tr>\n<td style=\"width: 42.8554%;\" colspan=\"2\" width=\"293\">0174 Direcci\u00f3 d\u2019allotjaments tur\u00edstics<\/td>\n<td style=\"width: 18.2835%; text-align: center;\" colspan=\"2\" width=\"104\">165<\/td>\n<td style=\"width: 21.1822%; text-align: center;\" colspan=\"2\" width=\"94\">99<\/td>\n<td style=\"width: 17.3913%; text-align: center;\" width=\"104\">264<\/td>\n<\/tr>\n<tr>\n<td style=\"width: 42.8554%;\" colspan=\"2\" width=\"293\">0175 Gesti\u00f3 del departament de pisos<\/td>\n<td style=\"width: 18.2835%; text-align: center;\" colspan=\"2\" width=\"104\">99<\/td>\n<td style=\"width: 21.1822%; text-align: center;\" colspan=\"2\" width=\"94\">66<\/td>\n<td style=\"width: 17.3913%; text-align: center;\" width=\"104\">165<\/td>\n<\/tr>\n<tr>\n<td style=\"width: 42.8554%;\" colspan=\"2\" width=\"293\">0176 Recepci\u00f3 i reserves<\/td>\n<td style=\"width: 18.2835%; text-align: center;\" colspan=\"2\" width=\"104\">132<\/td>\n<td style=\"width: 21.1822%; text-align: center;\" colspan=\"2\" width=\"94\">99<\/td>\n<td style=\"width: 17.3913%; text-align: center;\" width=\"104\">231<\/td>\n<\/tr>\n<tr>\n<td style=\"width: 42.8554%;\" colspan=\"2\" width=\"293\">0177 Recursos humans en l\u2019allotjament<\/td>\n<td style=\"width: 18.2835%; text-align: center;\" colspan=\"2\" width=\"104\">66<\/td>\n<td style=\"width: 21.1822%; text-align: center;\" colspan=\"2\" width=\"94\">33<\/td>\n<td style=\"width: 17.3913%; text-align: center;\" width=\"104\">99<\/td>\n<\/tr>\n<tr>\n<td style=\"width: 42.8554%;\" colspan=\"2\" width=\"293\">0178 Comercialitzaci\u00f3 d\u2019esdeveniments<\/td>\n<td style=\"width: 18.2835%; text-align: center;\" colspan=\"2\" width=\"104\">66<\/td>\n<td style=\"width: 21.1822%; text-align: center;\" colspan=\"2\" width=\"94\">33<\/td>\n<td style=\"width: 17.3913%; text-align: center;\" width=\"104\">99<\/td>\n<\/tr>\n<tr>\n<td style=\"width: 42.8554%;\" colspan=\"2\" width=\"293\">0180 Segona llengua estrangera.<\/td>\n<td style=\"width: 18.2835%; text-align: center;\" colspan=\"2\" width=\"104\">99<\/td>\n<td style=\"width: 21.1822%; text-align: center;\" colspan=\"2\" width=\"94\">20<\/td>\n<td style=\"width: 17.3913%; text-align: center;\" width=\"104\">119<\/td>\n<\/tr>\n<tr>\n<td style=\"width: 42.8554%;\" colspan=\"2\" width=\"293\">C076. Catal\u00e0\/Aran\u00e8s Professional<\/td>\n<td style=\"width: 18.2835%; text-align: center;\" colspan=\"2\" width=\"104\">66<\/td>\n<td style=\"width: 21.1822%; text-align: center;\" colspan=\"2\" width=\"94\"><\/td>\n<td style=\"width: 17.3913%; text-align: center;\" width=\"104\">66<\/td>\n<\/tr>\n<tr>\n<td style=\"width: 42.8554%;\" colspan=\"2\" width=\"293\">0179\u00a0 Angl\u00e8s professional.<\/td>\n<td style=\"width: 18.2835%; text-align: center;\" colspan=\"2\" width=\"104\">66<\/td>\n<td style=\"width: 21.1822%; text-align: center;\" colspan=\"2\" width=\"94\"><\/td>\n<td style=\"width: 17.3913%; text-align: center;\" width=\"104\">66<\/td>\n<\/tr>\n<tr>\n<td style=\"width: 42.8554%;\" colspan=\"2\" width=\"293\">1665\u00a0 Digitalitzaci\u00f3 aplicada als sectors productius.<\/td>\n<td style=\"width: 18.2835%; text-align: center;\" colspan=\"2\" width=\"104\">33<\/td>\n<td style=\"width: 21.1822%; text-align: center;\" colspan=\"2\" width=\"94\"><\/td>\n<td style=\"width: 17.3913%; text-align: center;\" width=\"104\">33<\/td>\n<\/tr>\n<tr>\n<td style=\"width: 42.8554%;\" colspan=\"2\" width=\"293\">1708. Sostenibilitat aplicada al sistema productiu.<\/td>\n<td style=\"width: 18.2835%; text-align: center;\" colspan=\"2\" width=\"104\">33<\/td>\n<td style=\"width: 21.1822%; text-align: center;\" colspan=\"2\" width=\"94\"><\/td>\n<td style=\"width: 17.3913%; text-align: center;\" width=\"104\">33<\/td>\n<\/tr>\n<tr>\n<td style=\"width: 42.8554%;\" colspan=\"2\" width=\"293\">1709. Itinerari personal per a l&#8217;ocupabilitat I.<\/td>\n<td style=\"width: 18.2835%; text-align: center;\" colspan=\"2\" width=\"104\">99<\/td>\n<td style=\"width: 21.1822%; text-align: center;\" colspan=\"2\" width=\"94\"><\/td>\n<td style=\"width: 17.3913%; text-align: center;\" width=\"104\">99<\/td>\n<\/tr>\n<tr>\n<td style=\"width: 42.8554%;\" colspan=\"2\" width=\"293\">1710. Itinerari personal per a l&#8217;ocupabilitat II<\/td>\n<td style=\"width: 18.2835%; text-align: center;\" colspan=\"2\" width=\"104\">66<\/td>\n<td style=\"width: 21.1822%; text-align: center;\" colspan=\"2\" width=\"94\"><\/td>\n<td style=\"width: 17.3913%; text-align: center;\" width=\"104\">66<\/td>\n<\/tr>\n<tr>\n<td style=\"width: 42.8554%;\" colspan=\"2\" width=\"293\">1713. Projecte intermodular.<\/td>\n<td style=\"width: 18.2835%; text-align: center;\" colspan=\"2\" width=\"104\">198<\/td>\n<td style=\"width: 21.1822%; text-align: center;\" colspan=\"2\" width=\"94\"><\/td>\n<td style=\"width: 17.3913%; text-align: center;\" width=\"104\">198<\/td>\n<\/tr>\n<tr>\n<td style=\"width: 42.8554%;\" colspan=\"2\" width=\"293\">M\u00f2dul professional optatiu.<\/td>\n<td style=\"width: 18.2835%; text-align: center;\" colspan=\"2\" width=\"104\">66<\/td>\n<td style=\"width: 21.1822%; text-align: center;\" colspan=\"2\" width=\"94\"><\/td>\n<td style=\"width: 17.3913%; text-align: center;\" width=\"104\">66<\/td>\n<\/tr>\n<tr>\n<td style=\"background-color: #ffa500; width: 99.7124%;\" colspan=\"7\" width=\"595\"><strong>\u00a0<\/strong><strong>Camp professional<\/strong><\/td>\n<\/tr>\n<tr>\n<td style=\"width: 99.7124%;\" colspan=\"7\" width=\"595\">\n<p style=\"text-align: justify;\">Aquest professional exercir\u00e0 l\u2019activitat habitualment al sector tur\u00edstic, en especial en el subsector dels allotjaments tur\u00edstics tant hotelers com extrahotelers, incloent-hi tamb\u00e9 alguns tipus afins com les resid\u00e8ncies sanit\u00e0ries, hospital\u00e0ries, d\u2019estudiants, entre d\u2019altres, sigui quina sigui la seva modalitat.<\/p>\n<\/td>\n<\/tr>\n<tr>\n<td style=\"width: 99.7124%; background-color: #ffa500;\" colspan=\"7\" width=\"595\"><strong>\u00a0<\/strong><strong>Principals ocupacions i llocs de treball<\/strong><\/td>\n<\/tr>\n<tr>\n<td style=\"width: 44.5166%;\" colspan=\"3\" width=\"298\">Subdirectors d\u2019allotjaments d\u2019establiments tur\u00edstics.<\/td>\n<td style=\"width: 55.1958%;\" colspan=\"4\" width=\"298\">Caps de recepci\u00f3.<\/td>\n<\/tr>\n<tr>\n<td style=\"width: 44.5166%;\" colspan=\"3\" width=\"298\">Encarregats de reserves.<\/td>\n<td style=\"width: 55.1958%;\" colspan=\"4\" width=\"298\">Caps de reserves.<\/td>\n<\/tr>\n<tr>\n<td style=\"width: 44.5166%;\" colspan=\"3\" width=\"298\">Coordinadors de qualitat.<\/td>\n<td style=\"width: 55.1958%;\" colspan=\"4\" width=\"298\">Governants o supervisors generals del servei de pisos i neteja<\/td>\n<\/tr>\n<tr>\n<td style=\"width: 44.5166%;\" colspan=\"3\" width=\"298\">Subgovernants o supervisors de secci\u00f3 del servei de pisos i neteja.<\/td>\n<td style=\"width: 55.1958%;\" colspan=\"4\" width=\"298\">Gestors d\u2019allotjament en resid\u00e8ncies, hospitals i similars.<\/td>\n<\/tr>\n<tr>\n<td style=\"width: 44.5166%;\" colspan=\"3\" width=\"298\">Gestors d\u2019allotjament en cases rurals.<\/td>\n<td style=\"width: 55.1958%;\" colspan=\"4\" width=\"298\">Coordinadors d\u2019esdeveniments.<\/td>\n<\/tr>\n<tr>\n<td style=\"width: 44.5166%;\" colspan=\"3\" width=\"298\">Caps de vendes en establiments d\u2019allotjaments tur\u00edstics.<\/td>\n<td style=\"width: 55.1958%;\" colspan=\"4\" width=\"298\">Agents comercials d\u2019establiments d\u2019allotjaments tur\u00edstics.<\/td>\n<\/tr>\n<\/tbody>\n<\/table>\n<p><a href=\"http:\/\/agora.xtec.cat\/iesehtb\/wp-content\/uploads\/usu88\/2015\/02\/DOGC_TS_allotjaments_turistics.pdf\" target=\"_blank\" rel=\"noopener noreferrer\">Curr\u00edculum del cicle formatiu de grau superior de gesti\u00f3 d\u2019allotjaments tur\u00edstics<\/a><\/p>\n<blockquote class=\"wp-embedded-content\" data-secret=\"dTGg1qBurZ\"><p><a href=\"https:\/\/agora.xtec.cat\/iesehtb\/secretaria\/preinscripcio-cfgs\/preus-aportacions-i-taxes\/\">Preus, aportacions i taxes CFGS<\/a><\/p><\/blockquote>\n<p><iframe loading=\"lazy\" class=\"wp-embedded-content\" sandbox=\"allow-scripts\" security=\"restricted\" style=\"position: absolute; visibility: hidden;\" title=\"&#8220;Preus, aportacions i taxes CFGS&#8221; &#8212; INS Escola Hoteleria i Turisme de Barcelona\" src=\"https:\/\/agora.xtec.cat\/iesehtb\/secretaria\/preinscripcio-cfgs\/preus-aportacions-i-taxes\/embed\/#?secret=Mvxb4Tt7JH#?secret=dTGg1qBurZ\" data-secret=\"dTGg1qBurZ\" width=\"500\" height=\"282\" frameborder=\"0\" marginwidth=\"0\" marginheight=\"0\" scrolling=\"no\"><\/iframe><\/p>\n","protected":false},"excerpt":{"rendered":"<p>CFGS GESTI\u00d3 D\u2019ALLOTJAMENTS TUR\u00cdSTICS HTB0 (2000 hores 2 cursos acad\u00e8mics) Fam\u00edlia Professional HOTELERIA I TURISME Compet\u00e8ncia General La compet\u00e8ncia general d&#8217;aquest t\u00edtol consisteix a organitzar i controlar establiments d&#8217;allotjament tur\u00edstic, aplicant les pol\u00edtiques empresarials establertes, controlant els objectius dels diferents departaments, les accions comercials i els resultats econ\u00f2mics de l&#8217;establiment, prestant el servei en l&#8217;\u00e0rea [&hellip;]<\/p>\n","protected":false},"author":1,"featured_media":0,"parent":397,"menu_order":2,"comment_status":"closed","ping_status":"closed","template":"","meta":{"_bbp_topic_count":0,"_bbp_reply_count":0,"_bbp_total_topic_count":0,"_bbp_total_reply_count":0,"_bbp_voice_count":0,"_bbp_anonymous_reply_count":0,"_bbp_topic_count_hidden":0,"_bbp_reply_count_hidden":0,"_bbp_forum_subforum_count":0,"site-sidebar-layout":"default","site-content-layout":"","ast-site-content-layout":"default","site-content-style":"default","site-sidebar-style":"default","ast-global-header-display":"","ast-banner-title-visibility":"","ast-main-header-display":"","ast-hfb-above-header-display":"","ast-hfb-below-header-display":"","ast-hfb-mobile-header-display":"","site-post-title":"","ast-breadcrumbs-content":"","ast-featured-img":"","footer-sml-layout":"","theme-transparent-header-meta":"default","adv-header-id-meta":"","stick-header-meta":"","header-above-stick-meta":"","header-main-stick-meta":"","header-below-stick-meta":"","astra-migrate-meta-layouts":"set","ast-page-background-enabled":"default","ast-page-background-meta":{"desktop":{"background-color":"var(--ast-global-color-4)","background-image":"","background-repeat":"repeat","background-position":"center center","background-size":"auto","background-attachment":"scroll","background-type":"","background-media":"","overlay-type":"","overlay-color":"","overlay-opacity":"","overlay-gradient":""},"tablet":{"background-color":"","background-image":"","background-repeat":"repeat","background-position":"center center","background-size":"auto","background-attachment":"scroll","background-type":"","background-media":"","overlay-type":"","overlay-color":"","overlay-opacity":"","overlay-gradient":""},"mobile":{"background-color":"","background-image":"","background-repeat":"repeat","background-position":"center center","background-size":"auto","background-attachment":"scroll","background-type":"","background-media":"","overlay-type":"","overlay-color":"","overlay-opacity":"","overlay-gradient":""}},"ast-content-background-meta":{"desktop":{"background-color":"var(--ast-global-color-5)","background-image":"","background-repeat":"repeat","background-position":"center center","background-size":"auto","background-attachment":"scroll","background-type":"","background-media":"","overlay-type":"","overlay-color":"","overlay-opacity":"","overlay-gradient":""},"tablet":{"background-color":"var(--ast-global-color-5)","background-image":"","background-repeat":"repeat","background-position":"center center","background-size":"auto","background-attachment":"scroll","background-type":"","background-media":"","overlay-type":"","overlay-color":"","overlay-opacity":"","overlay-gradient":""},"mobile":{"background-color":"var(--ast-global-color-5)","background-image":"","background-repeat":"repeat","background-position":"center center","background-size":"auto","background-attachment":"scroll","background-type":"","background-media":"","overlay-type":"","overlay-color":"","overlay-opacity":"","overlay-gradient":""}},"footnotes":""},"class_list":["post-424","page","type-page","status-publish","hentry"],"post_mailing_queue_ids":[],"_links":{"self":[{"href":"https:\/\/agora.xtec.cat\/iesehtb\/wp-json\/wp\/v2\/pages\/424","targetHints":{"allow":["GET"]}}],"collection":[{"href":"https:\/\/agora.xtec.cat\/iesehtb\/wp-json\/wp\/v2\/pages"}],"about":[{"href":"https:\/\/agora.xtec.cat\/iesehtb\/wp-json\/wp\/v2\/types\/page"}],"author":[{"embeddable":true,"href":"https:\/\/agora.xtec.cat\/iesehtb\/wp-json\/wp\/v2\/users\/1"}],"replies":[{"embeddable":true,"href":"https:\/\/agora.xtec.cat\/iesehtb\/wp-json\/wp\/v2\/comments?post=424"}],"version-history":[{"count":7,"href":"https:\/\/agora.xtec.cat\/iesehtb\/wp-json\/wp\/v2\/pages\/424\/revisions"}],"predecessor-version":[{"id":10793,"href":"https:\/\/agora.xtec.cat\/iesehtb\/wp-json\/wp\/v2\/pages\/424\/revisions\/10793"}],"up":[{"embeddable":true,"href":"https:\/\/agora.xtec.cat\/iesehtb\/wp-json\/wp\/v2\/pages\/397"}],"wp:attachment":[{"href":"https:\/\/agora.xtec.cat\/iesehtb\/wp-json\/wp\/v2\/media?parent=424"}],"curies":[{"name":"wp","href":"https:\/\/api.w.org\/{rel}","templated":true}]}}