{"id":422,"date":"2015-02-09T11:48:30","date_gmt":"2015-02-09T10:48:30","guid":{"rendered":"http:\/\/agora.xtec.cat\/iesehtb\/?page_id=422"},"modified":"2026-03-18T20:52:37","modified_gmt":"2026-03-18T19:52:37","slug":"cfgs-agencies-de-viatges","status":"publish","type":"page","link":"https:\/\/agora.xtec.cat\/iesehtb\/estudis-2\/cicles-formatius-de-grau-superior\/cfgs-agencies-de-viatges\/","title":{"rendered":"CFGS Ag\u00e8ncies de Viatges, Gesti\u00f3 d&#8217;Esdeveniments i Creuers"},"content":{"rendered":"<table style=\"height: 2136px; width: 84.4824%; border-style: solid; border-color: #000000;\" width=\"84.4824%\">\n<tbody>\n<tr style=\"height: 119px;\">\n<td style=\"height: 119px; width: 20.4319%;\" width=\"123\"><strong>CFGS<\/strong><\/td>\n<td style=\"height: 119px; width: 50.7004%;\" colspan=\"4\" width=\"308\"><strong>AG\u00c8NCIES DE VIATGES GESTI\u00d3 D&#8217;ESDEVENIMENTS I CREUERS<br \/>\n<\/strong><strong>HTA0<\/strong><\/td>\n<td style=\"height: 198px; width: 28.5188%;\" colspan=\"2\" rowspan=\"2\" width=\"165\">(2000 hores<\/p>\n<p>2 cursos acad\u00e8mics)<\/td>\n<\/tr>\n<tr style=\"height: 79px;\">\n<td style=\"height: 79px; width: 20.4319%;\" width=\"123\"><strong>Fam\u00edlia Professional<\/strong><\/td>\n<td style=\"height: 79px; width: 50.7004%;\" colspan=\"4\" width=\"308\"><strong>HOTELERIA I TURISME<\/strong><\/td>\n<\/tr>\n<tr style=\"height: 54px;\">\n<td style=\"background-color: #ffa500; width: 99.6511%; height: 54px;\" colspan=\"7\" width=\"595\">\n<h3><span style=\"color: #000000;\">Compet\u00e8ncia General<\/span><\/h3>\n<\/td>\n<\/tr>\n<tr style=\"height: 124px;\">\n<td style=\"height: 92px; text-align: justify; width: 99.6511%;\" colspan=\"7\" width=\"595\">La compet\u00e8ncia general d&#8217;aquest t\u00edtol consisteix a programar i realitzar viatges combinats i tot tipus d&#8217;esdeveniments, vendre serveis tur\u00edstics en ag\u00e8ncies de viatges i a trav\u00e9s d&#8217;altres unitats de distribuci\u00f3, proposant accions per al desenvolupament dels seus programes de m\u00e0rqueting i assegurant la satisfacci\u00f3 dels clients.<\/td>\n<\/tr>\n<tr>\n<td style=\"background-color: #ffa500; height: 124px; width: 41.7387%;\" colspan=\"2\" width=\"274\"><strong>\u00a0<\/strong><strong>M\u00f2duls Professionals<\/strong><\/td>\n<td style=\"background-color: #ffa500; height: 124px; text-align: center; width: 19.2525%;\" colspan=\"2\" width=\"108\"><strong>Hores a realitzar en el centre educatiu<\/strong><\/td>\n<td style=\"background-color: #ffa500; height: 124px; text-align: center; width: 20.3876%;\" colspan=\"2\" width=\"102\"><strong>Hores d\u2019estada a l\u2019empresa<\/strong><\/td>\n<td style=\"background-color: #ffa500; height: 124px; text-align: center; width: 18.2724%;\" width=\"110\"><strong>Hores totals<\/strong><\/td>\n<\/tr>\n<tr style=\"height: 57px;\">\n<td style=\"height: 57px; width: 41.7387%;\" colspan=\"2\" width=\"274\">0171\u00a0 Estructura del mercat tur\u00edstic<\/td>\n<td style=\"height: 57px; text-align: center; width: 19.2525%;\" colspan=\"2\" width=\"108\">66<\/td>\n<td style=\"height: 57px; text-align: center; width: 20.3876%;\" colspan=\"2\" width=\"102\"><\/td>\n<td style=\"height: 57px; text-align: center; width: 18.2724%;\" width=\"110\">66<\/td>\n<\/tr>\n<tr style=\"height: 57px;\">\n<td style=\"height: 57px; width: 41.7387%;\" colspan=\"2\" width=\"274\">0172 Protocol i relacions p\u00fabliques<\/td>\n<td style=\"height: 57px; text-align: center; width: 19.2525%;\" colspan=\"2\" width=\"108\">66<\/td>\n<td style=\"height: 57px; text-align: center; width: 20.3876%;\" colspan=\"2\" width=\"102\">66<\/td>\n<td style=\"height: 57px; text-align: center; width: 18.2724%;\" width=\"110\">132<\/td>\n<\/tr>\n<tr style=\"height: 57px;\">\n<td style=\"height: 57px; width: 41.7387%;\" colspan=\"2\" width=\"274\">0173 M\u00e0rqueting tur\u00edstic<\/td>\n<td style=\"height: 57px; text-align: center; width: 19.2525%;\" colspan=\"2\" width=\"108\">99<\/td>\n<td style=\"height: 57px; text-align: center; width: 20.3876%;\" colspan=\"2\" width=\"102\">99<\/td>\n<td style=\"height: 57px; text-align: center; width: 18.2724%;\" width=\"110\">198<\/td>\n<\/tr>\n<tr style=\"height: 57px;\">\n<td style=\"height: 57px; width: 41.7387%;\" colspan=\"2\" width=\"274\">0383\u00a0 Destinacions tur\u00edstiques<\/td>\n<td style=\"height: 57px; text-align: center; width: 19.2525%;\" colspan=\"2\" width=\"108\">132<\/td>\n<td style=\"height: 57px; text-align: center; width: 20.3876%;\" colspan=\"2\" width=\"102\"><\/td>\n<td style=\"height: 57px; text-align: center; width: 18.2724%;\" width=\"110\">132<\/td>\n<\/tr>\n<tr style=\"height: 57px;\">\n<td style=\"height: 57px; width: 41.7387%;\" colspan=\"2\" width=\"274\">0384 Recursos tur\u00edstics<\/td>\n<td style=\"height: 57px; text-align: center; width: 19.2525%;\" colspan=\"2\" width=\"108\">99<\/td>\n<td style=\"height: 57px; text-align: center; width: 20.3876%;\" colspan=\"2\" width=\"102\">99<\/td>\n<td style=\"height: 57px; text-align: center; width: 18.2724%;\" width=\"110\">198<\/td>\n<\/tr>\n<tr style=\"height: 57px;\">\n<td style=\"height: 57px; width: 41.7387%;\" colspan=\"2\" width=\"274\">0397 Gesti\u00f3 de productes tur\u00edstics<\/td>\n<td style=\"height: 57px; text-align: center; width: 19.2525%;\" colspan=\"2\" width=\"108\">66<\/td>\n<td style=\"height: 57px; text-align: center; width: 20.3876%;\" colspan=\"2\" width=\"102\">66<\/td>\n<td style=\"height: 57px; text-align: center; width: 18.2724%;\" width=\"110\">132<\/td>\n<\/tr>\n<tr style=\"height: 57px;\">\n<td style=\"height: 57px; width: 41.7387%;\" colspan=\"2\" width=\"274\">0398 Venda de serveis tur\u00edstic<\/td>\n<td style=\"height: 57px; text-align: center; width: 19.2525%;\" colspan=\"2\" width=\"108\">99<\/td>\n<td style=\"height: 57px; text-align: center; width: 20.3876%;\" colspan=\"2\" width=\"102\">99<\/td>\n<td style=\"height: 57px; text-align: center; width: 18.2724%;\" width=\"110\">198<\/td>\n<\/tr>\n<tr style=\"height: 79px;\">\n<td style=\"height: 79px; width: 41.7387%;\" colspan=\"2\" width=\"274\">0399 Direcci\u00f3 d\u2019entitats d\u2019intermediaci\u00f3 tur\u00edstica<\/td>\n<td style=\"height: 79px; text-align: center; width: 19.2525%;\" colspan=\"2\" width=\"108\">132<\/td>\n<td style=\"height: 79px; text-align: center; width: 20.3876%;\" colspan=\"2\" width=\"102\">66<\/td>\n<td style=\"height: 79px; text-align: center; width: 18.2724%;\" width=\"110\">198<\/td>\n<\/tr>\n<tr style=\"height: 57px;\">\n<td style=\"height: 57px; width: 41.7387%;\" colspan=\"2\" width=\"274\">0180\u00a0 Segona llengua estrangera<\/td>\n<td style=\"height: 57px; text-align: center; width: 19.2525%;\" colspan=\"2\" width=\"108\">99<\/td>\n<td style=\"height: 57px; text-align: center; width: 20.3876%;\" colspan=\"2\" width=\"102\">20<\/td>\n<td style=\"height: 57px; text-align: center; width: 18.2724%;\" width=\"110\">119<\/td>\n<\/tr>\n<tr style=\"height: 57px;\">\n<td style=\"height: 57px; width: 41.7387%;\" colspan=\"2\" width=\"274\">C076\u00a0 Catal\u00e0 Professional<\/td>\n<td style=\"height: 57px; text-align: center; width: 19.2525%;\" colspan=\"2\" width=\"108\">66<\/td>\n<td style=\"height: 57px; text-align: center; width: 20.3876%;\" colspan=\"2\" width=\"102\"><\/td>\n<td style=\"height: 57px; text-align: center; width: 18.2724%;\" width=\"110\">66<\/td>\n<\/tr>\n<tr style=\"height: 57px;\">\n<td style=\"height: 57px; width: 41.7387%;\" colspan=\"2\" width=\"274\">0179\u00a0 Angl\u00e8s professional<\/td>\n<td style=\"height: 57px; text-align: center; width: 19.2525%;\" colspan=\"2\" width=\"108\">66<\/td>\n<td style=\"height: 57px; text-align: center; width: 20.3876%;\" colspan=\"2\" width=\"102\"><\/td>\n<td style=\"height: 57px; text-align: center; width: 18.2724%;\" width=\"110\">66<\/td>\n<\/tr>\n<tr style=\"height: 79px;\">\n<td style=\"height: 79px; width: 41.7387%;\" colspan=\"2\" width=\"274\">1665: Digitalitzaci\u00f3 aplicada als sectors productius<\/td>\n<td style=\"height: 79px; text-align: center; width: 19.2525%;\" colspan=\"2\" width=\"108\">33<\/td>\n<td style=\"height: 79px; text-align: center; width: 20.3876%;\" colspan=\"2\" width=\"102\"><\/td>\n<td style=\"height: 79px; text-align: center; width: 18.2724%;\" width=\"110\">33<\/td>\n<\/tr>\n<tr style=\"height: 79px;\">\n<td style=\"height: 79px; width: 41.7387%;\" colspan=\"2\" width=\"274\">1708: Sostenibilitat aplicada al sistema productiu<\/td>\n<td style=\"height: 79px; text-align: center; width: 19.2525%;\" colspan=\"2\" width=\"108\">33<\/td>\n<td style=\"height: 79px; text-align: center; width: 20.3876%;\" colspan=\"2\" width=\"102\"><\/td>\n<td style=\"height: 79px; text-align: center; width: 18.2724%;\" width=\"110\">33<\/td>\n<\/tr>\n<tr style=\"height: 79px;\">\n<td style=\"height: 79px; width: 41.7387%;\" colspan=\"2\" width=\"274\">1709. Itinerari personal per a l&#8217;ocupabilitat I.<\/td>\n<td style=\"height: 79px; text-align: center; width: 19.2525%;\" colspan=\"2\" width=\"108\">99<\/td>\n<td style=\"height: 79px; text-align: center; width: 20.3876%;\" colspan=\"2\" width=\"102\"><\/td>\n<td style=\"height: 79px; text-align: center; width: 18.2724%;\" width=\"110\">99<\/td>\n<\/tr>\n<tr style=\"height: 79px;\">\n<td style=\"height: 79px; width: 41.7387%;\" colspan=\"2\" width=\"274\">1710. Itinerari personal per a l&#8217;ocupabilitat II<\/td>\n<td style=\"height: 79px; text-align: center; width: 19.2525%;\" colspan=\"2\" width=\"108\">66<\/td>\n<td style=\"height: 79px; text-align: center; width: 20.3876%;\" colspan=\"2\" width=\"102\"><\/td>\n<td style=\"height: 79px; text-align: center; width: 18.2724%;\" width=\"110\">66<\/td>\n<\/tr>\n<tr style=\"height: 57px;\">\n<td style=\"height: 57px; width: 41.7387%;\" colspan=\"2\" width=\"274\">1713. Projecte intermodular.<\/td>\n<td style=\"height: 57px; text-align: center; width: 19.2525%;\" colspan=\"2\" width=\"108\">198<\/td>\n<td style=\"height: 57px; text-align: center; width: 20.3876%;\" colspan=\"2\" width=\"102\"><\/td>\n<td style=\"height: 57px; text-align: center; width: 18.2724%;\" width=\"110\">198<\/td>\n<\/tr>\n<tr style=\"height: 57px;\">\n<td style=\"height: 57px; width: 41.7387%;\" colspan=\"2\" width=\"274\">M\u00f2dul professional optatiu.<\/td>\n<td style=\"height: 57px; text-align: center; width: 19.2525%;\" colspan=\"2\" width=\"108\">66<\/td>\n<td style=\"height: 57px; text-align: center; width: 20.3876%;\" colspan=\"2\" width=\"102\"><\/td>\n<td style=\"height: 57px; text-align: center; width: 18.2724%;\" width=\"110\">66<\/td>\n<\/tr>\n<tr>\n<td style=\"height: 20px; background-color: #ffa500; width: 99.6511%;\" colspan=\"7\" width=\"595\"><strong>\u00a0<\/strong><strong>Camp professional<\/strong><\/td>\n<\/tr>\n<tr style=\"height: 231px;\">\n<td style=\"height: 231px; width: 99.6511%;\" colspan=\"7\" width=\"595\">\n<p style=\"text-align: justify;\">Aquest professional exercir\u00e0 l\u2019activitat en el sector tur\u00edstic, en el subsector de les ag\u00e8ncies de viatges minoristes, majoristes i majoristes-minoristes, aix\u00ed com en les ag\u00e8ncies especialitzades en recepci\u00f3 i esdeveniments.<\/p>\n<p style=\"text-align: justify;\">Es tracta de treballadors per compte propi que gestionen la seva pr\u00f2pia ag\u00e8ncia de viatges o esdeveniments, o de treballadors per compte ali\u00e8 que exerceixen la seva activitat professional com empleats o caps d\u2019oficina i\/o departament en les \u00e0rees funcionals d\u2019administraci\u00f3, de reserves, de producte o de venda de serveis i productes tur\u00edstics i esdeveniments.<\/p>\n<\/td>\n<\/tr>\n<tr>\n<td style=\"height: 44px; background-color: #ffa500; width: 99.6511%;\" colspan=\"7\" width=\"595\"><strong>\u00a0<\/strong><strong>Principals ocupacions i llocs de treball<\/strong><\/td>\n<\/tr>\n<tr style=\"height: 79px;\">\n<td style=\"height: 79px; width: 51.3649%;\" colspan=\"3\" width=\"297\">Cap d\u2019oficina d\u2019ag\u00e8ncia de viatges.<\/td>\n<td style=\"height: 79px; width: 48.2862%;\" colspan=\"4\" width=\"298\">Cap de departament en ag\u00e8ncia de viatges.<\/td>\n<\/tr>\n<tr style=\"height: 57px;\">\n<td style=\"height: 57px; width: 51.3649%;\" colspan=\"3\" width=\"297\">Agent de viatges.<\/td>\n<td style=\"height: 57px; width: 48.2862%;\" colspan=\"4\" width=\"298\">Personal consultor de viatges.<\/td>\n<\/tr>\n<tr style=\"height: 79px;\">\n<td style=\"height: 79px; width: 51.3649%;\" colspan=\"3\" width=\"297\">Personal organitzador d\u2019esdeveniments.<\/td>\n<td style=\"height: 79px; width: 48.2862%;\" colspan=\"4\" width=\"298\">Personal venedor de serveis de viatge i viatges programats.<\/td>\n<\/tr>\n<tr style=\"height: 79px;\">\n<td style=\"height: 79px; width: 51.3649%;\" colspan=\"3\" width=\"297\">Personal promotor comercial de viatges i serveis tur\u00edstics.<\/td>\n<td style=\"height: 79px; width: 48.2862%;\" colspan=\"4\" width=\"298\">Personal empleat del departament de reserves (booking)<\/td>\n<\/tr>\n<\/tbody>\n<\/table>\n<div><a href=\"https:\/\/agora.xtec.cat\/iesehtb\/wp-content\/uploads\/usu88\/2024\/05\/TS_agencies_viatges.pdf\" target=\"_blank\" rel=\"noopener\">Curr\u00edculum del cicle formatiu de grau superior d&#8217;ag\u00e8ncies de viatges, gesti\u00f3 d&#8217;esdeveniments i creuers.<\/a><\/div>\n<div><a href=\"https:\/\/agora.xtec.cat\/iesehtb\/secretaria\/preinscripcio-cfgs\/preus-aportacions-i-taxes\/\" target=\"_blank\" rel=\"noopener\">Preus, aportacions i taxes.<\/a><\/div>\n","protected":false},"excerpt":{"rendered":"<p>CFGS AG\u00c8NCIES DE VIATGES GESTI\u00d3 D&#8217;ESDEVENIMENTS I CREUERS HTA0 (2000 hores 2 cursos acad\u00e8mics) Fam\u00edlia Professional HOTELERIA I TURISME Compet\u00e8ncia General La compet\u00e8ncia general d&#8217;aquest t\u00edtol consisteix a programar i realitzar viatges combinats i tot tipus d&#8217;esdeveniments, vendre serveis tur\u00edstics en ag\u00e8ncies de viatges i a trav\u00e9s d&#8217;altres unitats de distribuci\u00f3, proposant accions per al [&hellip;]<\/p>\n","protected":false},"author":1,"featured_media":0,"parent":397,"menu_order":1,"comment_status":"closed","ping_status":"closed","template":"","meta":{"_bbp_topic_count":0,"_bbp_reply_count":0,"_bbp_total_topic_count":0,"_bbp_total_reply_count":0,"_bbp_voice_count":0,"_bbp_anonymous_reply_count":0,"_bbp_topic_count_hidden":0,"_bbp_reply_count_hidden":0,"_bbp_forum_subforum_count":0,"site-sidebar-layout":"default","site-content-layout":"","ast-site-content-layout":"default","site-content-style":"default","site-sidebar-style":"default","ast-global-header-display":"","ast-banner-title-visibility":"","ast-main-header-display":"","ast-hfb-above-header-display":"","ast-hfb-below-header-display":"","ast-hfb-mobile-header-display":"","site-post-title":"","ast-breadcrumbs-content":"","ast-featured-img":"","footer-sml-layout":"","theme-transparent-header-meta":"default","adv-header-id-meta":"","stick-header-meta":"","header-above-stick-meta":"","header-main-stick-meta":"","header-below-stick-meta":"","astra-migrate-meta-layouts":"set","ast-page-background-enabled":"default","ast-page-background-meta":{"desktop":{"background-color":"var(--ast-global-color-4)","background-image":"","background-repeat":"repeat","background-position":"center center","background-size":"auto","background-attachment":"scroll","background-type":"","background-media":"","overlay-type":"","overlay-color":"","overlay-opacity":"","overlay-gradient":""},"tablet":{"background-color":"","background-image":"","background-repeat":"repeat","background-position":"center center","background-size":"auto","background-attachment":"scroll","background-type":"","background-media":"","overlay-type":"","overlay-color":"","overlay-opacity":"","overlay-gradient":""},"mobile":{"background-color":"","background-image":"","background-repeat":"repeat","background-position":"center center","background-size":"auto","background-attachment":"scroll","background-type":"","background-media":"","overlay-type":"","overlay-color":"","overlay-opacity":"","overlay-gradient":""}},"ast-content-background-meta":{"desktop":{"background-color":"var(--ast-global-color-5)","background-image":"","background-repeat":"repeat","background-position":"center center","background-size":"auto","background-attachment":"scroll","background-type":"","background-media":"","overlay-type":"","overlay-color":"","overlay-opacity":"","overlay-gradient":""},"tablet":{"background-color":"var(--ast-global-color-5)","background-image":"","background-repeat":"repeat","background-position":"center center","background-size":"auto","background-attachment":"scroll","background-type":"","background-media":"","overlay-type":"","overlay-color":"","overlay-opacity":"","overlay-gradient":""},"mobile":{"background-color":"var(--ast-global-color-5)","background-image":"","background-repeat":"repeat","background-position":"center center","background-size":"auto","background-attachment":"scroll","background-type":"","background-media":"","overlay-type":"","overlay-color":"","overlay-opacity":"","overlay-gradient":""}},"footnotes":""},"class_list":["post-422","page","type-page","status-publish","hentry"],"post_mailing_queue_ids":[],"_links":{"self":[{"href":"https:\/\/agora.xtec.cat\/iesehtb\/wp-json\/wp\/v2\/pages\/422","targetHints":{"allow":["GET"]}}],"collection":[{"href":"https:\/\/agora.xtec.cat\/iesehtb\/wp-json\/wp\/v2\/pages"}],"about":[{"href":"https:\/\/agora.xtec.cat\/iesehtb\/wp-json\/wp\/v2\/types\/page"}],"author":[{"embeddable":true,"href":"https:\/\/agora.xtec.cat\/iesehtb\/wp-json\/wp\/v2\/users\/1"}],"replies":[{"embeddable":true,"href":"https:\/\/agora.xtec.cat\/iesehtb\/wp-json\/wp\/v2\/comments?post=422"}],"version-history":[{"count":6,"href":"https:\/\/agora.xtec.cat\/iesehtb\/wp-json\/wp\/v2\/pages\/422\/revisions"}],"predecessor-version":[{"id":10794,"href":"https:\/\/agora.xtec.cat\/iesehtb\/wp-json\/wp\/v2\/pages\/422\/revisions\/10794"}],"up":[{"embeddable":true,"href":"https:\/\/agora.xtec.cat\/iesehtb\/wp-json\/wp\/v2\/pages\/397"}],"wp:attachment":[{"href":"https:\/\/agora.xtec.cat\/iesehtb\/wp-json\/wp\/v2\/media?parent=422"}],"curies":[{"name":"wp","href":"https:\/\/api.w.org\/{rel}","templated":true}]}}