{"id":10864,"date":"2026-04-10T16:14:45","date_gmt":"2026-04-10T14:14:45","guid":{"rendered":"https:\/\/agora.xtec.cat\/iesehtb\/?page_id=10864"},"modified":"2026-04-14T08:46:06","modified_gmt":"2026-04-14T06:46:06","slug":"curs-especialitzacio-avge","status":"publish","type":"page","link":"https:\/\/agora.xtec.cat\/iesehtb\/estudis-2\/curs-especialitzacio-avge\/","title":{"rendered":"Curs especialitzaci\u00f3 MICE"},"content":{"rendered":"<table style=\"border-collapse: collapse; width: 100%; height: 1125px;\">\n<tbody>\n<tr style=\"height: 115px;\">\n<td style=\"width: 36.4239%; text-align: center; height: 115px; border-color: #000000; border-style: solid;\">\n<h4><strong>Formaci\u00f3 professional de grau mitj\u00e0<\/strong><\/h4>\n<\/td>\n<td style=\"width: 41.1332%; height: 115px; border-color: #000000; border-style: solid;\">\n<h5><strong><span class=\"ng-star-inserted\" data-start-index=\"0\">CURS D&#8217;ESPECIALITZACI\u00d3:<\/span><\/strong><\/h5>\n<h5><strong>Coordinaci\u00f3 del Personal en Reunions Professionals, Congressos, Fires, Exposicions i Esdeveniments (MICE)<\/strong><\/h5>\n<\/td>\n<td style=\"width: 22.4429%; height: 115px; border-color: #000000; border-style: solid;\">\n<h5><strong>600 hores<\/strong><\/h5>\n<\/td>\n<\/tr>\n<tr style=\"height: 61px;\">\n<td style=\"width: 100%; background-color: #800040; height: 61px; border-color: #000000; border-style: solid;\" colspan=\"3\">\n<h3><span style=\"color: #ffffff;\">Descripci\u00f3<\/span><\/h3>\n<\/td>\n<\/tr>\n<tr style=\"height: 174px;\">\n<td style=\"width: 100%; height: 174px; border-color: #000000; border-style: solid;\" colspan=\"3\">\n<p style=\"text-align: justify;\">El Curs d\u2019Especialitzaci\u00f3 en Coordinaci\u00f3 d\u2019Esdeveniments i Congressos \u00e9s una formaci\u00f3 oficial i intensiva pensada per capacitar professionals en l\u2019organitzaci\u00f3 de serveis d\u2019acolliment, protocol i atenci\u00f3 al client dins del sector MICE (Meetings, Incentives, Conventions and Exhibitions).<\/p>\n<p style=\"text-align: justify;\">La formaci\u00f3 combina continguts teoricopr\u00e0ctics amb un per\u00edode de pr\u00e0ctiques en empreses capdavanteres del sector, afavorint aix\u00ed una experi\u00e8ncia d\u2019aprenentatge completa i orientada al m\u00f3n laboral.<\/p>\n<\/td>\n<\/tr>\n<tr style=\"height: 61px;\">\n<td style=\"border-style: solid; width: 100%; background-color: #800040; height: 61px; border-color: #000000;\" colspan=\"3\">\n<h3><span style=\"color: #ffffff;\">Adre\u00e7at<\/span><\/h3>\n<\/td>\n<\/tr>\n<tr style=\"height: 112px;\">\n<td style=\"border-style: solid; width: 100%; text-align: justify; height: 112px; border-color: #000000;\" colspan=\"3\">Adre\u00e7at a persones amb formaci\u00f3 professional de grau mitj\u00e0 o superior que volen potenciar les seves compet\u00e8ncies professionals mitjan\u00e7ant una perspectiva sostenible, aix\u00ed com incorporar eines digitals i estrat\u00e8gies de m\u00e0rqueting per optimitzar processos. A m\u00e9s, el programa posa \u00e8mfasi en el domini de l\u2019angl\u00e8s especialitzat per facilitar el desenvolupament d\u2019una carrera internacional.<\/td>\n<\/tr>\n<tr style=\"height: 61px;\">\n<td style=\"border-style: solid; background-color: #800040; height: 61px; border-color: #000000; width: 36.4239%;\">\n<h3><span style=\"color: #ffffff;\">M\u00f2duls professionals<\/span><\/h3>\n<\/td>\n<td style=\"border-style: solid; background-color: #800040; border-color: #000000; width: 41.1332%;\">\n<h3><span style=\"color: #ffffff;\">Lectives<\/span><\/h3>\n<\/td>\n<td style=\"border-style: solid; background-color: #800040; border-color: #000000; width: 22.4429%;\">\n<h3><span style=\"color: #ffffff;\">Empresa<\/span><\/h3>\n<\/td>\n<\/tr>\n<tr style=\"height: 98px;\">\n<td style=\"border-style: solid; width: 36.4239%; height: 98px; border-color: #000000;\">\n<p data-section-id=\"6ufz57\" data-start=\"107\" data-end=\"178\"><span role=\"text\">\ud83e\udde9 1. Reunions Professionals, Congressos i Esdeveniments (MICE)<\/span><\/p>\n<\/td>\n<td style=\"border-style: solid; width: 41.1332%; height: 98px; border-color: #000000;\">\n<p data-section-id=\"6ufz57\" data-start=\"107\" data-end=\"178\"><span role=\"text\">\u00a0165 hores<\/span><\/p>\n<\/td>\n<td style=\"border-style: solid; width: 22.4429%; height: 98px; border-color: #000000;\">\n<p data-section-id=\"6ufz57\" data-start=\"107\" data-end=\"178\"><span role=\"text\">\u00a072 hores<\/span><\/p>\n<\/td>\n<\/tr>\n<tr style=\"height: 69px;\">\n<td style=\"border-style: solid; width: 36.4239%; height: 69px; border-color: #000000;\">\n<p data-section-id=\"1qc2bak\" data-start=\"754\" data-end=\"809\"><span role=\"text\">\ud83d\udce2 2. Operativa en M\u00e0rqueting, Promoci\u00f3 i Venda<\/span><\/p>\n<\/td>\n<td style=\"border-style: solid; width: 41.1332%; height: 69px; border-color: #000000;\">\n<p data-section-id=\"1qc2bak\" data-start=\"754\" data-end=\"809\"><span role=\"text\">\u00a0132 hores<\/span><\/p>\n<\/td>\n<td style=\"border-style: solid; width: 22.4429%; height: 69px; border-color: #000000;\">\n<p data-section-id=\"1qc2bak\" data-start=\"754\" data-end=\"809\"><span role=\"text\">33 hores\u00a0<\/span><\/p>\n<\/td>\n<\/tr>\n<tr style=\"height: 69px;\">\n<td style=\"border-style: solid; width: 36.4239%; height: 69px; border-color: #000000;\">\n<p data-section-id=\"4exx89\" data-start=\"1379\" data-end=\"1425\"><span role=\"text\">\ud83c\udfa9 3. Protocol Aplicat a Esdeveniments<\/span><\/p>\n<\/td>\n<td style=\"border-style: solid; width: 41.1332%; height: 69px; border-color: #000000;\">\n<p data-section-id=\"4exx89\" data-start=\"1379\" data-end=\"1425\"><span role=\"text\">\u00a066 hores<\/span><\/p>\n<\/td>\n<td style=\"border-style: solid; width: 22.4429%; height: 69px; border-color: #000000;\">\n<p data-section-id=\"4exx89\" data-start=\"1379\" data-end=\"1425\"><span role=\"text\">33 hores\u00a0<\/span><\/p>\n<\/td>\n<\/tr>\n<tr style=\"height: 69px;\">\n<td style=\"border-style: solid; width: 36.4239%; height: 69px; border-color: #000000;\">\n<p data-section-id=\"14jbxec\" data-start=\"1976\" data-end=\"2014\"><span role=\"text\">\ud83c\udf0d<\/span><span role=\"text\">4. Angl\u00e8s d\u2019Especialitzaci\u00f3<\/span><\/p>\n<\/td>\n<td style=\"border-style: solid; width: 41.1332%; height: 69px; border-color: #000000;\">\n<p data-section-id=\"14jbxec\" data-start=\"1976\" data-end=\"2014\"><span role=\"text\">\u00a066 hores<\/span><\/p>\n<\/td>\n<td style=\"border-style: solid; width: 22.4429%; height: 69px; border-color: #000000;\">\n<p data-section-id=\"14jbxec\" data-start=\"1976\" data-end=\"2014\"><span role=\"text\">\u00a033 hores<\/span><\/p>\n<\/td>\n<\/tr>\n<tr style=\"height: 61px;\">\n<td style=\"border-style: solid; width: 100%; background-color: #800040; height: 61px; border-color: #000000;\" colspan=\"3\">\n<h3><span style=\"color: #ffffff;\">Camp professional<\/span><\/h3>\n<\/td>\n<\/tr>\n<tr style=\"height: 53px;\">\n<td style=\"border-style: solid; width: 100%; height: 53px; border-color: #000000;\" colspan=\"3\"><span class=\"ng-star-inserted\" data-start-index=\"0\">El camp professional d&#8217;aquest curs d&#8217;especialitzaci\u00f3 se situa principalment en el sector conegut com a <\/span><b class=\"ng-star-inserted\" data-start-index=\"103\">MICE<\/b><span class=\"ng-star-inserted\" data-start-index=\"107\"> (<\/span><i class=\"ng-star-inserted\" data-start-index=\"109\">Meetings, Incentives, Conventions and Exhibitions<\/i><span class=\"ng-star-inserted\" data-start-index=\"158\">), que engloba les reunions professionals, els congressos, els incentius, les fires i les exposicions<\/span><\/td>\n<\/tr>\n<tr style=\"height: 61px;\">\n<td style=\"border-style: solid; width: 100%; background-color: #800040; height: 61px; border-color: #000000;\" colspan=\"3\">\n<h3><span style=\"color: #ffffff;\">Principals ocupacions i llocs de treball<\/span><\/h3>\n<\/td>\n<\/tr>\n<tr style=\"height: 61px;\">\n<td style=\"border-style: solid; width: 100%; height: 61px; border-color: #000000;\" colspan=\"3\">\n<ul>\n<li data-section-id=\"1bnrgw3\" data-start=\"337\" data-end=\"457\">\ud83c\udfaf <strong data-start=\"342\" data-end=\"375\">Coordinador\/a d\u2019esdeveniments<\/strong><br data-start=\"375\" data-end=\"378\" \/>Organitzaci\u00f3 i supervisi\u00f3 de congressos, fires, reunions i actes corporatius.<\/li>\n<li data-section-id=\"1iu3wo7\" data-start=\"459\" data-end=\"592\">\ud83e\udde9 <strong data-start=\"464\" data-end=\"511\">Personal de suport en esdeveniments (staff)<\/strong><br data-start=\"511\" data-end=\"514\" \/>Atenci\u00f3 als assistents, acreditacions, informaci\u00f3 i log\u00edstica durant l\u2019acte.<\/li>\n<li data-section-id=\"13s1hu9\" data-start=\"594\" data-end=\"705\">\ud83d\udccb <strong data-start=\"599\" data-end=\"643\">T\u00e8cnic\/a en organitzaci\u00f3 d\u2019esdeveniments<\/strong><br data-start=\"643\" data-end=\"646\" \/>Planificaci\u00f3, gesti\u00f3 operativa i coordinaci\u00f3 de recursos.<\/li>\n<li data-section-id=\"2tv6x3\" data-start=\"707\" data-end=\"834\">\ud83d\udce2 <strong data-start=\"712\" data-end=\"765\">Promotor\/a o agent de m\u00e0rqueting en esdeveniments<\/strong><br data-start=\"765\" data-end=\"768\" \/>Execuci\u00f3 d\u2019accions promocionals, estands i campanyes comercials.<\/li>\n<li data-section-id=\"px6gor\" data-start=\"836\" data-end=\"965\">\ud83c\udfa9 <strong data-start=\"841\" data-end=\"866\">Assistent de protocol<\/strong><br data-start=\"866\" data-end=\"869\" \/>Suport en l\u2019organitzaci\u00f3 d\u2019actes institucionals i empresarials seguint normes protocol\u00b7l\u00e0ries.<\/li>\n<li data-section-id=\"5vbs0p\" data-start=\"967\" data-end=\"1104\">\ud83c\udfe8 <strong data-start=\"972\" data-end=\"1026\">Personal en empreses del sector tur\u00edstic i hoteler<\/strong><br data-start=\"1026\" data-end=\"1029\" \/>Especialment en departaments relacionats amb esdeveniments i convencions.<\/li>\n<\/ul>\n<\/td>\n<\/tr>\n<\/tbody>\n<\/table>\n<p>&nbsp;<\/p>\n","protected":false},"excerpt":{"rendered":"<p>Formaci\u00f3 professional de grau mitj\u00e0 CURS D&#8217;ESPECIALITZACI\u00d3: Coordinaci\u00f3 del Personal en Reunions Professionals, Congressos, Fires, Exposicions i Esdeveniments (MICE) 600 hores Descripci\u00f3 El Curs d\u2019Especialitzaci\u00f3 en Coordinaci\u00f3 d\u2019Esdeveniments i Congressos \u00e9s una formaci\u00f3 oficial i intensiva pensada per capacitar professionals en l\u2019organitzaci\u00f3 de serveis d\u2019acolliment, protocol i atenci\u00f3 al client dins del sector MICE (Meetings, [&hellip;]<\/p>\n","protected":false},"author":1,"featured_media":0,"parent":420,"menu_order":50,"comment_status":"closed","ping_status":"closed","template":"","meta":{"_bbp_topic_count":0,"_bbp_reply_count":0,"_bbp_total_topic_count":0,"_bbp_total_reply_count":0,"_bbp_voice_count":0,"_bbp_anonymous_reply_count":0,"_bbp_topic_count_hidden":0,"_bbp_reply_count_hidden":0,"_bbp_forum_subforum_count":0,"site-sidebar-layout":"default","site-content-layout":"","ast-site-content-layout":"default","site-content-style":"default","site-sidebar-style":"default","ast-global-header-display":"","ast-banner-title-visibility":"","ast-main-header-display":"","ast-hfb-above-header-display":"","ast-hfb-below-header-display":"","ast-hfb-mobile-header-display":"","site-post-title":"","ast-breadcrumbs-content":"","ast-featured-img":"","footer-sml-layout":"","theme-transparent-header-meta":"default","adv-header-id-meta":"","stick-header-meta":"","header-above-stick-meta":"","header-main-stick-meta":"","header-below-stick-meta":"","astra-migrate-meta-layouts":"set","ast-page-background-enabled":"default","ast-page-background-meta":{"desktop":{"background-color":"var(--ast-global-color-4)","background-image":"","background-repeat":"repeat","background-position":"center center","background-size":"auto","background-attachment":"scroll","background-type":"","background-media":"","overlay-type":"","overlay-color":"","overlay-opacity":"","overlay-gradient":""},"tablet":{"background-color":"","background-image":"","background-repeat":"repeat","background-position":"center center","background-size":"auto","background-attachment":"scroll","background-type":"","background-media":"","overlay-type":"","overlay-color":"","overlay-opacity":"","overlay-gradient":""},"mobile":{"background-color":"","background-image":"","background-repeat":"repeat","background-position":"center center","background-size":"auto","background-attachment":"scroll","background-type":"","background-media":"","overlay-type":"","overlay-color":"","overlay-opacity":"","overlay-gradient":""}},"ast-content-background-meta":{"desktop":{"background-color":"var(--ast-global-color-5)","background-image":"","background-repeat":"repeat","background-position":"center center","background-size":"auto","background-attachment":"scroll","background-type":"","background-media":"","overlay-type":"","overlay-color":"","overlay-opacity":"","overlay-gradient":""},"tablet":{"background-color":"var(--ast-global-color-5)","background-image":"","background-repeat":"repeat","background-position":"center center","background-size":"auto","background-attachment":"scroll","background-type":"","background-media":"","overlay-type":"","overlay-color":"","overlay-opacity":"","overlay-gradient":""},"mobile":{"background-color":"var(--ast-global-color-5)","background-image":"","background-repeat":"repeat","background-position":"center center","background-size":"auto","background-attachment":"scroll","background-type":"","background-media":"","overlay-type":"","overlay-color":"","overlay-opacity":"","overlay-gradient":""}},"footnotes":""},"class_list":["post-10864","page","type-page","status-publish","hentry"],"post_mailing_queue_ids":[],"_links":{"self":[{"href":"https:\/\/agora.xtec.cat\/iesehtb\/wp-json\/wp\/v2\/pages\/10864","targetHints":{"allow":["GET"]}}],"collection":[{"href":"https:\/\/agora.xtec.cat\/iesehtb\/wp-json\/wp\/v2\/pages"}],"about":[{"href":"https:\/\/agora.xtec.cat\/iesehtb\/wp-json\/wp\/v2\/types\/page"}],"author":[{"embeddable":true,"href":"https:\/\/agora.xtec.cat\/iesehtb\/wp-json\/wp\/v2\/users\/1"}],"replies":[{"embeddable":true,"href":"https:\/\/agora.xtec.cat\/iesehtb\/wp-json\/wp\/v2\/comments?post=10864"}],"version-history":[{"count":7,"href":"https:\/\/agora.xtec.cat\/iesehtb\/wp-json\/wp\/v2\/pages\/10864\/revisions"}],"predecessor-version":[{"id":10912,"href":"https:\/\/agora.xtec.cat\/iesehtb\/wp-json\/wp\/v2\/pages\/10864\/revisions\/10912"}],"up":[{"embeddable":true,"href":"https:\/\/agora.xtec.cat\/iesehtb\/wp-json\/wp\/v2\/pages\/420"}],"wp:attachment":[{"href":"https:\/\/agora.xtec.cat\/iesehtb\/wp-json\/wp\/v2\/media?parent=10864"}],"curies":[{"name":"wp","href":"https:\/\/api.w.org\/{rel}","templated":true}]}}