{"id":9281,"date":"2025-01-24T11:39:30","date_gmt":"2025-01-24T10:39:30","guid":{"rendered":"https:\/\/agora.xtec.cat\/iesducdemontblanc\/?page_id=9281"},"modified":"2026-04-23T10:50:42","modified_gmt":"2026-04-23T08:50:42","slug":"preinscripcio-i-matricula","status":"publish","type":"page","link":"https:\/\/agora.xtec.cat\/iesducdemontblanc\/secretaria\/preinscripcio-i-matricula\/","title":{"rendered":"Preinscripci\u00f3 i matr\u00edcula 2026\/2027"},"content":{"rendered":"\n<h4 class=\"wp-block-heading\">ESO<\/h4>\n\n\n\n<p>A continuaci\u00f3 trobareu tota la informaci\u00f3 i documentaci\u00f3 necess\u00e0ria per a fer la preinscripci\u00f3 i la matr\u00edcula de l&#8217;ESO.<\/p>\n\n\n\n<p>Podeu accedir al <a href=\"https:\/\/preinscripcio.gencat.cat\/ca\/estudis\/eso\/inici\/\" target=\"_blank\" rel=\"noreferrer noopener\">web preinscripci\u00f3 de la Generalitat de Catalunya<\/a> per a la ESO.<\/p>\n\n\n\n<figure class=\"wp-block-table is-style-stripes\"><table><thead><tr><th class=\"has-text-align-left\" data-align=\"left\">DATA<\/th><th class=\"has-text-align-left\" data-align=\"left\">DOCUMENT<\/th><th class=\"has-text-align-left\" data-align=\"left\">OBSERVACIONS<\/th><\/tr><\/thead><tbody><tr><td class=\"has-text-align-left\" data-align=\"left\">03\/03\/2026<\/td><td class=\"has-text-align-left\" data-align=\"left\"><a href=\"https:\/\/agora.xtec.cat\/iesducdemontblanc\/wp-content\/uploads\/usu873\/2026\/03\/INFORME_OFERTA_OME_INFORME_OFERTA.pdf\">Oferta Inicial<\/a> \ud83d\udd17<\/td><td class=\"has-text-align-left\" data-align=\"left\">Oferta de places per a la preinscripci\u00f3 de l&#8217;ESO<\/td><\/tr><tr><td class=\"has-text-align-left\" data-align=\"left\">6 al 18 de mar\u00e7<\/td><td class=\"has-text-align-left\" data-align=\"left\">&#8211;<\/td><td class=\"has-text-align-left\" data-align=\"left\">Presentaci\u00f3 de les sol\u00b7licituds de preinscripci\u00f3 de forma telem\u00e0tica<br><a href=\"https:\/\/preinscripcio.gencat.cat\/ca\/estudis\/eso\/preinscriute\/sollicitud\/\" target=\"_blank\" rel=\"noreferrer noopener\">Acc\u00e9s en aquest enlla\u00e7<\/a> \ud83d\udd17<\/td><\/tr><tr><td class=\"has-text-align-left\" data-align=\"left\">15\/04\/2026<\/td><td class=\"has-text-align-left\" data-align=\"left\"><a href=\"https:\/\/agora.xtec.cat\/iesducdemontblanc\/wp-content\/uploads\/usu873\/2026\/04\/INFORME_BAREM_PROVISIONAL_BAREM.pdf\">Publicaci\u00f3 de barems <\/a>\ud83d\udd17<\/td><td class=\"has-text-align-left\" data-align=\"left\">Llistat amb la puntuaci\u00f3 provisional. Obertura del per\u00edode de reclamacions. <\/td><\/tr><tr><td class=\"has-text-align-left\" data-align=\"left\">23\/04\/2026<\/td><td class=\"has-text-align-left\" data-align=\"left\"><a href=\"https:\/\/agora.xtec.cat\/iesducdemontblanc\/wp-content\/uploads\/usu873\/2026\/04\/INFORME_BAREM_RESOLTES_BAREM.pdf\">Publicaci\u00f3 de barems<\/a> \ud83d\udd17<\/td><td class=\"has-text-align-left\" data-align=\"left\">Llistat amb la puntuaci\u00f3, resoltes les reclamacions.<\/td><\/tr><tr><td class=\"has-text-align-left\" data-align=\"left\">29\/04\/2026<\/td><td class=\"has-text-align-left\" data-align=\"left\">Publicaci\u00f3 de la llista ordenada \ud83d\udd17<\/td><td class=\"has-text-align-left\" data-align=\"left\">Llistat amb la puntuaci\u00f3, ordenat.<\/td><\/tr><tr><td class=\"has-text-align-left\" data-align=\"left\">10\/06\/2026<\/td><td class=\"has-text-align-left\" data-align=\"left\">Publicaci\u00f3 de l&#8217;oferta final \ud83d\udd17<\/td><td class=\"has-text-align-left\" data-align=\"left\">Oferta de places finals per a la preinscripci\u00f3 de l&#8217;ESO<\/td><\/tr><tr><td class=\"has-text-align-left\" data-align=\"left\">10\/06\/2026<\/td><td class=\"has-text-align-left\" data-align=\"left\">Publicaci\u00f3 de la llista d&#8217;admesos \ud83d\udd17<\/td><td class=\"has-text-align-left\" data-align=\"left\">Llistat d&#8217;admesos amb pla\u00e7a assignada<\/td><\/tr><tr><td class=\"has-text-align-left\" data-align=\"left\">10\/06\/2026<\/td><td class=\"has-text-align-left\" data-align=\"left\">Publicaci\u00f3 de la llista d&#8217;espera\ud83d\udd17<\/td><td class=\"has-text-align-left\" data-align=\"left\">Llistat d&#8217;alumnat en espera <\/td><\/tr><tr><td class=\"has-text-align-left\" data-align=\"left\">22 al 30 de juny<\/td><td class=\"has-text-align-left\" data-align=\"left\">&#8211;<\/td><td class=\"has-text-align-left\" data-align=\"left\">Per\u00edode de matr\u00edcula<\/td><\/tr><\/tbody><\/table><\/figure>\n\n\n\n<h4 class=\"wp-block-heading\" id=\"batxillerat\">BATXILLERAT<\/h4>\n\n\n\n<p>A continuaci\u00f3 trobareu tota la informaci\u00f3 i documentaci\u00f3 necess\u00e0ria per a fer la preinscripci\u00f3 i la matr\u00edcula del Batxillerat per al curs 2026-2027<\/p>\n\n\n\n<p>Podeu accedir al <a href=\"https:\/\/preinscripcio.gencat.cat\/ca\/estudis\/batxillerat\/inici\/\" target=\"_blank\" rel=\"noreferrer noopener\">web preinscripci\u00f3 de la Generalitat de Catalunya<\/a> per al Batxillerat.<\/p>\n\n\n\n<figure class=\"wp-block-table is-style-stripes\"><table><thead><tr><th class=\"has-text-align-left\" data-align=\"left\">DATA<\/th><th class=\"has-text-align-left\" data-align=\"left\">DOCUMENT<\/th><th class=\"has-text-align-left\" data-align=\"left\">OBSERVACIONS<\/th><\/tr><\/thead><tbody><tr><td class=\"has-text-align-left\" data-align=\"left\">08\/04\/2026<\/td><td class=\"has-text-align-left\" data-align=\"left\"><a href=\"https:\/\/agora.xtec.cat\/iesducdemontblanc\/wp-content\/uploads\/usu873\/2026\/04\/INFORME_OFERTA_OME_INFORME_OFERTA-1.pdf\">Oferta inicial<\/a> \ud83d\udd17<\/td><td class=\"has-text-align-left\" data-align=\"left\">Oferta de places per a la preinscripci\u00f3 del BTX<\/td><\/tr><tr><td class=\"has-text-align-left\" data-align=\"left\">9 al 16 d&#8217;abril<\/td><td class=\"has-text-align-left\" data-align=\"left\">&#8211;<\/td><td class=\"has-text-align-left\" data-align=\"left\">Presentaci\u00f3 de les sol\u00b7licituds de preinscripci\u00f3 de forma telem\u00e0tica.<br><a href=\"https:\/\/preinscripcio.gencat.cat\/ca\/estudis\/batxillerat\/preinscriute\/sollicitud\/\" target=\"_blank\" rel=\"noreferrer noopener\">Acc\u00e9s en aquest enlla\u00e7<\/a> \ud83d\udd17<br><br>L&#8217;alumnat NOU al centre haur\u00e0 de triar l&#8217;itinerari de batxillerat telem\u00e0ticament.<br><a href=\"https:\/\/forms.gle\/TGz97gAENewtoVoCA\">Acc\u00e9s en aquest enlla\u00e7 <\/a>\ud83d\udd17<\/td><\/tr><tr><td class=\"has-text-align-left\" data-align=\"left\">14\/05\/2026<\/td><td class=\"has-text-align-left\" data-align=\"left\">Publicaci\u00f3 de barems \ud83d\udd17<\/td><td class=\"has-text-align-left\" data-align=\"left\">Llistat amb la puntuaci\u00f3 provisional. Obertura del per\u00edode de reclamacions.<\/td><\/tr><tr><td class=\"has-text-align-left\" data-align=\"left\">26\/05\/2026<\/td><td class=\"has-text-align-left\" data-align=\"left\">Publicaci\u00f3 de barems \ud83d\udd17<\/td><td class=\"has-text-align-left\" data-align=\"left\">Llistat amb la puntuaci\u00f3, resoltes les reclamacions.<\/td><\/tr><tr><td class=\"has-text-align-left\" data-align=\"left\">29\/05\/2026<\/td><td class=\"has-text-align-left\" data-align=\"left\">Publicaci\u00f3 de la llista ordenada<\/td><td class=\"has-text-align-left\" data-align=\"left\">Llistat amb la puntuaci\u00f3, ordenat.<\/td><\/tr><tr><td class=\"has-text-align-left\" data-align=\"left\">17\/06\/2026<\/td><td class=\"has-text-align-left\" data-align=\"left\">Publicaci\u00f3 de l&#8217;oferta final<\/td><td class=\"has-text-align-left\" data-align=\"left\">Oferta de places finals per a la preinscripci\u00f3 del BTX<\/td><\/tr><tr><td class=\"has-text-align-left\" data-align=\"left\">17\/06\/2026<\/td><td class=\"has-text-align-left\" data-align=\"left\">Publicaci\u00f3 de la llista d&#8217;admesos \ud83d\udd17<\/td><td class=\"has-text-align-left\" data-align=\"left\">Llistat d&#8217;admesos. Rebreu instruccions per fer la matr\u00edcula.<\/td><\/tr><tr><td class=\"has-text-align-left\" data-align=\"left\">18 al 30 de juny<\/td><td class=\"has-text-align-left\" data-align=\"left\">&#8211;<\/td><td class=\"has-text-align-left\" data-align=\"left\">Per\u00edode de matr\u00edcula. Rebreu instruccions per fer la matr\u00edcula.<\/td><\/tr><\/tbody><\/table><\/figure>\n\n\n\n<p><\/p>\n","protected":false},"excerpt":{"rendered":"<p>ESO A continuaci\u00f3 trobareu tota la informaci\u00f3 i documentaci\u00f3 necess\u00e0ria per a fer la preinscripci\u00f3 i la matr\u00edcula de l&#8217;ESO. [&hellip;]<\/p>\n","protected":false},"author":1,"featured_media":0,"parent":3251,"menu_order":0,"comment_status":"closed","ping_status":"closed","template":"","meta":{"_bbp_topic_count":0,"_bbp_reply_count":0,"_bbp_total_topic_count":0,"_bbp_total_reply_count":0,"_bbp_voice_count":0,"_bbp_anonymous_reply_count":0,"_bbp_topic_count_hidden":0,"_bbp_reply_count_hidden":0,"_bbp_forum_subforum_count":0,"site-sidebar-layout":"default","site-content-layout":"","ast-site-content-layout":"default","site-content-style":"default","site-sidebar-style":"default","ast-global-header-display":"","ast-banner-title-visibility":"","ast-main-header-display":"","ast-hfb-above-header-display":"","ast-hfb-below-header-display":"","ast-hfb-mobile-header-display":"","site-post-title":"","ast-breadcrumbs-content":"","ast-featured-img":"","footer-sml-layout":"","theme-transparent-header-meta":"","adv-header-id-meta":"","stick-header-meta":"","header-above-stick-meta":"","header-main-stick-meta":"","header-below-stick-meta":"","astra-migrate-meta-layouts":"set","ast-page-background-enabled":"default","ast-page-background-meta":{"desktop":{"background-color":"var(--ast-global-color-4)","background-image":"","background-repeat":"repeat","background-position":"center center","background-size":"auto","background-attachment":"scroll","background-type":"","background-media":"","overlay-type":"","overlay-color":"","overlay-opacity":"","overlay-gradient":""},"tablet":{"background-color":"","background-image":"","background-repeat":"repeat","background-position":"center center","background-size":"auto","background-attachment":"scroll","background-type":"","background-media":"","overlay-type":"","overlay-color":"","overlay-opacity":"","overlay-gradient":""},"mobile":{"background-color":"","background-image":"","background-repeat":"repeat","background-position":"center center","background-size":"auto","background-attachment":"scroll","background-type":"","background-media":"","overlay-type":"","overlay-color":"","overlay-opacity":"","overlay-gradient":""}},"ast-content-background-meta":{"desktop":{"background-color":"var(--ast-global-color-5)","background-image":"","background-repeat":"repeat","background-position":"center center","background-size":"auto","background-attachment":"scroll","background-type":"","background-media":"","overlay-type":"","overlay-color":"","overlay-opacity":"","overlay-gradient":""},"tablet":{"background-color":"var(--ast-global-color-5)","background-image":"","background-repeat":"repeat","background-position":"center center","background-size":"auto","background-attachment":"scroll","background-type":"","background-media":"","overlay-type":"","overlay-color":"","overlay-opacity":"","overlay-gradient":""},"mobile":{"background-color":"var(--ast-global-color-5)","background-image":"","background-repeat":"repeat","background-position":"center center","background-size":"auto","background-attachment":"scroll","background-type":"","background-media":"","overlay-type":"","overlay-color":"","overlay-opacity":"","overlay-gradient":""}},"footnotes":""},"class_list":["post-9281","page","type-page","status-publish","hentry"],"post_mailing_queue_ids":[],"_links":{"self":[{"href":"https:\/\/agora.xtec.cat\/iesducdemontblanc\/wp-json\/wp\/v2\/pages\/9281","targetHints":{"allow":["GET"]}}],"collection":[{"href":"https:\/\/agora.xtec.cat\/iesducdemontblanc\/wp-json\/wp\/v2\/pages"}],"about":[{"href":"https:\/\/agora.xtec.cat\/iesducdemontblanc\/wp-json\/wp\/v2\/types\/page"}],"author":[{"embeddable":true,"href":"https:\/\/agora.xtec.cat\/iesducdemontblanc\/wp-json\/wp\/v2\/users\/1"}],"replies":[{"embeddable":true,"href":"https:\/\/agora.xtec.cat\/iesducdemontblanc\/wp-json\/wp\/v2\/comments?post=9281"}],"version-history":[{"count":6,"href":"https:\/\/agora.xtec.cat\/iesducdemontblanc\/wp-json\/wp\/v2\/pages\/9281\/revisions"}],"predecessor-version":[{"id":15148,"href":"https:\/\/agora.xtec.cat\/iesducdemontblanc\/wp-json\/wp\/v2\/pages\/9281\/revisions\/15148"}],"up":[{"embeddable":true,"href":"https:\/\/agora.xtec.cat\/iesducdemontblanc\/wp-json\/wp\/v2\/pages\/3251"}],"wp:attachment":[{"href":"https:\/\/agora.xtec.cat\/iesducdemontblanc\/wp-json\/wp\/v2\/media?parent=9281"}],"curies":[{"name":"wp","href":"https:\/\/api.w.org\/{rel}","templated":true}]}}

Preinscripció i matrícula 2026/2027

<h4 class="wp-block-heading">ESO</h4>



<p>A continuació trobareu tota la informació i documentació necessària per a fer la preinscripció i la matrícula de l&#8217;ESO.</p>



<p>Podeu accedir al <a href="https://preinscripcio.gencat.cat/ca/estudis/eso/inici/" target="_blank" rel="noreferrer noopener">web preinscripció de la Generalitat de Catalunya</a> per a la ESO.</p>



<figure class="wp-block-table is-style-stripes"><table><thead><tr><th class="has-text-align-left" data-align="left">DATA</th><th class="has-text-align-left" data-align="left">DOCUMENT</th><th class="has-text-align-left" data-align="left">OBSERVACIONS</th></tr></thead><tbody><tr><td class="has-text-align-left" data-align="left">03/03/2026</td><td class="has-text-align-left" data-align="left"><a href="https://agora.xtec.cat/iesducdemontblanc/wp-content/uploads/usu873/2026/03/INFORME_OFERTA_OME_INFORME_OFERTA.pdf">Oferta Inicial</a> 🔗</td><td class="has-text-align-left" data-align="left">Oferta de places per a la preinscripció de l&#8217;ESO</td></tr><tr><td class="has-text-align-left" data-align="left">6 al 18 de març</td><td class="has-text-align-left" data-align="left">&#8211;</td><td class="has-text-align-left" data-align="left">Presentació de les sol·licituds de preinscripció de forma telemàtica<br><a href="https://preinscripcio.gencat.cat/ca/estudis/eso/preinscriute/sollicitud/" target="_blank" rel="noreferrer noopener">Accés en aquest enllaç</a> 🔗</td></tr><tr><td class="has-text-align-left" data-align="left">15/04/2026</td><td class="has-text-align-left" data-align="left"><a href="https://agora.xtec.cat/iesducdemontblanc/wp-content/uploads/usu873/2026/04/INFORME_BAREM_PROVISIONAL_BAREM.pdf">Publicació de barems </a>🔗</td><td class="has-text-align-left" data-align="left">Llistat amb la puntuació provisional. Obertura del període de reclamacions. </td></tr><tr><td class="has-text-align-left" data-align="left">23/04/2026</td><td class="has-text-align-left" data-align="left"><a href="https://agora.xtec.cat/iesducdemontblanc/wp-content/uploads/usu873/2026/04/INFORME_BAREM_RESOLTES_BAREM.pdf">Publicació de barems</a> 🔗</td><td class="has-text-align-left" data-align="left">Llistat amb la puntuació, resoltes les reclamacions.</td></tr><tr><td class="has-text-align-left" data-align="left">29/04/2026</td><td class="has-text-align-left" data-align="left">Publicació de la llista ordenada 🔗</td><td class="has-text-align-left" data-align="left">Llistat amb la puntuació, ordenat.</td></tr><tr><td class="has-text-align-left" data-align="left">10/06/2026</td><td class="has-text-align-left" data-align="left">Publicació de l&#8217;oferta final 🔗</td><td class="has-text-align-left" data-align="left">Oferta de places finals per a la preinscripció de l&#8217;ESO</td></tr><tr><td class="has-text-align-left" data-align="left">10/06/2026</td><td class="has-text-align-left" data-align="left">Publicació de la llista d&#8217;admesos 🔗</td><td class="has-text-align-left" data-align="left">Llistat d&#8217;admesos amb plaça assignada</td></tr><tr><td class="has-text-align-left" data-align="left">10/06/2026</td><td class="has-text-align-left" data-align="left">Publicació de la llista d&#8217;espera🔗</td><td class="has-text-align-left" data-align="left">Llistat d&#8217;alumnat en espera </td></tr><tr><td class="has-text-align-left" data-align="left">22 al 30 de juny</td><td class="has-text-align-left" data-align="left">&#8211;</td><td class="has-text-align-left" data-align="left">Període de matrícula</td></tr></tbody></table></figure>



<h4 class="wp-block-heading" id="batxillerat">BATXILLERAT</h4>



<p>A continuació trobareu tota la informació i documentació necessària per a fer la preinscripció i la matrícula del Batxillerat per al curs 2026-2027</p>



<p>Podeu accedir al <a href="https://preinscripcio.gencat.cat/ca/estudis/batxillerat/inici/" target="_blank" rel="noreferrer noopener">web preinscripció de la Generalitat de Catalunya</a> per al Batxillerat.</p>



<figure class="wp-block-table is-style-stripes"><table><thead><tr><th class="has-text-align-left" data-align="left">DATA</th><th class="has-text-align-left" data-align="left">DOCUMENT</th><th class="has-text-align-left" data-align="left">OBSERVACIONS</th></tr></thead><tbody><tr><td class="has-text-align-left" data-align="left">08/04/2026</td><td class="has-text-align-left" data-align="left"><a href="https://agora.xtec.cat/iesducdemontblanc/wp-content/uploads/usu873/2026/04/INFORME_OFERTA_OME_INFORME_OFERTA-1.pdf">Oferta inicial</a> 🔗</td><td class="has-text-align-left" data-align="left">Oferta de places per a la preinscripció del BTX</td></tr><tr><td class="has-text-align-left" data-align="left">9 al 16 d&#8217;abril</td><td class="has-text-align-left" data-align="left">&#8211;</td><td class="has-text-align-left" data-align="left">Presentació de les sol·licituds de preinscripció de forma telemàtica.<br><a href="https://preinscripcio.gencat.cat/ca/estudis/batxillerat/preinscriute/sollicitud/" target="_blank" rel="noreferrer noopener">Accés en aquest enllaç</a> 🔗<br><br>L&#8217;alumnat NOU al centre haurà de triar l&#8217;itinerari de batxillerat telemàticament.<br><a href="https://forms.gle/TGz97gAENewtoVoCA">Accés en aquest enllaç </a>🔗</td></tr><tr><td class="has-text-align-left" data-align="left">14/05/2026</td><td class="has-text-align-left" data-align="left">Publicació de barems 🔗</td><td class="has-text-align-left" data-align="left">Llistat amb la puntuació provisional. Obertura del període de reclamacions.</td></tr><tr><td class="has-text-align-left" data-align="left">26/05/2026</td><td class="has-text-align-left" data-align="left">Publicació de barems 🔗</td><td class="has-text-align-left" data-align="left">Llistat amb la puntuació, resoltes les reclamacions.</td></tr><tr><td class="has-text-align-left" data-align="left">29/05/2026</td><td class="has-text-align-left" data-align="left">Publicació de la llista ordenada</td><td class="has-text-align-left" data-align="left">Llistat amb la puntuació, ordenat.</td></tr><tr><td class="has-text-align-left" data-align="left">17/06/2026</td><td class="has-text-align-left" data-align="left">Publicació de l&#8217;oferta final</td><td class="has-text-align-left" data-align="left">Oferta de places finals per a la preinscripció del BTX</td></tr><tr><td class="has-text-align-left" data-align="left">17/06/2026</td><td class="has-text-align-left" data-align="left">Publicació de la llista d&#8217;admesos 🔗</td><td class="has-text-align-left" data-align="left">Llistat d&#8217;admesos. Rebreu instruccions per fer la matrícula.</td></tr><tr><td class="has-text-align-left" data-align="left">18 al 30 de juny</td><td class="has-text-align-left" data-align="left">&#8211;</td><td class="has-text-align-left" data-align="left">Període de matrícula. Rebreu instruccions per fer la matrícula.</td></tr></tbody></table></figure>



<p></p>

<p>ESO A continuació trobareu tota la informació i documentació necessària per a fer la preinscripció i la matrícula de l&#8217;ESO. [&hellip;]</p>
