{"id":9207,"date":"2023-08-13T22:57:21","date_gmt":"2023-08-13T20:57:21","guid":{"rendered":"https:\/\/agora.xtec.cat\/iesducdemontblanc\/?page_id=9207"},"modified":"2025-01-24T23:36:40","modified_gmt":"2025-01-24T22:36:40","slug":"certificat-dequivalencia-de-coneixements-de-catala","status":"publish","type":"page","link":"https:\/\/agora.xtec.cat\/iesducdemontblanc\/secretaria\/certificat-dequivalencia-de-coneixements-de-catala\/","title":{"rendered":"Certificat d&#8217;equival\u00e8ncia de coneixements de catal\u00e0"},"content":{"rendered":"\n<p>Els certificats de catal\u00e0 de la Direcci\u00f3 General de Pol\u00edtica Ling\u00fc\u00edstica s\u00f3n t\u00edtols oficials amb reconeixement internacional i validesa indefinida. Aquests certificats els pots necessitar per participar en processos de selecci\u00f3 de personal i de provisi\u00f3 de llocs de treball de les administracions p\u00fabliques de Catalunya, o per qualsevol altre lloc on el demanin.<\/p>\n\n\n\n<p>Depenent de la titulaci\u00f3 que tinguis, des d\u2019aqu\u00ed pots demanar el certificat d\u2019acreditaci\u00f3 de coneixement del catal\u00e0 de&nbsp;<strong>nivell B2<\/strong>&nbsp;(nivell intermedi de catal\u00e0) o el de&nbsp;<strong>nivell C1<\/strong>&nbsp;(nivell de sufici\u00e8ncia del catal\u00e0), sempre que compleixis els requisits que s\u2019indiquen per cada cas, i aportis la documentaci\u00f3 exigida.<\/p>\n\n\n\n<p>Segons l&#8217;Ordre VCP7491\/2009, del 12 de novembre, qualsevol institut p\u00fablic de secund\u00e0ria pot lliurar el certificat de reconeixement de nivell C a qualsevol persona que tingui el t\u00edtol d&#8217;ESO, BUP o FP2, sempre que hagi realitzat tota la prim\u00e0ria i secund\u00e0ria a Catalunya.<\/p>\n\n\n\n<h4 class=\"wp-block-heading\">COM ES TRAMITA?<\/h4>\n\n\n\n<p>El tr\u00e0mit es duu a terme de forma telem\u00e0tica. Per tant, descarregueu la sol\u00b7licitud de certificat, faciliteu les dades que es demanen i envieu-la per correu electr\u00f2nic a l\u2019adre\u00e7a que correspongui, segons sigui dirigida a la secretaria de l\u2019ESO o la secretaria del BTX.<\/p>\n\n\n\n<p>Si calgu\u00e9s aportar alguna documentaci\u00f3, us respondrem el correu informant-vos del que manca.<\/p>\n\n\n\n<p>Quan disposem del certificat ens posarem en contacte amb vosaltres. El termini m\u00e0xim de lliurament d\u2019un certificat \u00e9s de 7 dies h\u00e0bils. El certificat us l\u2019enviarem signat digitalment per correu.<\/p>\n\n\n\n<p><a href=\"https:\/\/agora.xtec.cat\/iesducdemontblanc\/wp-content\/uploads\/usu873\/2023\/09\/A816.pdf\" target=\"_blank\" rel=\"noopener\"><strong>Sol\u00b7licitud del certificat d&#8217;equival\u00e8ncia de coneixements del Catal\u00e0.<\/strong><\/a><\/p>\n\n\n\n<p>Trobareu m\u00e9s informaci\u00f3 en aquest <a href=\"https:\/\/educacio.gencat.cat\/ca\/tramits\/tramits-temes\/22046-reconeixement-b2-c1-catala?category=742b7874-a82c-11e3-a972-000c29052e2c&amp;moda=1\">enlla\u00e7.<\/a><\/p>\n\n\n\n<h4 class=\"wp-block-heading\">TAULA D&#8217;EQUIVAL\u00c8NCIES<\/h4>\n\n\n\n<figure class=\"wp-block-table is-style-stripes\"><table><tbody><tr><td colspan=\"3\"><strong>NIVELL B2<\/strong><\/td><\/tr><tr><td>T\u00edtol assolit<\/td><td>Requisits<\/td><td>Documents a presentar<\/td><\/tr><tr><td>EGB \/ FP1<\/td><td>\n<ul>\n<li>Tenir el t\u00edtol de Graduat Escolar d&#8217;EGB<\/li>\n<li>Haver cursat tota l&#8217;EGB a Catalunya a partir del 1978-1979<\/li>\n<li>Haver cursat l&#8217;assignatura de llengua catalana durant tota l&#8217;EGB<\/li>\n<\/ul>\n<\/td><td>\n<ol>\n<li><strong>DNI<\/strong>: Fotoc\u00f2pia del DNI per les dues cares.<\/li>\n<li><strong>Certificat<\/strong> de l&#8217;escola on vas fer l&#8217;EGB, o equivalent, que acrediti:\n<ol style=\"list-style-type: upper-alpha;\">\n<li>els anys i cursos d&#8217;escolaritat<\/li>\n<li>que vas obtenir el t\u00edtol de Graduat Escolar (EGB)<\/li>\n<li>que vas cursar l&#8217;assignatura de llengua catalana.<\/li>\n<\/ol>\n<\/li>\n<\/ol>\n<\/td><\/tr><tr><td>ESO<\/td><td>\n<ul>\n<li>Tenir el t\u00edtol de l&#8217;ESO<\/li>\n<li>Haver cursat, com a m\u00ednim, quatre cursos de l&#8217;educaci\u00f3 prim\u00e0ria a centres de Catalunya.<\/li>\n<\/ul>\n<\/td><td>\n<ol>\n<li><strong>DNI<\/strong>: Fotoc\u00f2pia del DNI per les dues cares.<\/li>\n<li><strong>Certificat<\/strong> de l&#8217;escola on vas fer la Prim\u00e0ria, o equivalent, que acrediti:\n<ol style=\"list-style-type: upper-alpha;\">\n<li>els anys i cursos d&#8217;escolaritat<\/li>\n<li>que vas cursar i aprovar la llengua catalana en, com a m\u00ednim, 4 cursos.<\/li>\n<\/ol>\n<\/li>\n<\/ol>\n<\/td><\/tr><\/tbody><\/table><\/figure>\n\n\n\n<figure class=\"wp-block-table is-style-stripes\"><table><tbody><tr><td colspan=\"3\"><strong>NIVELL C1<\/strong><\/td><\/tr><tr><td>T\u00edtol assolit<\/td><td>Requisits<\/td><td>Documents a presentar<\/td><\/tr><tr><td>FP2<\/td><td>\n<ul>\n<li>Tenir el t\u00edtol d&#8217;FP2<\/li>\n<li>Haver cursat tota l&#8217;EGB, FP1 i FP2 a Catalunya, a partir del 1978-1979<\/li>\n<li>Haver cursat l&#8217;assignatura de llengua catalana durant tota l&#8217;EGB, FP1 i FP2.<\/li>\n<\/ul>\n<\/td><td>\n<ol>\n<li><strong>DNI<\/strong>: Fotoc\u00f2pia del DNI per les dues cares.<\/li>\n<li><strong>Certificat<\/strong> de l&#8217;escola on vas fer l&#8217;EGB, o equivalent, que acrediti:\n<ol style=\"list-style-type: upper-alpha;\">\n<li>els anys i cursos d&#8217;escolaritat<\/li>\n<li>que vas cursar l&#8217;assignatura de llengua catalana.<\/li>\n<\/ol>\n<\/li>\n<li><strong>Certificat<\/strong> de l&#8217;institut on vas fer FP1 i FP2, o equivalent, que acrediti:\n<ol style=\"list-style-type: upper-alpha;\">\n<li>que vas obtenir el t\u00edtol d&#8217;FP2.<\/li>\n<li>que vas cursar la llengua catalana.<\/li>\n<\/ol>\n<\/li>\n<\/ol>\n<\/td><\/tr><tr><td>BUP<\/td><td>\n<ul>\n<li>Tenir el t\u00edtol de BUP<\/li>\n<li>Haver cursat tota l&#8217;EGB i tot el BUP a Catalunya, a partir del 1978-1979<\/li>\n<li>Haver cursat l&#8217;assignatura de llengua catalana durant tota l&#8217;EGB i el BUP.<\/li>\n<\/ul>\n<\/td><td>\n<ol>\n<li><strong>DNI<\/strong>: Fotoc\u00f2pia del DNI per les dues cares.<\/li>\n<li><strong>Certificat<\/strong> de l&#8217;escola on vas fer l&#8217;EGB, o equivalent, que acrediti:\n<ol style=\"list-style-type: upper-alpha;\">\n<li>els anys i cursos d&#8217;escolaritat<\/li>\n<li>que vas cursar l&#8217;assignatura de llengua catalana.<\/li>\n<\/ol>\n<\/li>\n<li><strong>Certificat<\/strong> de l&#8217;institut on vas fer BUP, o equivalent, que acrediti:\n<ol style=\"list-style-type: upper-alpha;\">\n<li>que vas obtenir el t\u00edtol de BUP<\/li>\n<li>que vas cursar la llengua catalana.<\/li>\n<\/ol>\n<\/li>\n<\/ol>\n<\/td><\/tr><tr><td>ESO<\/td><td>\n<ul>\n<li>Tenir el t\u00edtol d&#8217;ESO<\/li>\n<li>Haver estudiat, com a m\u00ednim, 3 cursos de Prim\u00e0ria a Catalunya.<\/li>\n<li>Haver cursat tota l&#8217;ESO a Catalunya.<\/li>\n<li>Haver cursat l&#8217;assignatura de llengua catalana durant tota l&#8217;ESO. Per l&#8217;ESO cursada a partir del curs 2007-2008, caldr\u00e0 tamb\u00e9 l&#8217;acreditaci\u00f3 d&#8217;haver aprovat la llengua catalana.<\/li>\n<\/ul>\n<\/td><td>\n<ol>\n<li><strong>DNI<\/strong>: Fotoc\u00f2pia del DNI per les dues cares.<\/li>\n<li><strong>Certificat<\/strong> de l&#8217;escola on vas fer la Prim\u00e0ria, o equivalent, que acrediti:\n<ol style=\"list-style-type: upper-alpha;\">\n<li>que vas estar escolaritzat\/da a Catalunya durant almenys 3 cursos a la Prim\u00e0ria<\/li>\n<\/ol>\n<\/li>\n<li><strong>Certificat<\/strong> de l&#8217;institut on vas fer l&#8217;ESO, o equivalent, que acrediti:\n<ol style=\"list-style-type: upper-alpha;\">\n<li>els anys i cursos d&#8217;escolaritat.<\/li>\n<li>que vas obtenir el t\u00edtol d&#8217;ESO<\/li>\n<li>que vas cursar la llengua catalana. Per l&#8217;ESO cursada a partir del curs 2007-2008, caldr\u00e0 tamb\u00e9 l&#8217;acreditaci\u00f3 d&#8217;haver aprovat la llengua catalana.<\/li>\n<\/ol>\n<\/li>\n<\/ol>\n<\/td><\/tr><tr><td>BATXILLERAT<\/td><td>\n<ul>\n<li>Tenir el t\u00edtol de Batxillerat<\/li>\n<li>Haver cursat, com a m\u00ednim, 3 cursos de Prim\u00e0ria a Catalunya.<\/li>\n<li>Haver cursat, com a m\u00ednim, 5 cursos a Catalunya, entre l&#8217;ESO i el Batxillerat.<\/li>\n<\/ul>\n<\/td><td>\n<ol>\n<li><strong>DNI<\/strong>: Fotoc\u00f2pia del DNI per les dues cares.<\/li>\n<li><strong>Certificat<\/strong> de l&#8217;escola on vas fer la Prim\u00e0ria, o equivalent, que acrediti:\n<ol style=\"list-style-type: upper-alpha;\">\n<li>que vas estar escolaritzat\/da a Catalunya durant almenys 3 cursos a la Prim\u00e0ria<\/li>\n<\/ol>\n<\/li>\n<li><strong>Certificat<\/strong> de l&#8217;institut on vas fer l&#8217;ESO i el BTX, o equivalent, que acrediti:\n<ol style=\"list-style-type: upper-alpha;\">\n<li>els anys i cursos d&#8217;escolaritat.<\/li>\n<li>que vas obtenir el t\u00edtol de BTX.<\/li>\n<li>que vas cursar la llengua catalana en, com a m\u00ednim, 5 cursos entre l&#8217;ESO i el Batxillerat.<\/li>\n<\/ol>\n<\/li>\n<\/ol>\n<\/td><\/tr><\/tbody><\/table><\/figure>\n","protected":false},"excerpt":{"rendered":"<p>Els certificats de catal\u00e0 de la Direcci\u00f3 General de Pol\u00edtica Ling\u00fc\u00edstica s\u00f3n t\u00edtols oficials amb reconeixement internacional i validesa indefinida. [&hellip;]<\/p>\n","protected":false},"author":1,"featured_media":0,"parent":3251,"menu_order":4,"comment_status":"closed","ping_status":"closed","template":"","meta":{"_bbp_topic_count":0,"_bbp_reply_count":0,"_bbp_total_topic_count":0,"_bbp_total_reply_count":0,"_bbp_voice_count":0,"_bbp_anonymous_reply_count":0,"_bbp_topic_count_hidden":0,"_bbp_reply_count_hidden":0,"_bbp_forum_subforum_count":0,"site-sidebar-layout":"default","site-content-layout":"","ast-site-content-layout":"default","site-content-style":"default","site-sidebar-style":"default","ast-global-header-display":"","ast-banner-title-visibility":"","ast-main-header-display":"","ast-hfb-above-header-display":"","ast-hfb-below-header-display":"","ast-hfb-mobile-header-display":"","site-post-title":"","ast-breadcrumbs-content":"","ast-featured-img":"","footer-sml-layout":"","theme-transparent-header-meta":"","adv-header-id-meta":"","stick-header-meta":"","header-above-stick-meta":"","header-main-stick-meta":"","header-below-stick-meta":"","astra-migrate-meta-layouts":"set","ast-page-background-enabled":"default","ast-page-background-meta":{"desktop":{"background-color":"var(--ast-global-color-4)","background-image":"","background-repeat":"repeat","background-position":"center center","background-size":"auto","background-attachment":"scroll","background-type":"","background-media":"","overlay-type":"","overlay-color":"","overlay-opacity":"","overlay-gradient":""},"tablet":{"background-color":"","background-image":"","background-repeat":"repeat","background-position":"center center","background-size":"auto","background-attachment":"scroll","background-type":"","background-media":"","overlay-type":"","overlay-color":"","overlay-opacity":"","overlay-gradient":""},"mobile":{"background-color":"","background-image":"","background-repeat":"repeat","background-position":"center center","background-size":"auto","background-attachment":"scroll","background-type":"","background-media":"","overlay-type":"","overlay-color":"","overlay-opacity":"","overlay-gradient":""}},"ast-content-background-meta":{"desktop":{"background-color":"var(--ast-global-color-5)","background-image":"","background-repeat":"repeat","background-position":"center center","background-size":"auto","background-attachment":"scroll","background-type":"","background-media":"","overlay-type":"","overlay-color":"","overlay-opacity":"","overlay-gradient":""},"tablet":{"background-color":"var(--ast-global-color-5)","background-image":"","background-repeat":"repeat","background-position":"center center","background-size":"auto","background-attachment":"scroll","background-type":"","background-media":"","overlay-type":"","overlay-color":"","overlay-opacity":"","overlay-gradient":""},"mobile":{"background-color":"var(--ast-global-color-5)","background-image":"","background-repeat":"repeat","background-position":"center center","background-size":"auto","background-attachment":"scroll","background-type":"","background-media":"","overlay-type":"","overlay-color":"","overlay-opacity":"","overlay-gradient":""}},"footnotes":""},"class_list":["post-9207","page","type-page","status-publish","hentry"],"post_mailing_queue_ids":[],"_links":{"self":[{"href":"https:\/\/agora.xtec.cat\/iesducdemontblanc\/wp-json\/wp\/v2\/pages\/9207","targetHints":{"allow":["GET"]}}],"collection":[{"href":"https:\/\/agora.xtec.cat\/iesducdemontblanc\/wp-json\/wp\/v2\/pages"}],"about":[{"href":"https:\/\/agora.xtec.cat\/iesducdemontblanc\/wp-json\/wp\/v2\/types\/page"}],"author":[{"embeddable":true,"href":"https:\/\/agora.xtec.cat\/iesducdemontblanc\/wp-json\/wp\/v2\/users\/1"}],"replies":[{"embeddable":true,"href":"https:\/\/agora.xtec.cat\/iesducdemontblanc\/wp-json\/wp\/v2\/comments?post=9207"}],"version-history":[{"count":5,"href":"https:\/\/agora.xtec.cat\/iesducdemontblanc\/wp-json\/wp\/v2\/pages\/9207\/revisions"}],"predecessor-version":[{"id":11647,"href":"https:\/\/agora.xtec.cat\/iesducdemontblanc\/wp-json\/wp\/v2\/pages\/9207\/revisions\/11647"}],"up":[{"embeddable":true,"href":"https:\/\/agora.xtec.cat\/iesducdemontblanc\/wp-json\/wp\/v2\/pages\/3251"}],"wp:attachment":[{"href":"https:\/\/agora.xtec.cat\/iesducdemontblanc\/wp-json\/wp\/v2\/media?parent=9207"}],"curies":[{"name":"wp","href":"https:\/\/api.w.org\/{rel}","templated":true}]}}

Certificat d&#8217;equivalència de coneixements de català

<p>Els certificats de català de la Direcció General de Política Lingüística són títols oficials amb reconeixement internacional i validesa indefinida. Aquests certificats els pots necessitar per participar en processos de selecció de personal i de provisió de llocs de treball de les administracions públiques de Catalunya, o per qualsevol altre lloc on el demanin.</p>



<p>Depenent de la titulació que tinguis, des d’aquí pots demanar el certificat d’acreditació de coneixement del català de&nbsp;<strong>nivell B2</strong>&nbsp;(nivell intermedi de català) o el de&nbsp;<strong>nivell C1</strong>&nbsp;(nivell de suficiència del català), sempre que compleixis els requisits que s’indiquen per cada cas, i aportis la documentació exigida.</p>



<p>Segons l&#8217;Ordre VCP7491/2009, del 12 de novembre, qualsevol institut públic de secundària pot lliurar el certificat de reconeixement de nivell C a qualsevol persona que tingui el títol d&#8217;ESO, BUP o FP2, sempre que hagi realitzat tota la primària i secundària a Catalunya.</p>



<h4 class="wp-block-heading">COM ES TRAMITA?</h4>



<p>El tràmit es duu a terme de forma telemàtica. Per tant, descarregueu la sol·licitud de certificat, faciliteu les dades que es demanen i envieu-la per correu electrònic a l’adreça que correspongui, segons sigui dirigida a la secretaria de l’ESO o la secretaria del BTX.</p>



<p>Si calgués aportar alguna documentació, us respondrem el correu informant-vos del que manca.</p>



<p>Quan disposem del certificat ens posarem en contacte amb vosaltres. El termini màxim de lliurament d’un certificat és de 7 dies hàbils. El certificat us l’enviarem signat digitalment per correu.</p>



<p><a href="https://agora.xtec.cat/iesducdemontblanc/wp-content/uploads/usu873/2023/09/A816.pdf" target="_blank" rel="noopener"><strong>Sol·licitud del certificat d&#8217;equivalència de coneixements del Català.</strong></a></p>



<p>Trobareu més informació en aquest <a href="https://educacio.gencat.cat/ca/tramits/tramits-temes/22046-reconeixement-b2-c1-catala?category=742b7874-a82c-11e3-a972-000c29052e2c&amp;moda=1">enllaç.</a></p>



<h4 class="wp-block-heading">TAULA D&#8217;EQUIVALÈNCIES</h4>



<figure class="wp-block-table is-style-stripes"><table><tbody><tr><td colspan="3"><strong>NIVELL B2</strong></td></tr><tr><td>Títol assolit</td><td>Requisits</td><td>Documents a presentar</td></tr><tr><td>EGB / FP1</td><td>
<ul>
<li>Tenir el títol de Graduat Escolar d&#8217;EGB</li>
<li>Haver cursat tota l&#8217;EGB a Catalunya a partir del 1978-1979</li>
<li>Haver cursat l&#8217;assignatura de llengua catalana durant tota l&#8217;EGB</li>
</ul>
</td><td>
<ol>
<li><strong>DNI</strong>: Fotocòpia del DNI per les dues cares.</li>
<li><strong>Certificat</strong> de l&#8217;escola on vas fer l&#8217;EGB, o equivalent, que acrediti:
<ol style="list-style-type: upper-alpha;">
<li>els anys i cursos d&#8217;escolaritat</li>
<li>que vas obtenir el títol de Graduat Escolar (EGB)</li>
<li>que vas cursar l&#8217;assignatura de llengua catalana.</li>
</ol>
</li>
</ol>
</td></tr><tr><td>ESO</td><td>
<ul>
<li>Tenir el títol de l&#8217;ESO</li>
<li>Haver cursat, com a mínim, quatre cursos de l&#8217;educació primària a centres de Catalunya.</li>
</ul>
</td><td>
<ol>
<li><strong>DNI</strong>: Fotocòpia del DNI per les dues cares.</li>
<li><strong>Certificat</strong> de l&#8217;escola on vas fer la Primària, o equivalent, que acrediti:
<ol style="list-style-type: upper-alpha;">
<li>els anys i cursos d&#8217;escolaritat</li>
<li>que vas cursar i aprovar la llengua catalana en, com a mínim, 4 cursos.</li>
</ol>
</li>
</ol>
</td></tr></tbody></table></figure>



<figure class="wp-block-table is-style-stripes"><table><tbody><tr><td colspan="3"><strong>NIVELL C1</strong></td></tr><tr><td>Títol assolit</td><td>Requisits</td><td>Documents a presentar</td></tr><tr><td>FP2</td><td>
<ul>
<li>Tenir el títol d&#8217;FP2</li>
<li>Haver cursat tota l&#8217;EGB, FP1 i FP2 a Catalunya, a partir del 1978-1979</li>
<li>Haver cursat l&#8217;assignatura de llengua catalana durant tota l&#8217;EGB, FP1 i FP2.</li>
</ul>
</td><td>
<ol>
<li><strong>DNI</strong>: Fotocòpia del DNI per les dues cares.</li>
<li><strong>Certificat</strong> de l&#8217;escola on vas fer l&#8217;EGB, o equivalent, que acrediti:
<ol style="list-style-type: upper-alpha;">
<li>els anys i cursos d&#8217;escolaritat</li>
<li>que vas cursar l&#8217;assignatura de llengua catalana.</li>
</ol>
</li>
<li><strong>Certificat</strong> de l&#8217;institut on vas fer FP1 i FP2, o equivalent, que acrediti:
<ol style="list-style-type: upper-alpha;">
<li>que vas obtenir el títol d&#8217;FP2.</li>
<li>que vas cursar la llengua catalana.</li>
</ol>
</li>
</ol>
</td></tr><tr><td>BUP</td><td>
<ul>
<li>Tenir el títol de BUP</li>
<li>Haver cursat tota l&#8217;EGB i tot el BUP a Catalunya, a partir del 1978-1979</li>
<li>Haver cursat l&#8217;assignatura de llengua catalana durant tota l&#8217;EGB i el BUP.</li>
</ul>
</td><td>
<ol>
<li><strong>DNI</strong>: Fotocòpia del DNI per les dues cares.</li>
<li><strong>Certificat</strong> de l&#8217;escola on vas fer l&#8217;EGB, o equivalent, que acrediti:
<ol style="list-style-type: upper-alpha;">
<li>els anys i cursos d&#8217;escolaritat</li>
<li>que vas cursar l&#8217;assignatura de llengua catalana.</li>
</ol>
</li>
<li><strong>Certificat</strong> de l&#8217;institut on vas fer BUP, o equivalent, que acrediti:
<ol style="list-style-type: upper-alpha;">
<li>que vas obtenir el títol de BUP</li>
<li>que vas cursar la llengua catalana.</li>
</ol>
</li>
</ol>
</td></tr><tr><td>ESO</td><td>
<ul>
<li>Tenir el títol d&#8217;ESO</li>
<li>Haver estudiat, com a mínim, 3 cursos de Primària a Catalunya.</li>
<li>Haver cursat tota l&#8217;ESO a Catalunya.</li>
<li>Haver cursat l&#8217;assignatura de llengua catalana durant tota l&#8217;ESO. Per l&#8217;ESO cursada a partir del curs 2007-2008, caldrà també l&#8217;acreditació d&#8217;haver aprovat la llengua catalana.</li>
</ul>
</td><td>
<ol>
<li><strong>DNI</strong>: Fotocòpia del DNI per les dues cares.</li>
<li><strong>Certificat</strong> de l&#8217;escola on vas fer la Primària, o equivalent, que acrediti:
<ol style="list-style-type: upper-alpha;">
<li>que vas estar escolaritzat/da a Catalunya durant almenys 3 cursos a la Primària</li>
</ol>
</li>
<li><strong>Certificat</strong> de l&#8217;institut on vas fer l&#8217;ESO, o equivalent, que acrediti:
<ol style="list-style-type: upper-alpha;">
<li>els anys i cursos d&#8217;escolaritat.</li>
<li>que vas obtenir el títol d&#8217;ESO</li>
<li>que vas cursar la llengua catalana. Per l&#8217;ESO cursada a partir del curs 2007-2008, caldrà també l&#8217;acreditació d&#8217;haver aprovat la llengua catalana.</li>
</ol>
</li>
</ol>
</td></tr><tr><td>BATXILLERAT</td><td>
<ul>
<li>Tenir el títol de Batxillerat</li>
<li>Haver cursat, com a mínim, 3 cursos de Primària a Catalunya.</li>
<li>Haver cursat, com a mínim, 5 cursos a Catalunya, entre l&#8217;ESO i el Batxillerat.</li>
</ul>
</td><td>
<ol>
<li><strong>DNI</strong>: Fotocòpia del DNI per les dues cares.</li>
<li><strong>Certificat</strong> de l&#8217;escola on vas fer la Primària, o equivalent, que acrediti:
<ol style="list-style-type: upper-alpha;">
<li>que vas estar escolaritzat/da a Catalunya durant almenys 3 cursos a la Primària</li>
</ol>
</li>
<li><strong>Certificat</strong> de l&#8217;institut on vas fer l&#8217;ESO i el BTX, o equivalent, que acrediti:
<ol style="list-style-type: upper-alpha;">
<li>els anys i cursos d&#8217;escolaritat.</li>
<li>que vas obtenir el títol de BTX.</li>
<li>que vas cursar la llengua catalana en, com a mínim, 5 cursos entre l&#8217;ESO i el Batxillerat.</li>
</ol>
</li>
</ol>
</td></tr></tbody></table></figure>

<p>Els certificats de català de la Direcció General de Política Lingüística són títols oficials amb reconeixement internacional i validesa indefinida. [&hellip;]</p>
