{"id":77,"date":"2017-07-11T10:29:25","date_gmt":"2017-07-11T08:29:25","guid":{"rendered":"http:\/\/agora.xtec.cat\/iesducdemontblanc\/?page_id=77"},"modified":"2025-01-25T12:55:49","modified_gmt":"2025-01-25T11:55:49","slug":"tallers-arab","status":"publish","type":"page","link":"https:\/\/agora.xtec.cat\/iesducdemontblanc\/tallers-arab\/","title":{"rendered":"Tallers d&#8217;\u00e0rab"},"content":{"rendered":"<p style=\"text-align: justify;\"><span style=\"font-size: medium;\">El primer curs que vam comptar amb els tallers d\u2019\u00e0rab va ser el curs 2004-2005. <\/span><span style=\"font-size: medium;\">Obrir un espai laic per a l\u2019aprenentatge de l\u2019\u00e0rab ha suposat un pas endavant per a la integraci\u00f3 de les fam\u00edlies marroquines en l\u2019\u00e0mbit de les escoles p\u00fabliques. <\/span><span style=\"font-size: medium;\">Al cap d\u2019uns anys d\u2019organitzar aquests tallers, hem pogut comptar amb el suport del PEE del qual ha passat a ser una activitat m\u00e9s.<\/span><\/p>\n<p style=\"text-align: justify;\"><span style=\"font-size: medium;\">L\u2019inter\u00e8s per aquests tallers no ha minvat al llarg de tots aquests anys, sin\u00f3 tot el contrari, s\u2019han consolidat de tal manera que hi ha m\u00e9s demanda que oferta. <\/span><span style=\"font-size: medium;\">Actualment, disposem d&#8217;un professor que ha pogut fer-se c\u00e0rrec del grup que s\u2019imparteixen dos dies a la setmana en horari de tarda. <\/span><span style=\"font-size: medium;\">La resposta de les fam\u00edlies sempre ha estat molt bona i no han creat cap problema. Una de les novetats del darrer curs ha estat la participaci\u00f3 de les fam\u00edlies d\u2019origen marroqu\u00ed en tallers de llengua catalana, organitzats en el mateix centre. <\/span><\/p>\n<p style=\"text-align: justify;\"><span style=\"font-size: medium;\">El balan\u00e7 \u00e9s molt positiu per la possibilitat que hem tingut de con\u00e8ixer i compartir, de tal manera que la pres\u00e8ncia d\u2019una filera de mares que acompanyen els seus fills als tallers ja forma part del nostre paisatge habitual i de la nostra identitat.<\/span><\/p>\n<p><a href=\"http:\/\/agora.xtec.cat\/iesducdemontblanc\/wp-content\/uploads\/usu873\/2017\/07\/fotoIMG_6167.jpg\"><img loading=\"lazy\" decoding=\"async\" class=\" wp-image-660 aligncenter\" src=\"http:\/\/agora.xtec.cat\/iesducdemontblanc\/wp-content\/uploads\/usu873\/2017\/07\/fotoIMG_6167-300x200.jpg\" alt=\"\" width=\"344\" height=\"229\" srcset=\"https:\/\/agora.xtec.cat\/iesducdemontblanc\/wp-content\/uploads\/usu873\/2017\/07\/fotoIMG_6167-300x200.jpg 300w, https:\/\/agora.xtec.cat\/iesducdemontblanc\/wp-content\/uploads\/usu873\/2017\/07\/fotoIMG_6167-768x512.jpg 768w, https:\/\/agora.xtec.cat\/iesducdemontblanc\/wp-content\/uploads\/usu873\/2017\/07\/fotoIMG_6167-1024x683.jpg 1024w, https:\/\/agora.xtec.cat\/iesducdemontblanc\/wp-content\/uploads\/usu873\/2017\/07\/fotoIMG_6167.jpg 1537w\" sizes=\"auto, (max-width: 344px) 100vw, 344px\" \/><\/a><\/p>\n","protected":false},"excerpt":{"rendered":"<p>El primer curs que vam comptar amb els tallers d\u2019\u00e0rab va ser el curs 2004-2005. Obrir un espai laic per [&hellip;]<\/p>\n","protected":false},"author":1,"featured_media":0,"parent":0,"menu_order":50,"comment_status":"closed","ping_status":"closed","template":"","meta":{"_bbp_topic_count":0,"_bbp_reply_count":0,"_bbp_total_topic_count":0,"_bbp_total_reply_count":0,"_bbp_voice_count":0,"_bbp_anonymous_reply_count":0,"_bbp_topic_count_hidden":0,"_bbp_reply_count_hidden":0,"_bbp_forum_subforum_count":0,"site-sidebar-layout":"no-sidebar","site-content-layout":"","ast-site-content-layout":"default","site-content-style":"default","site-sidebar-style":"default","ast-global-header-display":"","ast-banner-title-visibility":"","ast-main-header-display":"","ast-hfb-above-header-display":"","ast-hfb-below-header-display":"","ast-hfb-mobile-header-display":"","site-post-title":"","ast-breadcrumbs-content":"","ast-featured-img":"","footer-sml-layout":"","theme-transparent-header-meta":"","adv-header-id-meta":"","stick-header-meta":"","header-above-stick-meta":"","header-main-stick-meta":"","header-below-stick-meta":"","astra-migrate-meta-layouts":"set","ast-page-background-enabled":"default","ast-page-background-meta":{"desktop":{"background-color":"var(--ast-global-color-4)","background-image":"","background-repeat":"repeat","background-position":"center center","background-size":"auto","background-attachment":"scroll","background-type":"","background-media":"","overlay-type":"","overlay-color":"","overlay-opacity":"","overlay-gradient":""},"tablet":{"background-color":"","background-image":"","background-repeat":"repeat","background-position":"center center","background-size":"auto","background-attachment":"scroll","background-type":"","background-media":"","overlay-type":"","overlay-color":"","overlay-opacity":"","overlay-gradient":""},"mobile":{"background-color":"","background-image":"","background-repeat":"repeat","background-position":"center center","background-size":"auto","background-attachment":"scroll","background-type":"","background-media":"","overlay-type":"","overlay-color":"","overlay-opacity":"","overlay-gradient":""}},"ast-content-background-meta":{"desktop":{"background-color":"var(--ast-global-color-5)","background-image":"","background-repeat":"repeat","background-position":"center center","background-size":"auto","background-attachment":"scroll","background-type":"","background-media":"","overlay-type":"","overlay-color":"","overlay-opacity":"","overlay-gradient":""},"tablet":{"background-color":"var(--ast-global-color-5)","background-image":"","background-repeat":"repeat","background-position":"center center","background-size":"auto","background-attachment":"scroll","background-type":"","background-media":"","overlay-type":"","overlay-color":"","overlay-opacity":"","overlay-gradient":""},"mobile":{"background-color":"var(--ast-global-color-5)","background-image":"","background-repeat":"repeat","background-position":"center center","background-size":"auto","background-attachment":"scroll","background-type":"","background-media":"","overlay-type":"","overlay-color":"","overlay-opacity":"","overlay-gradient":""}},"footnotes":""},"class_list":["post-77","page","type-page","status-publish","hentry"],"post_mailing_queue_ids":[],"_links":{"self":[{"href":"https:\/\/agora.xtec.cat\/iesducdemontblanc\/wp-json\/wp\/v2\/pages\/77","targetHints":{"allow":["GET"]}}],"collection":[{"href":"https:\/\/agora.xtec.cat\/iesducdemontblanc\/wp-json\/wp\/v2\/pages"}],"about":[{"href":"https:\/\/agora.xtec.cat\/iesducdemontblanc\/wp-json\/wp\/v2\/types\/page"}],"author":[{"embeddable":true,"href":"https:\/\/agora.xtec.cat\/iesducdemontblanc\/wp-json\/wp\/v2\/users\/1"}],"replies":[{"embeddable":true,"href":"https:\/\/agora.xtec.cat\/iesducdemontblanc\/wp-json\/wp\/v2\/comments?post=77"}],"version-history":[{"count":4,"href":"https:\/\/agora.xtec.cat\/iesducdemontblanc\/wp-json\/wp\/v2\/pages\/77\/revisions"}],"predecessor-version":[{"id":11697,"href":"https:\/\/agora.xtec.cat\/iesducdemontblanc\/wp-json\/wp\/v2\/pages\/77\/revisions\/11697"}],"wp:attachment":[{"href":"https:\/\/agora.xtec.cat\/iesducdemontblanc\/wp-json\/wp\/v2\/media?parent=77"}],"curies":[{"name":"wp","href":"https:\/\/api.w.org\/{rel}","templated":true}]}}

Tallers d&#8217;àrab

<p style="text-align: justify;"><span style="font-size: medium;">El primer curs que vam comptar amb els tallers d’àrab va ser el curs 2004-2005. </span><span style="font-size: medium;">Obrir un espai laic per a l’aprenentatge de l’àrab ha suposat un pas endavant per a la integració de les famílies marroquines en l’àmbit de les escoles públiques. </span><span style="font-size: medium;">Al cap d’uns anys d’organitzar aquests tallers, hem pogut comptar amb el suport del PEE del qual ha passat a ser una activitat més.</span></p>
<p style="text-align: justify;"><span style="font-size: medium;">L’interès per aquests tallers no ha minvat al llarg de tots aquests anys, sinó tot el contrari, s’han consolidat de tal manera que hi ha més demanda que oferta. </span><span style="font-size: medium;">Actualment, disposem d&#8217;un professor que ha pogut fer-se càrrec del grup que s’imparteixen dos dies a la setmana en horari de tarda. </span><span style="font-size: medium;">La resposta de les famílies sempre ha estat molt bona i no han creat cap problema. Una de les novetats del darrer curs ha estat la participació de les famílies d’origen marroquí en tallers de llengua catalana, organitzats en el mateix centre. </span></p>
<p style="text-align: justify;"><span style="font-size: medium;">El balanç és molt positiu per la possibilitat que hem tingut de conèixer i compartir, de tal manera que la presència d’una filera de mares que acompanyen els seus fills als tallers ja forma part del nostre paisatge habitual i de la nostra identitat.</span></p>
<p><a href="http://agora.xtec.cat/iesducdemontblanc/wp-content/uploads/usu873/2017/07/fotoIMG_6167.jpg"><img loading="lazy" decoding="async" class=" wp-image-660 aligncenter" src="http://agora.xtec.cat/iesducdemontblanc/wp-content/uploads/usu873/2017/07/fotoIMG_6167-300x200.jpg" alt="" width="344" height="229" srcset="https://agora.xtec.cat/iesducdemontblanc/wp-content/uploads/usu873/2017/07/fotoIMG_6167-300x200.jpg 300w, https://agora.xtec.cat/iesducdemontblanc/wp-content/uploads/usu873/2017/07/fotoIMG_6167-768x512.jpg 768w, https://agora.xtec.cat/iesducdemontblanc/wp-content/uploads/usu873/2017/07/fotoIMG_6167-1024x683.jpg 1024w, https://agora.xtec.cat/iesducdemontblanc/wp-content/uploads/usu873/2017/07/fotoIMG_6167.jpg 1537w" sizes="auto, (max-width: 344px) 100vw, 344px" /></a></p>

<p>El primer curs que vam comptar amb els tallers d’àrab va ser el curs 2004-2005. Obrir un espai laic per [&hellip;]</p>
