{"id":612,"date":"2017-07-11T11:19:48","date_gmt":"2017-07-11T09:19:48","guid":{"rendered":"http:\/\/agora.xtec.cat\/iesducdemontblanc\/?page_id=612"},"modified":"2025-01-25T20:24:10","modified_gmt":"2025-01-25T19:24:10","slug":"mediacio","status":"publish","type":"page","link":"https:\/\/agora.xtec.cat\/iesducdemontblanc\/projectes-de-centre\/mediacio\/","title":{"rendered":"Mediaci\u00f3"},"content":{"rendered":"\n<p class=\"has-medium-font-size\">La mediaci\u00f3, com a eina important en la resoluci\u00f3 de conflictes, forma part de la cultura del centre, i aix\u00ed est\u00e0 recollit en el nostre PEC.<\/p>\n\n\n\n<p class=\"has-medium-font-size\">Cada curs es promouen activitats que tenen com a objectiu afavorir un bon clima de conviv\u00e8ncia:<\/p>\n\n\n\n<ul class=\"wp-block-list\">\n<li>Teatre socioeducatiu: din\u00e0miques de grup, resoluci\u00f3 de conflictes i treball de les emocions.<\/li>\n\n\n\n<li>Activitats sobre el bullying<\/li>\n\n\n\n<li>Activitats per celebrar el dia internacional per a l&#8217;eliminaci\u00f3 de la viol\u00e8ncia de g\u00e8nere<\/li>\n\n\n\n<li>Teixint xarxes: una proposta d&#8217;educaci\u00f3 per la pau i la solidaritat<\/li>\n\n\n\n<li>Tallers sobre la pau<\/li>\n<\/ul>\n\n\n\n<p>A m\u00e9s, el centre compta amb un taller de debat sobre diferents aspectes de la conviv\u00e8ncia i la gesti\u00f3 de les emocions fora de l&#8217;horari lectiu.<\/p>\n\n\n\n<figure class=\"wp-block-image aligncenter is-resized\"><a href=\"http:\/\/agora.xtec.cat\/iesducdemontblanc\/wp-content\/uploads\/usu873\/2017\/07\/fotoIMG_9989.jpg\"><img loading=\"lazy\" decoding=\"async\" width=\"300\" height=\"200\" src=\"http:\/\/agora.xtec.cat\/iesducdemontblanc\/wp-content\/uploads\/usu873\/2017\/07\/fotoIMG_9989-300x200.jpg\" alt=\"\" class=\"wp-image-656\" style=\"width:432px;height:auto\" srcset=\"https:\/\/agora.xtec.cat\/iesducdemontblanc\/wp-content\/uploads\/usu873\/2017\/07\/fotoIMG_9989-300x200.jpg 300w, https:\/\/agora.xtec.cat\/iesducdemontblanc\/wp-content\/uploads\/usu873\/2017\/07\/fotoIMG_9989-768x512.jpg 768w, https:\/\/agora.xtec.cat\/iesducdemontblanc\/wp-content\/uploads\/usu873\/2017\/07\/fotoIMG_9989-1024x682.jpg 1024w\" sizes=\"auto, (max-width: 300px) 100vw, 300px\" \/><\/a><\/figure>\n","protected":false},"excerpt":{"rendered":"<p>La mediaci\u00f3, com a eina important en la resoluci\u00f3 de conflictes, forma part de la cultura del centre, i aix\u00ed [&hellip;]<\/p>\n","protected":false},"author":1,"featured_media":0,"parent":599,"menu_order":0,"comment_status":"closed","ping_status":"closed","template":"","meta":{"_bbp_topic_count":0,"_bbp_reply_count":0,"_bbp_total_topic_count":0,"_bbp_total_reply_count":0,"_bbp_voice_count":0,"_bbp_anonymous_reply_count":0,"_bbp_topic_count_hidden":0,"_bbp_reply_count_hidden":0,"_bbp_forum_subforum_count":0,"site-sidebar-layout":"no-sidebar","site-content-layout":"","ast-site-content-layout":"default","site-content-style":"default","site-sidebar-style":"default","ast-global-header-display":"","ast-banner-title-visibility":"","ast-main-header-display":"","ast-hfb-above-header-display":"","ast-hfb-below-header-display":"","ast-hfb-mobile-header-display":"","site-post-title":"","ast-breadcrumbs-content":"","ast-featured-img":"","footer-sml-layout":"","theme-transparent-header-meta":"","adv-header-id-meta":"","stick-header-meta":"","header-above-stick-meta":"","header-main-stick-meta":"","header-below-stick-meta":"","astra-migrate-meta-layouts":"set","ast-page-background-enabled":"default","ast-page-background-meta":{"desktop":{"background-color":"var(--ast-global-color-4)","background-image":"","background-repeat":"repeat","background-position":"center center","background-size":"auto","background-attachment":"scroll","background-type":"","background-media":"","overlay-type":"","overlay-color":"","overlay-opacity":"","overlay-gradient":""},"tablet":{"background-color":"","background-image":"","background-repeat":"repeat","background-position":"center center","background-size":"auto","background-attachment":"scroll","background-type":"","background-media":"","overlay-type":"","overlay-color":"","overlay-opacity":"","overlay-gradient":""},"mobile":{"background-color":"","background-image":"","background-repeat":"repeat","background-position":"center center","background-size":"auto","background-attachment":"scroll","background-type":"","background-media":"","overlay-type":"","overlay-color":"","overlay-opacity":"","overlay-gradient":""}},"ast-content-background-meta":{"desktop":{"background-color":"var(--ast-global-color-5)","background-image":"","background-repeat":"repeat","background-position":"center center","background-size":"auto","background-attachment":"scroll","background-type":"","background-media":"","overlay-type":"","overlay-color":"","overlay-opacity":"","overlay-gradient":""},"tablet":{"background-color":"var(--ast-global-color-5)","background-image":"","background-repeat":"repeat","background-position":"center center","background-size":"auto","background-attachment":"scroll","background-type":"","background-media":"","overlay-type":"","overlay-color":"","overlay-opacity":"","overlay-gradient":""},"mobile":{"background-color":"var(--ast-global-color-5)","background-image":"","background-repeat":"repeat","background-position":"center center","background-size":"auto","background-attachment":"scroll","background-type":"","background-media":"","overlay-type":"","overlay-color":"","overlay-opacity":"","overlay-gradient":""}},"footnotes":""},"class_list":["post-612","page","type-page","status-publish","hentry"],"post_mailing_queue_ids":[],"_links":{"self":[{"href":"https:\/\/agora.xtec.cat\/iesducdemontblanc\/wp-json\/wp\/v2\/pages\/612","targetHints":{"allow":["GET"]}}],"collection":[{"href":"https:\/\/agora.xtec.cat\/iesducdemontblanc\/wp-json\/wp\/v2\/pages"}],"about":[{"href":"https:\/\/agora.xtec.cat\/iesducdemontblanc\/wp-json\/wp\/v2\/types\/page"}],"author":[{"embeddable":true,"href":"https:\/\/agora.xtec.cat\/iesducdemontblanc\/wp-json\/wp\/v2\/users\/1"}],"replies":[{"embeddable":true,"href":"https:\/\/agora.xtec.cat\/iesducdemontblanc\/wp-json\/wp\/v2\/comments?post=612"}],"version-history":[{"count":6,"href":"https:\/\/agora.xtec.cat\/iesducdemontblanc\/wp-json\/wp\/v2\/pages\/612\/revisions"}],"predecessor-version":[{"id":11763,"href":"https:\/\/agora.xtec.cat\/iesducdemontblanc\/wp-json\/wp\/v2\/pages\/612\/revisions\/11763"}],"up":[{"embeddable":true,"href":"https:\/\/agora.xtec.cat\/iesducdemontblanc\/wp-json\/wp\/v2\/pages\/599"}],"wp:attachment":[{"href":"https:\/\/agora.xtec.cat\/iesducdemontblanc\/wp-json\/wp\/v2\/media?parent=612"}],"curies":[{"name":"wp","href":"https:\/\/api.w.org\/{rel}","templated":true}]}}

Mediació

<p class="has-medium-font-size">La mediació, com a eina important en la resolució de conflictes, forma part de la cultura del centre, i així està recollit en el nostre PEC.</p>



<p class="has-medium-font-size">Cada curs es promouen activitats que tenen com a objectiu afavorir un bon clima de convivència:</p>



<ul class="wp-block-list">
<li>Teatre socioeducatiu: dinàmiques de grup, resolució de conflictes i treball de les emocions.</li>



<li>Activitats sobre el bullying</li>



<li>Activitats per celebrar el dia internacional per a l&#8217;eliminació de la violència de gènere</li>



<li>Teixint xarxes: una proposta d&#8217;educació per la pau i la solidaritat</li>



<li>Tallers sobre la pau</li>
</ul>



<p>A més, el centre compta amb un taller de debat sobre diferents aspectes de la convivència i la gestió de les emocions fora de l&#8217;horari lectiu.</p>



<figure class="wp-block-image aligncenter is-resized"><a href="http://agora.xtec.cat/iesducdemontblanc/wp-content/uploads/usu873/2017/07/fotoIMG_9989.jpg"><img loading="lazy" decoding="async" width="300" height="200" src="http://agora.xtec.cat/iesducdemontblanc/wp-content/uploads/usu873/2017/07/fotoIMG_9989-300x200.jpg" alt="" class="wp-image-656" style="width:432px;height:auto" srcset="https://agora.xtec.cat/iesducdemontblanc/wp-content/uploads/usu873/2017/07/fotoIMG_9989-300x200.jpg 300w, https://agora.xtec.cat/iesducdemontblanc/wp-content/uploads/usu873/2017/07/fotoIMG_9989-768x512.jpg 768w, https://agora.xtec.cat/iesducdemontblanc/wp-content/uploads/usu873/2017/07/fotoIMG_9989-1024x682.jpg 1024w" sizes="auto, (max-width: 300px) 100vw, 300px" /></a></figure>

<p>La mediació, com a eina important en la resolució de conflictes, forma part de la cultura del centre, i així [&hellip;]</p>
