{"id":608,"date":"2017-07-11T11:18:31","date_gmt":"2017-07-11T09:18:31","guid":{"rendered":"http:\/\/agora.xtec.cat\/iesducdemontblanc\/?page_id=608"},"modified":"2025-01-25T20:21:25","modified_gmt":"2025-01-25T19:21:25","slug":"escola-verda","status":"publish","type":"page","link":"https:\/\/agora.xtec.cat\/iesducdemontblanc\/projectes-de-centre\/escola-verda\/","title":{"rendered":"Escola Verda"},"content":{"rendered":"\n<p class=\"has-medium-font-size\">El projecte Escola Verda respon a una intenci\u00f3 d&#8217;innovar, incloure, avan\u00e7ar, sistematitzar i organitzar accions educatives que tinguin la finalitat d&#8217;afrontar, des de l&#8217;educaci\u00f3, els nous reptes i valors de la sostenibilitat.<\/p>\n\n\n\n<p class=\"has-medium-font-size\">Els objectius principals s\u00f3n promoure la participaci\u00f3 i la implicaci\u00f3 activa de la comunitat educativa en la millora del seu entorn. Els eixos d&#8217;acci\u00f3 se centren en:<\/p>\n\n\n\n<ul class=\"wp-block-list\">\n<li class=\"has-medium-font-size\">Fomentar la recollida selectiva de paper, envasos, oli, piles i taps.<\/li>\n\n\n\n<li class=\"has-medium-font-size\">Dies assenyalats verds: per treballar la conscienciaci\u00f3, la protecci\u00f3 pel medi ambient i la preocupaci\u00f3 per temes de sostenibilitat. Setmana de la prevenci\u00f3 de residus (novembre) i el dia de l&#8217;aigua (mar\u00e7), per exemple.<\/li>\n\n\n\n<li class=\"has-medium-font-size\">Plantada anual d&#8217;un arbre al centre.<\/li>\n<\/ul>\n\n\n\n<p class=\"has-medium-font-size\">Aix\u00ed mateix, el centre participa en el seminari d&#8217;Escoles Verdes de Rub\u00ed.<\/p>\n\n\n\n<p class=\"has-medium-font-size\">Documents: <a href=\"https:\/\/agora.xtec.cat\/iesducdemontblanc\/docs\/escola-verda_pla-anual\/\">Pla Anual Escola Verda<\/a><\/p>\n\n\n\n<p class=\"has-medium-font-size\">Blog verd: <a href=\"https:\/\/sites.google.com\/ducdemontblanc.cat\/ducverd\/inici\" target=\"_blank\" rel=\"noopener noreferrer\">Duc Verd<\/a><\/p>\n","protected":false},"excerpt":{"rendered":"<p>El projecte Escola Verda respon a una intenci\u00f3 d&#8217;innovar, incloure, avan\u00e7ar, sistematitzar i organitzar accions educatives que tinguin la finalitat [&hellip;]<\/p>\n","protected":false},"author":1,"featured_media":0,"parent":599,"menu_order":0,"comment_status":"closed","ping_status":"closed","template":"","meta":{"_bbp_topic_count":0,"_bbp_reply_count":0,"_bbp_total_topic_count":0,"_bbp_total_reply_count":0,"_bbp_voice_count":0,"_bbp_anonymous_reply_count":0,"_bbp_topic_count_hidden":0,"_bbp_reply_count_hidden":0,"_bbp_forum_subforum_count":0,"site-sidebar-layout":"no-sidebar","site-content-layout":"","ast-site-content-layout":"default","site-content-style":"default","site-sidebar-style":"default","ast-global-header-display":"","ast-banner-title-visibility":"","ast-main-header-display":"","ast-hfb-above-header-display":"","ast-hfb-below-header-display":"","ast-hfb-mobile-header-display":"","site-post-title":"","ast-breadcrumbs-content":"","ast-featured-img":"","footer-sml-layout":"","theme-transparent-header-meta":"","adv-header-id-meta":"","stick-header-meta":"","header-above-stick-meta":"","header-main-stick-meta":"","header-below-stick-meta":"","astra-migrate-meta-layouts":"set","ast-page-background-enabled":"default","ast-page-background-meta":{"desktop":{"background-color":"var(--ast-global-color-4)","background-image":"","background-repeat":"repeat","background-position":"center center","background-size":"auto","background-attachment":"scroll","background-type":"","background-media":"","overlay-type":"","overlay-color":"","overlay-opacity":"","overlay-gradient":""},"tablet":{"background-color":"","background-image":"","background-repeat":"repeat","background-position":"center center","background-size":"auto","background-attachment":"scroll","background-type":"","background-media":"","overlay-type":"","overlay-color":"","overlay-opacity":"","overlay-gradient":""},"mobile":{"background-color":"","background-image":"","background-repeat":"repeat","background-position":"center center","background-size":"auto","background-attachment":"scroll","background-type":"","background-media":"","overlay-type":"","overlay-color":"","overlay-opacity":"","overlay-gradient":""}},"ast-content-background-meta":{"desktop":{"background-color":"var(--ast-global-color-5)","background-image":"","background-repeat":"repeat","background-position":"center center","background-size":"auto","background-attachment":"scroll","background-type":"","background-media":"","overlay-type":"","overlay-color":"","overlay-opacity":"","overlay-gradient":""},"tablet":{"background-color":"var(--ast-global-color-5)","background-image":"","background-repeat":"repeat","background-position":"center center","background-size":"auto","background-attachment":"scroll","background-type":"","background-media":"","overlay-type":"","overlay-color":"","overlay-opacity":"","overlay-gradient":""},"mobile":{"background-color":"var(--ast-global-color-5)","background-image":"","background-repeat":"repeat","background-position":"center center","background-size":"auto","background-attachment":"scroll","background-type":"","background-media":"","overlay-type":"","overlay-color":"","overlay-opacity":"","overlay-gradient":""}},"footnotes":""},"class_list":["post-608","page","type-page","status-publish","hentry"],"post_mailing_queue_ids":[],"_links":{"self":[{"href":"https:\/\/agora.xtec.cat\/iesducdemontblanc\/wp-json\/wp\/v2\/pages\/608","targetHints":{"allow":["GET"]}}],"collection":[{"href":"https:\/\/agora.xtec.cat\/iesducdemontblanc\/wp-json\/wp\/v2\/pages"}],"about":[{"href":"https:\/\/agora.xtec.cat\/iesducdemontblanc\/wp-json\/wp\/v2\/types\/page"}],"author":[{"embeddable":true,"href":"https:\/\/agora.xtec.cat\/iesducdemontblanc\/wp-json\/wp\/v2\/users\/1"}],"replies":[{"embeddable":true,"href":"https:\/\/agora.xtec.cat\/iesducdemontblanc\/wp-json\/wp\/v2\/comments?post=608"}],"version-history":[{"count":6,"href":"https:\/\/agora.xtec.cat\/iesducdemontblanc\/wp-json\/wp\/v2\/pages\/608\/revisions"}],"predecessor-version":[{"id":11760,"href":"https:\/\/agora.xtec.cat\/iesducdemontblanc\/wp-json\/wp\/v2\/pages\/608\/revisions\/11760"}],"up":[{"embeddable":true,"href":"https:\/\/agora.xtec.cat\/iesducdemontblanc\/wp-json\/wp\/v2\/pages\/599"}],"wp:attachment":[{"href":"https:\/\/agora.xtec.cat\/iesducdemontblanc\/wp-json\/wp\/v2\/media?parent=608"}],"curies":[{"name":"wp","href":"https:\/\/api.w.org\/{rel}","templated":true}]}}

<p class="has-medium-font-size">El projecte Escola Verda respon a una intenció d&#8217;innovar, incloure, avançar, sistematitzar i organitzar accions educatives que tinguin la finalitat d&#8217;afrontar, des de l&#8217;educació, els nous reptes i valors de la sostenibilitat.</p>



<p class="has-medium-font-size">Els objectius principals són promoure la participació i la implicació activa de la comunitat educativa en la millora del seu entorn. Els eixos d&#8217;acció se centren en:</p>



<ul class="wp-block-list">
<li class="has-medium-font-size">Fomentar la recollida selectiva de paper, envasos, oli, piles i taps.</li>



<li class="has-medium-font-size">Dies assenyalats verds: per treballar la conscienciació, la protecció pel medi ambient i la preocupació per temes de sostenibilitat. Setmana de la prevenció de residus (novembre) i el dia de l&#8217;aigua (març), per exemple.</li>



<li class="has-medium-font-size">Plantada anual d&#8217;un arbre al centre.</li>
</ul>



<p class="has-medium-font-size">Així mateix, el centre participa en el seminari d&#8217;Escoles Verdes de Rubí.</p>



<p class="has-medium-font-size">Documents: <a href="https://agora.xtec.cat/iesducdemontblanc/docs/escola-verda_pla-anual/">Pla Anual Escola Verda</a></p>



<p class="has-medium-font-size">Blog verd: <a href="https://sites.google.com/ducdemontblanc.cat/ducverd/inici" target="_blank" rel="noopener noreferrer">Duc Verd</a></p>

<p>El projecte Escola Verda respon a una intenció d&#8217;innovar, incloure, avançar, sistematitzar i organitzar accions educatives que tinguin la finalitat [&hellip;]</p>
