{"id":27,"date":"2014-09-17T16:24:03","date_gmt":"2014-09-17T14:24:03","guid":{"rendered":"http:\/\/agora.xtec.cat\/iesducdemontblanc\/?page_id=27"},"modified":"2025-01-25T20:34:50","modified_gmt":"2025-01-25T19:34:50","slug":"historia","status":"publish","type":"page","link":"https:\/\/agora.xtec.cat\/iesducdemontblanc\/historia\/","title":{"rendered":"Hist\u00f2ria"},"content":{"rendered":"\n<p class=\"has-medium-font-size\"><span style=\"font-family: Arial,sans-serif;\"><span style=\"font-size: medium;\">L\u2019<strong>Institut Duc de Montblanc <\/strong>va n\u00e9ixer arran del <strong>moviment social<\/strong> que es va generar a Rub\u00ed a finals dels anys setanta, per tal d\u2019aconseguir un centre de batxillerat per a la ciutat.<\/span><\/span><\/p>\n\n\n\n<p class=\"has-medium-font-size\"><span style=\"font-family: Arial,sans-serif;\"><span style=\"font-size: medium;\">El <strong>curs 1979-1980 <\/strong>ja es van impartir les primeres <strong>classes de 1r de BUP a l\u2019escola Pau Casals<\/strong>, en horari de tarda-nit. El curs seg\u00fcent es decideix el nom \u201cDuc de Montblanc\u201d mentre continua la provisionalitat a diversos aularis del municipi.<\/span><\/span><\/p>\n\n\n\n<p class=\"has-medium-font-size\"><span style=\"font-family: Arial,sans-serif;\"><span style=\"font-size: medium;\">El <strong>curs 1981-82 <\/strong>s\u2019inicia en el <strong>nou edifici de Can Fatj\u00f3<\/strong>, malgrat les pressions per utilitzar aquest espai com a escola. Fou el <strong>primer institut de batxillerat de Rub\u00ed<\/strong> i on s&#8217;han cursat estudis de <strong>BUP i COU<\/strong>, en r\u00e8gim de di\u00fcrn o nocturn, i <strong>des de 1996 l\u2019ESO i els Batxillerats Human\u00edstic, Cient\u00edfic i Tecnol\u00f2gic<\/strong>.<\/span><\/span><\/p>\n\n\n\n<p class=\"has-medium-font-size\"><span style=\"font-family: Arial,sans-serif;\"><span style=\"font-size: medium;\">Des del curs 2002 fins al 2010 fou seu del Pla de Transici\u00f3 al Treball en els diferents formats PGS i PQPI.<\/span><\/span><\/p>\n\n\n\n<p class=\"has-medium-font-size\"><span style=\"font-family: Arial,sans-serif;\"><span style=\"font-size: medium;\">Actualment, el centre mant\u00e9 <strong>cinc l\u00ednies d\u2019ESO <\/strong>-amb una unitat SIEI, grups PDC a 3r i 4t- <strong>i quatre&nbsp;de Batxillerat,<\/strong> organitzat en divuit itineraris. En total, uns <strong>850 alumnes<\/strong> i un professorat format per <strong>80 docents aproximadament<\/strong>. L\u2019horari de les classes \u00e9s <strong>de 8.00 h a 14.30 h<\/strong>. <\/span><\/span><\/p>\n\n\n\n<p class=\"has-medium-font-size\"><span style=\"font-family: Arial,sans-serif;\"><span style=\"font-size: medium;\">No s\u2019imparteix ja el batxillerat nocturn, per\u00f2 l<strong>\u2019institut \u00e9s seu de l\u2019IOC<\/strong>. A les tardes, el centre tamb\u00e9 mant\u00e9 activitats diverses, com ara cursos de formaci\u00f3 i reunions de professorat, tallers d&#8217;estudi assistit i classes de llengua i cultura \u00e0rab, aquests darrers&nbsp; A m\u00e9s, des del curs 2011-2012, les instal\u00b7lacions s\u00f3n <strong>seu de l&#8217;Escola Oficial d&#8217;Idiomes de Rub\u00ed.<\/strong><\/span><\/span><\/p>\n\n\n\n<p class=\"has-medium-font-size\"><span style=\"font-family: Arial,sans-serif;\"><span style=\"font-size: medium;\">Entre altres apostes per la innovaci\u00f3, el centre \u00e9s immers en el <strong>Projecte \u201cLlibre Digital\u201d<\/strong>, l<strong>\u2019Impuls de la Lectura <\/strong>(Pla Nacional de Lectura), la <strong>mediaci\u00f3<\/strong> (Programa de mediaci\u00f3), l\u2019aplicaci\u00f3 <strong>eP\u00e8rgam <\/strong>(Biblioteca escolar), la col\u00b7laboraci\u00f3 amb el <strong>Campus \u00cdtaca<\/strong> i <strong>Programa Arg\u00f3<\/strong> (UAB), la participaci\u00f3 en el <strong>programa<\/strong> <strong>Salut i Escola<\/strong>, la prevenci\u00f3 del consum de drogues (programa \u201cAqu\u00ed en parlem\u201d, en col\u00b7laboraci\u00f3 amb La Caixa) i el <strong>Treball per projectes<\/strong>. <\/span><\/span><\/p>\n\n\n\n<p class=\"has-medium-font-size\"><span style=\"font-family: Arial,sans-serif;\"><span style=\"font-size: medium;\">L\u2019institut, que t\u00e9 l\u2019acreditaci\u00f3 d\u2019<strong>Escola Verda<\/strong> i \u00e9s tamb\u00e9 <strong>Centre Comenius<\/strong>, recull els principis rectors definits en la Llei d&#8217;educaci\u00f3 catalana en l&#8217;article 2. <\/span><\/span><\/p>\n\n\n\n<figure class=\"wp-block-image aligncenter size-full is-resized\"><a href=\"https:\/\/agora.xtec.cat\/iesducdemontblanc\/wp-content\/uploads\/usu873\/2025\/01\/BannerYoutube.jpg\"><img loading=\"lazy\" decoding=\"async\" width=\"2560\" height=\"1440\" src=\"https:\/\/agora.xtec.cat\/iesducdemontblanc\/wp-content\/uploads\/usu873\/2025\/01\/BannerYoutube.jpg\" alt=\"\" class=\"wp-image-11505\" style=\"width:622px;height:auto\" srcset=\"https:\/\/agora.xtec.cat\/iesducdemontblanc\/wp-content\/uploads\/usu873\/2025\/01\/BannerYoutube.jpg 2560w, https:\/\/agora.xtec.cat\/iesducdemontblanc\/wp-content\/uploads\/usu873\/2025\/01\/BannerYoutube-300x169.jpg 300w, https:\/\/agora.xtec.cat\/iesducdemontblanc\/wp-content\/uploads\/usu873\/2025\/01\/BannerYoutube-1024x576.jpg 1024w, https:\/\/agora.xtec.cat\/iesducdemontblanc\/wp-content\/uploads\/usu873\/2025\/01\/BannerYoutube-768x432.jpg 768w, https:\/\/agora.xtec.cat\/iesducdemontblanc\/wp-content\/uploads\/usu873\/2025\/01\/BannerYoutube-1536x864.jpg 1536w, https:\/\/agora.xtec.cat\/iesducdemontblanc\/wp-content\/uploads\/usu873\/2025\/01\/BannerYoutube-2048x1152.jpg 2048w\" sizes=\"auto, (max-width: 2560px) 100vw, 2560px\" \/><\/a><\/figure>\n","protected":false},"excerpt":{"rendered":"<p>L\u2019Institut Duc de Montblanc va n\u00e9ixer arran del moviment social que es va generar a Rub\u00ed a finals dels anys [&hellip;]<\/p>\n","protected":false},"author":1,"featured_media":0,"parent":0,"menu_order":20,"comment_status":"closed","ping_status":"closed","template":"","meta":{"_bbp_topic_count":0,"_bbp_reply_count":0,"_bbp_total_topic_count":0,"_bbp_total_reply_count":0,"_bbp_voice_count":0,"_bbp_anonymous_reply_count":0,"_bbp_topic_count_hidden":0,"_bbp_reply_count_hidden":0,"_bbp_forum_subforum_count":0,"site-sidebar-layout":"no-sidebar","site-content-layout":"","ast-site-content-layout":"default","site-content-style":"default","site-sidebar-style":"default","ast-global-header-display":"","ast-banner-title-visibility":"","ast-main-header-display":"","ast-hfb-above-header-display":"","ast-hfb-below-header-display":"","ast-hfb-mobile-header-display":"","site-post-title":"","ast-breadcrumbs-content":"","ast-featured-img":"","footer-sml-layout":"","theme-transparent-header-meta":"","adv-header-id-meta":"","stick-header-meta":"","header-above-stick-meta":"","header-main-stick-meta":"","header-below-stick-meta":"","astra-migrate-meta-layouts":"set","ast-page-background-enabled":"default","ast-page-background-meta":{"desktop":{"background-color":"var(--ast-global-color-4)","background-image":"","background-repeat":"repeat","background-position":"center center","background-size":"auto","background-attachment":"scroll","background-type":"","background-media":"","overlay-type":"","overlay-color":"","overlay-opacity":"","overlay-gradient":""},"tablet":{"background-color":"","background-image":"","background-repeat":"repeat","background-position":"center center","background-size":"auto","background-attachment":"scroll","background-type":"","background-media":"","overlay-type":"","overlay-color":"","overlay-opacity":"","overlay-gradient":""},"mobile":{"background-color":"","background-image":"","background-repeat":"repeat","background-position":"center center","background-size":"auto","background-attachment":"scroll","background-type":"","background-media":"","overlay-type":"","overlay-color":"","overlay-opacity":"","overlay-gradient":""}},"ast-content-background-meta":{"desktop":{"background-color":"var(--ast-global-color-5)","background-image":"","background-repeat":"repeat","background-position":"center center","background-size":"auto","background-attachment":"scroll","background-type":"","background-media":"","overlay-type":"","overlay-color":"","overlay-opacity":"","overlay-gradient":""},"tablet":{"background-color":"var(--ast-global-color-5)","background-image":"","background-repeat":"repeat","background-position":"center center","background-size":"auto","background-attachment":"scroll","background-type":"","background-media":"","overlay-type":"","overlay-color":"","overlay-opacity":"","overlay-gradient":""},"mobile":{"background-color":"var(--ast-global-color-5)","background-image":"","background-repeat":"repeat","background-position":"center center","background-size":"auto","background-attachment":"scroll","background-type":"","background-media":"","overlay-type":"","overlay-color":"","overlay-opacity":"","overlay-gradient":""}},"footnotes":""},"class_list":["post-27","page","type-page","status-publish","hentry"],"post_mailing_queue_ids":[],"_links":{"self":[{"href":"https:\/\/agora.xtec.cat\/iesducdemontblanc\/wp-json\/wp\/v2\/pages\/27","targetHints":{"allow":["GET"]}}],"collection":[{"href":"https:\/\/agora.xtec.cat\/iesducdemontblanc\/wp-json\/wp\/v2\/pages"}],"about":[{"href":"https:\/\/agora.xtec.cat\/iesducdemontblanc\/wp-json\/wp\/v2\/types\/page"}],"author":[{"embeddable":true,"href":"https:\/\/agora.xtec.cat\/iesducdemontblanc\/wp-json\/wp\/v2\/users\/1"}],"replies":[{"embeddable":true,"href":"https:\/\/agora.xtec.cat\/iesducdemontblanc\/wp-json\/wp\/v2\/comments?post=27"}],"version-history":[{"count":6,"href":"https:\/\/agora.xtec.cat\/iesducdemontblanc\/wp-json\/wp\/v2\/pages\/27\/revisions"}],"predecessor-version":[{"id":11742,"href":"https:\/\/agora.xtec.cat\/iesducdemontblanc\/wp-json\/wp\/v2\/pages\/27\/revisions\/11742"}],"wp:attachment":[{"href":"https:\/\/agora.xtec.cat\/iesducdemontblanc\/wp-json\/wp\/v2\/media?parent=27"}],"curies":[{"name":"wp","href":"https:\/\/api.w.org\/{rel}","templated":true}]}}

Història

<p class="has-medium-font-size"><span style="font-family: Arial,sans-serif;"><span style="font-size: medium;">L’<strong>Institut Duc de Montblanc </strong>va néixer arran del <strong>moviment social</strong> que es va generar a Rubí a finals dels anys setanta, per tal d’aconseguir un centre de batxillerat per a la ciutat.</span></span></p>



<p class="has-medium-font-size"><span style="font-family: Arial,sans-serif;"><span style="font-size: medium;">El <strong>curs 1979-1980 </strong>ja es van impartir les primeres <strong>classes de 1r de BUP a l’escola Pau Casals</strong>, en horari de tarda-nit. El curs següent es decideix el nom “Duc de Montblanc” mentre continua la provisionalitat a diversos aularis del municipi.</span></span></p>



<p class="has-medium-font-size"><span style="font-family: Arial,sans-serif;"><span style="font-size: medium;">El <strong>curs 1981-82 </strong>s’inicia en el <strong>nou edifici de Can Fatjó</strong>, malgrat les pressions per utilitzar aquest espai com a escola. Fou el <strong>primer institut de batxillerat de Rubí</strong> i on s&#8217;han cursat estudis de <strong>BUP i COU</strong>, en règim de diürn o nocturn, i <strong>des de 1996 l’ESO i els Batxillerats Humanístic, Científic i Tecnològic</strong>.</span></span></p>



<p class="has-medium-font-size"><span style="font-family: Arial,sans-serif;"><span style="font-size: medium;">Des del curs 2002 fins al 2010 fou seu del Pla de Transició al Treball en els diferents formats PGS i PQPI.</span></span></p>



<p class="has-medium-font-size"><span style="font-family: Arial,sans-serif;"><span style="font-size: medium;">Actualment, el centre manté <strong>cinc línies d’ESO </strong>-amb una unitat SIEI, grups PDC a 3r i 4t- <strong>i quatre&nbsp;de Batxillerat,</strong> organitzat en divuit itineraris. En total, uns <strong>850 alumnes</strong> i un professorat format per <strong>80 docents aproximadament</strong>. L’horari de les classes és <strong>de 8.00 h a 14.30 h</strong>. </span></span></p>



<p class="has-medium-font-size"><span style="font-family: Arial,sans-serif;"><span style="font-size: medium;">No s’imparteix ja el batxillerat nocturn, però l<strong>’institut és seu de l’IOC</strong>. A les tardes, el centre també manté activitats diverses, com ara cursos de formació i reunions de professorat, tallers d&#8217;estudi assistit i classes de llengua i cultura àrab, aquests darrers&nbsp; A més, des del curs 2011-2012, les instal·lacions són <strong>seu de l&#8217;Escola Oficial d&#8217;Idiomes de Rubí.</strong></span></span></p>



<p class="has-medium-font-size"><span style="font-family: Arial,sans-serif;"><span style="font-size: medium;">Entre altres apostes per la innovació, el centre és immers en el <strong>Projecte “Llibre Digital”</strong>, l<strong>’Impuls de la Lectura </strong>(Pla Nacional de Lectura), la <strong>mediació</strong> (Programa de mediació), l’aplicació <strong>ePèrgam </strong>(Biblioteca escolar), la col·laboració amb el <strong>Campus Ítaca</strong> i <strong>Programa Argó</strong> (UAB), la participació en el <strong>programa</strong> <strong>Salut i Escola</strong>, la prevenció del consum de drogues (programa “Aquí en parlem”, en col·laboració amb La Caixa) i el <strong>Treball per projectes</strong>. </span></span></p>



<p class="has-medium-font-size"><span style="font-family: Arial,sans-serif;"><span style="font-size: medium;">L’institut, que té l’acreditació d’<strong>Escola Verda</strong> i és també <strong>Centre Comenius</strong>, recull els principis rectors definits en la Llei d&#8217;educació catalana en l&#8217;article 2. </span></span></p>



<figure class="wp-block-image aligncenter size-full is-resized"><a href="https://agora.xtec.cat/iesducdemontblanc/wp-content/uploads/usu873/2025/01/BannerYoutube.jpg"><img loading="lazy" decoding="async" width="2560" height="1440" src="https://agora.xtec.cat/iesducdemontblanc/wp-content/uploads/usu873/2025/01/BannerYoutube.jpg" alt="" class="wp-image-11505" style="width:622px;height:auto" srcset="https://agora.xtec.cat/iesducdemontblanc/wp-content/uploads/usu873/2025/01/BannerYoutube.jpg 2560w, https://agora.xtec.cat/iesducdemontblanc/wp-content/uploads/usu873/2025/01/BannerYoutube-300x169.jpg 300w, https://agora.xtec.cat/iesducdemontblanc/wp-content/uploads/usu873/2025/01/BannerYoutube-1024x576.jpg 1024w, https://agora.xtec.cat/iesducdemontblanc/wp-content/uploads/usu873/2025/01/BannerYoutube-768x432.jpg 768w, https://agora.xtec.cat/iesducdemontblanc/wp-content/uploads/usu873/2025/01/BannerYoutube-1536x864.jpg 1536w, https://agora.xtec.cat/iesducdemontblanc/wp-content/uploads/usu873/2025/01/BannerYoutube-2048x1152.jpg 2048w" sizes="auto, (max-width: 2560px) 100vw, 2560px" /></a></figure>

<p>L’Institut Duc de Montblanc va néixer arran del moviment social que es va generar a Rubí a finals dels anys [&hellip;]</p>
