{"id":11515,"date":"2025-01-22T09:28:03","date_gmt":"2025-01-22T08:28:03","guid":{"rendered":"https:\/\/agora.xtec.cat\/iesducdemontblanc\/?page_id=11515"},"modified":"2025-01-22T09:31:00","modified_gmt":"2025-01-22T08:31:00","slug":"apadrinem-el-nostre-patrimoni","status":"publish","type":"page","link":"https:\/\/agora.xtec.cat\/iesducdemontblanc\/projectes-de-centre\/apadrinem-el-nostre-patrimoni\/","title":{"rendered":"Apadrinem el nostre patrimoni"},"content":{"rendered":"\n<p>El nostre centre s&#8217;ha inscrit al pograma <strong>Apadrinem el nostre patrimoni<\/strong>,&nbsp;amb l&#8217;objectiu d&#8217;afavorir la implicaci\u00f3 de&nbsp; l&#8217;alumnat amb el patrimoni cultural i natural de la ciutat, en aquest cas, el <strong>Torrent de les abelles<\/strong>.<\/p>\n\n\n\n<p>El Programa es basa en la idea de l\u2019apadrinament d\u2019un element patrimonial per part del centre educatiu, la qual cosa comporta donar-li valor i aprofundir en el seu coneixement des del punt de vista cultural i, alhora, fer que aquest coneixement sigui socialment rellevant, \u00e9s a dir, que arribi a la pr\u00f2pia comunitat i a l\u2019entorn de l\u2019escola.<\/p>\n\n\n\n<p>Els&nbsp;objectius&nbsp;del Programa d\u2019Apadrinem el nostre patrimoni s\u00f3n els seg\u00fcents:<\/p>\n\n\n\n<ul class=\"wp-block-list\">\n<li>Afavorir la implicaci\u00f3 de l\u2019alumnat a partir d\u2019una proposta did\u00e0ctica dissenyada amb els criteris de significativitat, comunicaci\u00f3, acci\u00f3 i projecci\u00f3 del model competencial orientador.<\/li>\n\n\n\n<li>Promoure el coneixement del patrimoni m\u00e9s proper al centre educatiu.<\/li>\n\n\n\n<li>Projectar el coneixement adquirit per l\u2019alumnat sobre l\u2019element patrimonial a la pr\u00f2pia comunitat i a l\u2019entorn<\/li>\n<\/ul>\n\n\n\n<p>La difusi\u00f3 de les activitats d&#8217;apadrinament del Torrent de les abelles la farem a trav\u00e9s de la web del centre.<\/p>\n","protected":false},"excerpt":{"rendered":"<p>El nostre centre s&#8217;ha inscrit al pograma Apadrinem el nostre patrimoni,&nbsp;amb l&#8217;objectiu d&#8217;afavorir la implicaci\u00f3 de&nbsp; l&#8217;alumnat amb el patrimoni [&hellip;]<\/p>\n","protected":false},"author":1,"featured_media":0,"parent":599,"menu_order":0,"comment_status":"closed","ping_status":"close","template":"","meta":{"_bbp_topic_count":0,"_bbp_reply_count":0,"_bbp_total_topic_count":0,"_bbp_total_reply_count":0,"_bbp_voice_count":0,"_bbp_anonymous_reply_count":0,"_bbp_topic_count_hidden":0,"_bbp_reply_count_hidden":0,"_bbp_forum_subforum_count":0,"site-sidebar-layout":"no-sidebar","site-content-layout":"","ast-site-content-layout":"default","site-content-style":"default","site-sidebar-style":"default","ast-global-header-display":"","ast-banner-title-visibility":"","ast-main-header-display":"","ast-hfb-above-header-display":"","ast-hfb-below-header-display":"","ast-hfb-mobile-header-display":"","site-post-title":"","ast-breadcrumbs-content":"","ast-featured-img":"","footer-sml-layout":"","theme-transparent-header-meta":"","adv-header-id-meta":"","stick-header-meta":"","header-above-stick-meta":"","header-main-stick-meta":"","header-below-stick-meta":"","astra-migrate-meta-layouts":"set","ast-page-background-enabled":"default","ast-page-background-meta":{"desktop":{"background-color":"var(--ast-global-color-4)","background-image":"","background-repeat":"repeat","background-position":"center center","background-size":"auto","background-attachment":"scroll","background-type":"","background-media":"","overlay-type":"","overlay-color":"","overlay-opacity":"","overlay-gradient":""},"tablet":{"background-color":"","background-image":"","background-repeat":"repeat","background-position":"center center","background-size":"auto","background-attachment":"scroll","background-type":"","background-media":"","overlay-type":"","overlay-color":"","overlay-opacity":"","overlay-gradient":""},"mobile":{"background-color":"","background-image":"","background-repeat":"repeat","background-position":"center center","background-size":"auto","background-attachment":"scroll","background-type":"","background-media":"","overlay-type":"","overlay-color":"","overlay-opacity":"","overlay-gradient":""}},"ast-content-background-meta":{"desktop":{"background-color":"var(--ast-global-color-5)","background-image":"","background-repeat":"repeat","background-position":"center center","background-size":"auto","background-attachment":"scroll","background-type":"","background-media":"","overlay-type":"","overlay-color":"","overlay-opacity":"","overlay-gradient":""},"tablet":{"background-color":"var(--ast-global-color-5)","background-image":"","background-repeat":"repeat","background-position":"center center","background-size":"auto","background-attachment":"scroll","background-type":"","background-media":"","overlay-type":"","overlay-color":"","overlay-opacity":"","overlay-gradient":""},"mobile":{"background-color":"var(--ast-global-color-5)","background-image":"","background-repeat":"repeat","background-position":"center center","background-size":"auto","background-attachment":"scroll","background-type":"","background-media":"","overlay-type":"","overlay-color":"","overlay-opacity":"","overlay-gradient":""}},"footnotes":""},"class_list":["post-11515","page","type-page","status-publish","hentry"],"post_mailing_queue_ids":[],"_links":{"self":[{"href":"https:\/\/agora.xtec.cat\/iesducdemontblanc\/wp-json\/wp\/v2\/pages\/11515","targetHints":{"allow":["GET"]}}],"collection":[{"href":"https:\/\/agora.xtec.cat\/iesducdemontblanc\/wp-json\/wp\/v2\/pages"}],"about":[{"href":"https:\/\/agora.xtec.cat\/iesducdemontblanc\/wp-json\/wp\/v2\/types\/page"}],"author":[{"embeddable":true,"href":"https:\/\/agora.xtec.cat\/iesducdemontblanc\/wp-json\/wp\/v2\/users\/1"}],"replies":[{"embeddable":true,"href":"https:\/\/agora.xtec.cat\/iesducdemontblanc\/wp-json\/wp\/v2\/comments?post=11515"}],"version-history":[{"count":1,"href":"https:\/\/agora.xtec.cat\/iesducdemontblanc\/wp-json\/wp\/v2\/pages\/11515\/revisions"}],"predecessor-version":[{"id":11518,"href":"https:\/\/agora.xtec.cat\/iesducdemontblanc\/wp-json\/wp\/v2\/pages\/11515\/revisions\/11518"}],"up":[{"embeddable":true,"href":"https:\/\/agora.xtec.cat\/iesducdemontblanc\/wp-json\/wp\/v2\/pages\/599"}],"wp:attachment":[{"href":"https:\/\/agora.xtec.cat\/iesducdemontblanc\/wp-json\/wp\/v2\/media?parent=11515"}],"curies":[{"name":"wp","href":"https:\/\/api.w.org\/{rel}","templated":true}]}}

<p>El nostre centre s&#8217;ha inscrit al pograma <strong>Apadrinem el nostre patrimoni</strong>,&nbsp;amb l&#8217;objectiu d&#8217;afavorir la implicació de&nbsp; l&#8217;alumnat amb el patrimoni cultural i natural de la ciutat, en aquest cas, el <strong>Torrent de les abelles</strong>.</p>



<p>El Programa es basa en la idea de l’apadrinament d’un element patrimonial per part del centre educatiu, la qual cosa comporta donar-li valor i aprofundir en el seu coneixement des del punt de vista cultural i, alhora, fer que aquest coneixement sigui socialment rellevant, és a dir, que arribi a la pròpia comunitat i a l’entorn de l’escola.</p>



<p>Els&nbsp;objectius&nbsp;del Programa d’Apadrinem el nostre patrimoni són els següents:</p>



<ul class="wp-block-list">
<li>Afavorir la implicació de l’alumnat a partir d’una proposta didàctica dissenyada amb els criteris de significativitat, comunicació, acció i projecció del model competencial orientador.</li>



<li>Promoure el coneixement del patrimoni més proper al centre educatiu.</li>



<li>Projectar el coneixement adquirit per l’alumnat sobre l’element patrimonial a la pròpia comunitat i a l’entorn</li>
</ul>



<p>La difusió de les activitats d&#8217;apadrinament del Torrent de les abelles la farem a través de la web del centre.</p>

<p>El nostre centre s&#8217;ha inscrit al pograma Apadrinem el nostre patrimoni,&nbsp;amb l&#8217;objectiu d&#8217;afavorir la implicació de&nbsp; l&#8217;alumnat amb el patrimoni [&hellip;]</p>
