{"id":978,"date":"2026-01-04T06:39:01","date_gmt":"2026-01-04T05:39:01","guid":{"rendered":"http:\/\/agora.xtec.cat\/iesdrpuigvert\/?page_id=978"},"modified":"2026-01-21T17:51:36","modified_gmt":"2026-01-21T16:51:36","slug":"creadors-en-residencia","status":"publish","type":"page","link":"https:\/\/agora.xtec.cat\/iesdrpuigvert\/vols-coneixer-nos\/creadors-en-residencia\/","title":{"rendered":"Creadors en Resid\u00e8ncia"},"content":{"rendered":"<h2><span style=\"color: #ff6600;\">Creadors en Resid\u00e8ncia<\/span><\/h2>\n<p id=\"h.p_w_POK4bqv0tp\" class=\"zfr3Q\"><strong>Creadors en Resid\u00e8ncia<\/strong> \u00e9s una iniciativa conjunta de l&#8217;Institut de Cultura de Barcelona (ICUB), F\u00e0briques de creaci\u00f3, a bao a qu i el Consorci d&#8217;Educaci\u00f3 de Barcelona, amb la col\u00b7laboraci\u00f3 del MACBA.<\/p>\n<p id=\"h.p_nncc1FM0v1nB\" class=\"zfr3Q\">Els artistes residents, els creadors, intervenen als instituts com a autors, i desenvolupen els seus projectes acompanyats pels alumnes d\u2019un grup-classe, que participen de manera habitual en el proc\u00e9s de creaci\u00f3. Es tracta, doncs, de crear un ambient similar al del taller renaixentista, on la transmissi\u00f3 es produeix fonamentalment a trav\u00e9s de la participaci\u00f3 i del contacte directe amb l\u2019obra i amb el seu creador. Els alumnes, per tant, compartiran el projecte i el proc\u00e9s de creaci\u00f3 de l\u2019obra i hi participaran de manera activa. En aquest proc\u00e9s la reflexi\u00f3 tamb\u00e9 ser\u00e0 una part important del proc\u00e9s d\u2019aprenentatge.<\/p>\n<div class=\"CjVfdc\">\n<div class=\"PPhIP rviiZ\"><\/div>\n<\/div>\n<div class=\"CjVfdc\"><strong>Creadors residents des del 2012:<\/strong><\/div>\n<div><\/div>\n<ul class=\"n8H08c UVNKR\">\n<li><a href=\"https:\/\/www.enresidencia.org\/es\/residencia\/vivian-friedrich-en-residencia-linstitut-doctor-puigvert\/autor-instituto\"> Vivian Friedrich<\/a> EN RESiDENCiA en el Instituto Doctor Puigvert (25-26)<\/li>\n<li><a href=\"https:\/\/www.enresidencia.org\/es\/residencia\/marc-badia-en-residencia-linstitut-doctor-puigvert\/autor-instituto\"> Marc Badia<\/a> EN RESiDENCiA en el Instituto Doctor Puigvert(24-25)<\/li>\n<li><a href=\"https:\/\/www.enresidencia.org\/es\/residencia\/valentina-gaia-lops-y-ida-barbati-en-residencia-en-el-instituto-doctor-puigvert\/autor-instituto\">Valentina Gaia Lops e Ida Barbati<\/a> EN RESiD\u00c8NCiA a l&#8217;Institut Doctor Puigvert (2023-24)<\/li>\n<li><a href=\"https:\/\/www.enresidencia.org\/ca\/residencia\/ninja-papel-en-residencia-linstitut-doctor-puigvert\/autor-institut\">Ninja Papel<\/a> EN RESiD\u00c8NCiA a l&#8217;Institut Doctor Puigvert(2022-23)<\/li>\n<li><a href=\"https:\/\/www.enresidencia.org\/es\/residencia\/gerda-kochanska-en-residencia-en-el-instituto-doctor-puigvert\/autor-instituto\">Gerda Kochanska<\/a> EN RESiD\u00c8NCiA a l&#8217;Institut Doctor Puigvert (2021-22)<\/li>\n<li><a href=\"https:\/\/www.enresidencia.org\/ca\/residencia\/anna-irina-russell-en-residencia-linstitut-doctor-puigvert\/autor-institut\">Anna Irina Russell<\/a> EN RESiD\u00c8NCiA a l&#8217;Institut Doctor Puigvert (2020-21)<\/li>\n<li><a href=\"https:\/\/www.enresidencia.org\/ca\/residencia\/maria-llop-i-vanesa-varela-linstitut-doctor-puigvert\/autor-institut\">Maria LLop i Vanesa Varela<\/a> EN RESID\u00c8NCIA a l&#8217;Insitut Doctor Puigvert (2019-20)<\/li>\n<li><a href=\"https:\/\/www.enresidencia.org\/ca\/residencia\/max-besora-en-residencia-linstitut-doctor-puigvert\/autor-institut\">Max Besora<\/a> EN REDID\u00c8NCIA a L&#8217;institut Doctor Puigvert \/2018-19)<\/li>\n<li id=\"h.p__KK2RH15vR8o\" class=\"TYR86d zfr3Q\"><a class=\"dhtgD aw5Odc\" href=\"http:\/\/www.google.com\/url?q=http%3A%2F%2Fwww.enresidencia.org%2Fca%2Fresidencia%2Fenric-farres-duran-en-residencia-linstitut-doctor-puigvert%2Fautor-institut&amp;sa=D&amp;sntz=1&amp;usg=AFQjCNEGs9guNHzA8gQv6WHM5eoVY2z67g\" target=\"_blank\" rel=\"noopener noreferrer\">Enric Farr\u00e9s Duran<\/a> EN RESiD\u00c8NCiA a l&#8217;Institut Doctor Puigvert (2017-2018)<\/li>\n<li id=\"h.p_sIvFMHJFwwA6\" class=\"TYR86d zfr3Q\"><a class=\"dhtgD aw5Odc\" href=\"http:\/\/www.google.com\/url?q=http%3A%2F%2Fwww.enresidencia.org%2Fca%2Fresidencia%2Fana-garcia-pineda-en-residencia-linstitut-doctor-puigvert%2Fautor-institut&amp;sa=D&amp;sntz=1&amp;usg=AFQjCNHGX_jV_S1NpyxagR1Pkd794ixCxA\" target=\"_blank\" rel=\"noopener noreferrer\">Ana Garcia-Pineda<\/a> EN RESiD\u00c8NCiA a l&#8217;Institut Doctor Puigvert (2016-2017)<\/li>\n<li id=\"h.p_qtqlIld0w5NY\" class=\"TYR86d zfr3Q\"><a class=\"dhtgD aw5Odc\" href=\"http:\/\/www.google.com\/url?q=http%3A%2F%2Fwww.enresidencia.org%2Fca%2Fresidencia%2Fluz-broto-en-residencia-doctor-puigvert%2Fautor-institut&amp;sa=D&amp;sntz=1&amp;usg=AFQjCNH8nAp3BhpsNroMsMAcrglY2IlfJg\" target=\"_blank\" rel=\"noopener noreferrer\">Luz Broto<\/a> EN RESiD\u00c8NCiA a l&#8217;Institut Doctor Puigvert (2015-2016) &#8211; <a class=\"dhtgD aw5Odc\" href=\"https:\/\/www.google.com\/url?q=https%3A%2F%2Fvimeo.com%2F176730764&amp;sa=D&amp;sntz=1&amp;usg=AFQjCNEPW16esHvQy1pwuhU4sbv0tscJtQ\" target=\"_blank\" rel=\"noopener noreferrer\">V\u00eddeo: Un dia sense profes<\/a><\/li>\n<li id=\"h.p_XOMi_NCuxFnX\" class=\"TYR86d zfr3Q\"><a class=\"dhtgD aw5Odc\" href=\"http:\/\/www.google.com\/url?q=http%3A%2F%2Fwww.enresidencia.org%2Fca%2Fresidencia%2Ffrancesc-ruiz-en-residencia-linstitut-doctor-puigvert%2Fautor-institut&amp;sa=D&amp;sntz=1&amp;usg=AFQjCNGbf1bpR30rVnM5opCIJQnvn8ppYA\" target=\"_blank\" rel=\"noopener noreferrer\">Francesc Ruiz<\/a> EN RESiD\u00c8NCiA a l&#8217;Institut Doctor Puigvert (2014-2015)<\/li>\n<li id=\"h.p_naYygEoxxQyA\" class=\"TYR86d zfr3Q\"><a class=\"dhtgD aw5Odc\" href=\"http:\/\/www.google.com\/url?q=http%3A%2F%2Fwww.enresidencia.org%2Fca%2Fresidencia%2Fjaume-ferrete-en-residencia-linstitut-doctor-puigvert%2Fautor-institut&amp;sa=D&amp;sntz=1&amp;usg=AFQjCNH25H3hcEbCC1i6plr3p48gtJyYgQ\" target=\"_blank\" rel=\"noopener noreferrer\">Jaume Ferrete<\/a> EN RESiD\u00c8NCiA a l&#8217;Institut Doctor Puigvert (2013-2014)<\/li>\n<li id=\"h.p_IEXTly7exbIX\" class=\"TYR86d zfr3Q\"><a class=\"dhtgD aw5Odc\" href=\"http:\/\/www.google.com\/url?q=http%3A%2F%2Fwww.enresidencia.org%2Fca%2Fresidencia%2Fluis-bisbe-en-residencia-linstitut-doctor-puigvert%2Fautor-institut&amp;sa=D&amp;sntz=1&amp;usg=AFQjCNEC0FXPAMDJHJ-8O5ajp1NvFLqy4A\" target=\"_blank\" rel=\"noopener noreferrer\">Luis Bisbe<\/a> EN RESiD\u00c8NCiA a l&#8217;Institut Doctor Puigvert (2012-2013)<\/li>\n<\/ul>\n<h3>Alguns creadors&#8230;<\/h3>\n<p>Un dels eixos centrals del proc\u00e8s creatiu del curs 2023-24 va estar estat al voltant de la figura de les sufragistes i van fer la consulta a la gent del carrer <a href=\"https:\/\/blocsenresidencia.bcn.cat\/doctorpuigvert2024\/wp-content\/uploads\/2024\/03\/creadors-2.mp4\">en format d&#8217;entrevistes.<\/a><\/p>\n<p><img loading=\"lazy\" decoding=\"async\" class=\"aligncenter wp-image-5300\" src=\"https:\/\/agora.xtec.cat\/iesdrpuigvert\/wp-content\/uploads\/usu1888\/2024\/07\/creadors_2024.jpg\" alt=\"\" width=\"599\" height=\"449\" srcset=\"https:\/\/agora.xtec.cat\/iesdrpuigvert\/wp-content\/uploads\/usu1888\/2024\/07\/creadors_2024.jpg 768w, https:\/\/agora.xtec.cat\/iesdrpuigvert\/wp-content\/uploads\/usu1888\/2024\/07\/creadors_2024-300x225.jpg 300w, https:\/\/agora.xtec.cat\/iesdrpuigvert\/wp-content\/uploads\/usu1888\/2024\/07\/creadors_2024-200x150.jpg 200w\" sizes=\"auto, (max-width: 599px) 100vw, 599px\" \/><\/p>\n<p>\u00c0udio creadors en Resid\u00e8ncia amb Gerda Kopshanska- 2021-22<\/p>\n<p><img loading=\"lazy\" decoding=\"async\" class=\"size-large aligncenter\" src=\"https:\/\/agora.xtec.cat\/iesdrpuigvert\/wp-content\/uploads\/usu1888\/2022\/10\/creadors4-1024x577.jpg\" alt=\"\" width=\"700\" height=\"400\" \/><\/p>\n<!--[if lt IE 9]><script>document.createElement('audio');<\/script><![endif]-->\n<audio class=\"wp-audio-shortcode\" id=\"audio-978-1\" preload=\"none\" style=\"width: 100%;\" controls=\"controls\"><source type=\"audio\/wav\" src=\"https:\/\/blocsenresidencia.bcn.cat\/doctorpuigvert2022\/wp-content\/uploads\/2022\/09\/En-residencia.wav?_=1\" \/><a href=\"https:\/\/blocsenresidencia.bcn.cat\/doctorpuigvert2022\/wp-content\/uploads\/2022\/09\/En-residencia.wav\">https:\/\/blocsenresidencia.bcn.cat\/doctorpuigvert2022\/wp-content\/uploads\/2022\/09\/En-residencia.wav<\/a><\/audio>\n<p><a href=\"https:\/\/blocsenresidencia.bcn.cat\/doctorpuigvert2022\/\">Bloc en resid\u00e8ncia 2021-22<\/a> (Proc\u00e9s creatiu de Gerda Kopshanska)<\/p>\n<p>V\u00eddeo Creadors 2019-20<\/p>\n<p><iframe loading=\"lazy\" src=\"\/\/www.youtube.com\/embed\/7e_SLlW2Juc\" width=\"560\" height=\"314\"><\/iframe><\/p>\n\r\n\t<div class=\"slideshow_container slideshow_container_style-light\" style=\"height: 300px; \" data-slideshow-id=\"985\" data-style-name=\"style-light\" data-style-version=\"2.3.1\" >\r\n\r\n\t\t\t\t\t<div class=\"slideshow_loading_icon\"><\/div>\r\n\t\t\r\n\t\t<div class=\"slideshow_content\" style=\"display: none;\">\r\n\r\n\t\t\t<div class=\"slideshow_view\">\r\n\t\t\t\t<div class=\"slideshow_slide slideshow_slide_image\">\r\n\t\t\t\t\t\t\t\t\t\t\t<img src=\"https:\/\/agora.xtec.cat\/iesdrpuigvert\/wp-content\/uploads\/usu1888\/2022\/10\/CREADORS1.jpg\" alt=\"CREADORS1\" width=\"2000\" height=\"1200\" \/>\r\n\t\t\t\t\t\t\t\t\t\t<div class=\"slideshow_description_box slideshow_transparent\">\r\n\t\t\t\t\t\t<div class=\"slideshow_title\">CREADORS1<\/div>\t\t\t\t\t\t\t\t\t\t\t<\/div>\r\n\t\t\t\t<\/div>\r\n\r\n\t\t\t\t\t\t<div style=\"clear: both;\"><\/div><\/div><div class=\"slideshow_view\">\r\n\t\t\t\t<div class=\"slideshow_slide slideshow_slide_image\">\r\n\t\t\t\t\t\t\t\t\t\t\t<img src=\"https:\/\/agora.xtec.cat\/iesdrpuigvert\/wp-content\/uploads\/usu1888\/2020\/02\/foto5.jpg\" alt=\"foto5\" width=\"572\" height=\"371\" \/>\r\n\t\t\t\t\t\t\t\t\t\t<div class=\"slideshow_description_box slideshow_transparent\">\r\n\t\t\t\t\t\t\t\t\t\t\t\t\t\t\t\t\t<\/div>\r\n\t\t\t\t<\/div>\r\n\r\n\t\t\t\t\t\t<div style=\"clear: both;\"><\/div><\/div><div class=\"slideshow_view\">\r\n\t\t\t\t<div class=\"slideshow_slide slideshow_slide_image\">\r\n\t\t\t\t\t\t\t\t\t\t\t<img src=\"https:\/\/agora.xtec.cat\/iesdrpuigvert\/wp-content\/uploads\/usu1888\/2020\/02\/foto4.png\" alt=\"foto4\" width=\"572\" height=\"371\" \/>\r\n\t\t\t\t\t\t\t\t\t\t<div class=\"slideshow_description_box slideshow_transparent\">\r\n\t\t\t\t\t\t\t\t\t\t\t\t\t\t\t\t\t<\/div>\r\n\t\t\t\t<\/div>\r\n\r\n\t\t\t\t\t\t<div style=\"clear: both;\"><\/div><\/div><div class=\"slideshow_view\">\r\n\t\t\t\t<div class=\"slideshow_slide slideshow_slide_image\">\r\n\t\t\t\t\t\t\t\t\t\t\t<img src=\"https:\/\/agora.xtec.cat\/iesdrpuigvert\/wp-content\/uploads\/usu1888\/2020\/02\/foto2.jpg\" alt=\"foto2\" width=\"572\" height=\"371\" \/>\r\n\t\t\t\t\t\t\t\t\t\t<div class=\"slideshow_description_box slideshow_transparent\">\r\n\t\t\t\t\t\t\t\t\t\t\t\t\t\t\t\t\t<\/div>\r\n\t\t\t\t<\/div>\r\n\r\n\t\t\t\t\t\t<div style=\"clear: both;\"><\/div><\/div><div class=\"slideshow_view\">\r\n\t\t\t\t<div class=\"slideshow_slide slideshow_slide_image\">\r\n\t\t\t\t\t\t\t\t\t\t\t<img src=\"https:\/\/agora.xtec.cat\/iesdrpuigvert\/wp-content\/uploads\/usu1888\/2020\/02\/foto1.jpg\" alt=\"foto1\" width=\"572\" height=\"371\" \/>\r\n\t\t\t\t\t\t\t\t\t\t<div class=\"slideshow_description_box slideshow_transparent\">\r\n\t\t\t\t\t\t\t\t\t\t\t\t\t\t\t\t\t<\/div>\r\n\t\t\t\t<\/div>\r\n\r\n\t\t\t\t\t\t<div style=\"clear: both;\"><\/div><\/div><div class=\"slideshow_view\">\r\n\t\t\t\t<div class=\"slideshow_slide slideshow_slide_image\">\r\n\t\t\t\t\t\t\t\t\t\t\t<img src=\"https:\/\/agora.xtec.cat\/iesdrpuigvert\/wp-content\/uploads\/usu1888\/2020\/02\/portada_creadors-bisbe.jpg\" alt=\"portada_creadors bisbe\" width=\"859\" height=\"358\" \/>\r\n\t\t\t\t\t\t\t\t\t\t<div class=\"slideshow_description_box slideshow_transparent\">\r\n\t\t\t\t\t\t\t\t\t\t\t\t\t\t\t\t\t<\/div>\r\n\t\t\t\t<\/div>\r\n\r\n\t\t\t\t\t\t<div style=\"clear: both;\"><\/div><\/div>\r\n\t\t<\/div>\r\n\r\n\t\t<div class=\"slideshow_controlPanel slideshow_transparent\" style=\"display: none;\"><ul><li class=\"slideshow_togglePlay\" data-play-text=\"Visualitza\" data-pause-text=\"Pausa\"><\/li><\/ul><\/div>\r\n\r\n\t\t<div class=\"slideshow_button slideshow_previous slideshow_transparent\" role=\"button\" data-previous-text=\"Anterior\" style=\"display: none;\"><\/div>\r\n\t\t<div class=\"slideshow_button slideshow_next slideshow_transparent\" role=\"button\" data-next-text=\"Seg\u00fcent\" style=\"display: none;\"><\/div>\r\n\r\n\t\t<div class=\"slideshow_pagination\" style=\"display: none;\" data-go-to-text=\"V\u00e9s a la diapositiva\"><div class=\"slideshow_pagination_center\"><\/div><\/div>\r\n\r\n\t\t<!-- WordPress Slideshow Version 2.3.1 -->\r\n\r\n\t\t\t<\/div>\r\n\r\n\n<p>&nbsp;<\/p>\n","protected":false},"excerpt":{"rendered":"<p>Creadors en Resid\u00e8ncia<br \/>\nCreadors en Resid\u00e8ncia \u00e9s una iniciativa conjunta de l&#8217;Institut de Cultura de Barcelona (ICUB), F\u00e0briques de creaci\u00f3, a bao a qu i el Consorci d&#8217;Educaci\u00f3 de Barcelona, amb la col\u00b7laboraci\u00f3 del MACBA.<br \/>\nEls artistes residents, els creadors, intervenen als instituts com a autors, i&hellip;  <a href=\"https:\/\/agora.xtec.cat\/iesdrpuigvert\/vols-coneixer-nos\/creadors-en-residencia\/\" title=\"Read Creadors en Resid\u00e8ncia\">Llegeix m\u00e9s\u00bb<\/a><\/p>\n","protected":false},"author":1,"featured_media":0,"parent":7183,"menu_order":0,"comment_status":"closed","ping_status":"closed","template":"","meta":{"_bbp_topic_count":0,"_bbp_reply_count":0,"_bbp_total_topic_count":0,"_bbp_total_reply_count":0,"_bbp_voice_count":0,"_bbp_anonymous_reply_count":0,"_bbp_topic_count_hidden":0,"_bbp_reply_count_hidden":0,"_bbp_forum_subforum_count":0,"footnotes":""},"class_list":["post-978","page","type-page","status-publish","hentry"],"post_mailing_queue_ids":[],"_links":{"self":[{"href":"https:\/\/agora.xtec.cat\/iesdrpuigvert\/wp-json\/wp\/v2\/pages\/978","targetHints":{"allow":["GET"]}}],"collection":[{"href":"https:\/\/agora.xtec.cat\/iesdrpuigvert\/wp-json\/wp\/v2\/pages"}],"about":[{"href":"https:\/\/agora.xtec.cat\/iesdrpuigvert\/wp-json\/wp\/v2\/types\/page"}],"author":[{"embeddable":true,"href":"https:\/\/agora.xtec.cat\/iesdrpuigvert\/wp-json\/wp\/v2\/users\/1"}],"replies":[{"embeddable":true,"href":"https:\/\/agora.xtec.cat\/iesdrpuigvert\/wp-json\/wp\/v2\/comments?post=978"}],"version-history":[{"count":7,"href":"https:\/\/agora.xtec.cat\/iesdrpuigvert\/wp-json\/wp\/v2\/pages\/978\/revisions"}],"predecessor-version":[{"id":7180,"href":"https:\/\/agora.xtec.cat\/iesdrpuigvert\/wp-json\/wp\/v2\/pages\/978\/revisions\/7180"}],"up":[{"embeddable":true,"href":"https:\/\/agora.xtec.cat\/iesdrpuigvert\/wp-json\/wp\/v2\/pages\/7183"}],"wp:attachment":[{"href":"https:\/\/agora.xtec.cat\/iesdrpuigvert\/wp-json\/wp\/v2\/media?parent=978"}],"curies":[{"name":"wp","href":"https:\/\/api.w.org\/{rel}","templated":true}]}}