{"id":768,"date":"2020-07-11T19:13:21","date_gmt":"2020-07-11T17:13:21","guid":{"rendered":"http:\/\/agora.xtec.cat\/iesdrpuigvert\/?page_id=768"},"modified":"2020-07-29T16:44:13","modified_gmt":"2020-07-29T14:44:13","slug":"experts-i-entitats","status":"publish","type":"page","link":"https:\/\/agora.xtec.cat\/iesdrpuigvert\/linstitut\/projecte-educatiu\/experts-i-entitats\/","title":{"rendered":"Experts i Entitats"},"content":{"rendered":"<p><strong>Trobeu aqu\u00ed un llistat d&#8217;alguns dels Experts i Entitats que han treballat els \u00faltims cursos al centre:<\/strong><\/p>\n<h5>1r d&#8217;ESO<\/h5>\n<ul>\n<li>Oscar Blanch: Astrof\u00edsic a IFAE and joined the gamma-ray group involved in both the MAGIC collaboration and the next generation of ground based gamma-ray telescopes: CTA.<\/li>\n<li>Sergi Tarroc. Enginyer aeron\u00e0utic.<\/li>\n<li>Xavier Vernetta, catedr\u00e0tic de llengua i literatura catalanes, \u00e9s escriptor, cr\u00edtic literari i guionista de c\u00f2mics.<\/li>\n<\/ul>\n<h5>2n d&#8217;ESO<\/h5>\n<ul>\n<li>Jordi Bedmar, fot\u00f2graf de la presid\u00e8ncia de la Generalitat.<\/li>\n<li>Eduard Rost\u00e1n, Expert en muntatge d&#8217;exposicions.<\/li>\n<li>Carme Mir\u00f3. Responsable Pla Barcino en Servei d&#8217;Arqueologia &#8211; ICUB<\/li>\n<li>Ruth. <a href=\"https:\/\/www.l-eix.com\/cat\/aparador.html\">Eix Comercial de Sant Andreu<\/a>. <a href=\"https:\/\/www.l-eix.com\/download.php?f=l-eix\/file\/revistas&amp;d=97_Adjunto.pdf&amp;n=n172-laparador-de-juny-2017\">Llegiu article.<\/a><\/li>\n<li>Txetxu Garcia. Realitzador de Cinema.<\/li>\n<li>Phillipe Centell. Psic\u00f2leg i escriptor.<\/li>\n<li>Jordi Felipe \u00c1lvarez, gestor de la Base Ant\u00e0rtica Espanyola i responsable de la preparaci\u00f3 i realitzaci\u00f3 de l\u2019activitat de la BAE Juan Carlos I.<\/li>\n<li>Joan Carles Tomasi (fot\u00f2graf) i Anna Surinyach (periodista) de la revista 5W.<\/li>\n<li>Daniel Mart\u00ednez Lara, director de cinema i guanyador d&#8217;un premi GOYA al 2016 pel seu curtmetratge ALIKE. Va fer una xerrada de com fer un bon gui\u00f3.<\/li>\n<li>Miquel Navarro dissenyador interiors empresa Warks.<\/li>\n<li>Judith Barnet mare de Cloe i Nel Mart\u00ednez, com a formadora de SketchUp.<\/li>\n<li>Oriol Janer Director centre de dia menors inmigrants Dar Chabad<\/li>\n<li>Blai Mars\u00e9 Periodista musical Catalunya R\u00e0dio<\/li>\n<li>Albert P\u00e9rez dissenyador gr\u00e0fic de la Fundaci\u00f3 Sant Joan de D\u00e9u.<\/li>\n<li>Maria Ribas coordinadora de la Unitat Terap\u00e8utica Els Til\u00b7lers<\/li>\n<li>Joan Claramunt especialista en t\u00f2xics de la Unitats Terap\u00e8utica Els Til\u00b7lers al centre.<\/li>\n<li>Diana Caselles Coordinadora projectes <a href=\"https:\/\/solidaritat.santjoandedeu.org\/ca\/escola-amiga\">Obra Social Fundaci\u00f3 Sant Joan de D\u00e9u<\/a>.<\/li>\n<li>Carmina Borbonet Museu del disseny de Barcelona<\/li>\n<li>Xavier Roig cap de comunicaci\u00f3 i marqu\u00e8ting \u00a0<a href=\"http:\/\/ajuntament.barcelona.cat\/dissenyhub\/ca\/entitats-i-institucions\">Museu del disseny de Barcelona.<\/a><\/li>\n<li>Mireia Medina. Cap del Laboratori Agroalimentari de la Generalitat<\/li>\n<li>Santi Escartin. Cap del \u00c0rea d&#8217;Educaci\u00f3 de Mosquito Alert i Cap de l&#8217;associaci\u00f3 XTRAC de difusi\u00f3 del Medi natural<\/li>\n<li>Ci\u00e8ncia ciutadana. <a href=\"https:\/\/cciutadana.wordpress.com\/projecte-riu-net\/\">Programa Riu.net<\/a><\/li>\n<li>\u00a0C\u00e9sar Dezfuli, Fotoperiodista premi de la National Portrait Gallery.<\/li>\n<li>Laura Herrero Garvin. <a href=\"http:\/\/lauraherrerogarvin.com\/\">Cineasta<\/a>. TGPE Malalties mentals Obra social Sant Joan de D\u00e9u.<\/li>\n<li><a href=\"https:\/\/coop57.coop\/es\/entidad\/tarpuna-sccl\">Cooperativa Tarpuna<\/a>.<\/li>\n<li><a href=\"https:\/\/arturopadilladejuan.com\/en\/\">Arturo Padilla<\/a>, Escriptor.<\/li>\n<li>Xerrada del cient\u00edfic i gestor de la BAE Juan Carlos I, <a href=\"http:\/\/www.horizonteantartida.es\/bitacora-de-la-xxx-expedicion\/el-gran-laboratorio\/cientificos-sin-fronteras-con-la-apertura-de-la-base-arranca-la-30a-campana-en-la-antartida\/\">Jordi Felipe \u00c1lvarez<\/a>.<\/li>\n<\/ul>\n<h5>3r d&#8217;ESO<\/h5>\n<ul>\n<li>Josep-Eladi Ba\u00f1os. Catedr\u00e0tic de Farmacologia. Director del Grup de Recerca Educativa en Ci\u00e8ncies de la Salut (UPF) i Director del Programa Margalida Comas per l\u2019excel\u00b7l\u00e8ncia docent de les universitats catalanes (Generalitat de Catalunya).<\/li>\n<li>Jordi Pacheco, deg\u00e0 del Col\u00b7legi de Polit\u00f2legs.<\/li>\n<li>David Maruny, Enginyer de Camins, expert en efici\u00e8ncia energ\u00e8tica. <a href=\"http:\/\/tarpunacoop.org\/escoles-i-instituts\/\">Cooperativa Tarpuna.<\/a><\/li>\n<li>Xerrada sobre criminologia forense pel TRIA Scape Room a c\u00e0rrec de l\u2019Angelina Badia Garcia, Forense a la Fiscalia de Menors,<\/li>\n<li>Xerrada per part d&#8217;Andr\u00f2mines: <a href=\"http:\/\/andromines.net\/2019\/03\/27\/ens-apropem-a-linstitui-educacio-secundaria-dr-puigvert\/\">http:\/\/andromines.net\/2019\/03\/27\/ens-apropem-a-linstitui-educacio-secundaria-dr-puigvert\/ \u00a0<\/a><\/li>\n<li>Visita de l\u2019escriptora Anna Manso per parlar del llibre \u201cCor de cactus\u201d, en el marc del projecte Liter\u00e0polis.<\/li>\n<\/ul>\n<h5>4t d&#8217;ESO<\/h5>\n<ul>\n<li>Jordi Diaz. Senior Research Scientist. ICTJA-CSIC, xerrada sobre terratr\u00e8mols i instal.laci\u00f3 d\u2019un sism\u00f2metre. En una altra sessi\u00f3,an\u00e0lisi de les dades.<\/li>\n<li>Marta Pe\u00f1a, professora de l\u2019ETSEIB i membre del projecte T\u2019STEAM &#8211; UPC per a fomentar la pres\u00e8ncia de noies en els estudis universitaris t\u00e8cnics.<\/li>\n<li>Xerrada sobre \u201cLes guerres contempor\u00e0nies\u201d a c\u00e0rrec de Manuel Pardo, periodista i historiador.<\/li>\n<li>Itinerari Art\u00edstic de\u00a0 Taller de Dansa a la sala d&#8217;Actes, amb la companyia Mar G\u00f3mez i la col\u00b7laboraci\u00f3 del SAT!.<\/li>\n<\/ul>\n<h5>Batxillerat<\/h5>\n<ul>\n<li>Agust\u00edn Mihi, cient\u00edfic i director d\u2019un grup d\u2019investigaci\u00f3 de materials aplicats a la fot\u00f2nica a l\u2019Institut de Ci\u00e8ncia de Materials de Barcelona.<\/li>\n<li>Carlos L\u00f3pez-Jurado gestor de patrimonis a empresa Qrenta (Geografia pel Batxillerat)<\/li>\n<li>Ricard Gonz\u00e1lez, cart\u00f2graf i director general de l&#8217;empresa<a href=\"https:\/\/puigvert.us9.list-manage.com\/track\/click?u=a0b01967756f4cd821ae121c2&amp;id=6aa1e184ed&amp;e=0b86044975\"> Infraplan<\/a>.<\/li>\n<li>Clara Aliny\u00e0, apicultora i professora de secund\u00e0ria: xerrada sobre apicultura.<\/li>\n<li>Marius Mart\u00ednez, pedagog, professor titular UAB. Treballs de Recerca al batxillerat \u201cQu\u00e8 \u00e9s una recerca\u201d.<\/li>\n<li>Pau Cirer, Docent, actor, director i creador de m\u00e0scares. Taller de m\u00e0scares.<\/li>\n<li>Alfred Pic\u00f3, Llicenciat en Ci\u00e8ncies de la Informaci\u00f3 (UAB), \u00e9s periodista, escriptor i professor de comunicaci\u00f3.\u00a0 \u201cCom fer una bona exposici\u00f3 oral\u201d.<\/li>\n<li>David Garcia Poyo, responsable de tallers i confer\u00e8ncies d\u2019ENTI UB.<\/li>\n<li><a href=\"https:\/\/www.institutdelteatre.cat\/ca\/estudis\/professorat\/id125\/romei-roberto.htm\">Roberto Romei<\/a>, actor i director de Teatre.<\/li>\n<\/ul>\n","protected":false},"excerpt":{"rendered":"<p>Trobeu aqu\u00ed un llistat d&#8217;alguns dels Experts i Entitats que han treballat els \u00faltims cursos al centre:<br \/>\n1r d&#8217;ESO<\/p>\n<ul>\n<li>Oscar Blanch: Astrof\u00edsic a IFAE and joined the gamma-ray group involved in both the MAGIC collaboration and the next generation of ground based gamma-ray telescopes: CTA.<\/li>\n<li>Sergi Tarroc. Enginyer&hellip;  <a href=\"https:\/\/agora.xtec.cat\/iesdrpuigvert\/linstitut\/projecte-educatiu\/experts-i-entitats\/\" title=\"Read Experts i Entitats\">Llegeix m\u00e9s\u00bb<\/a><br \/>\n","protected":false},"author":1,"featured_media":0,"parent":57,"menu_order":0,"comment_status":"closed","ping_status":"closed","template":"","meta":{"_bbp_topic_count":0,"_bbp_reply_count":0,"_bbp_total_topic_count":0,"_bbp_total_reply_count":0,"_bbp_voice_count":0,"_bbp_anonymous_reply_count":0,"_bbp_topic_count_hidden":0,"_bbp_reply_count_hidden":0,"_bbp_forum_subforum_count":0,"footnotes":""},"class_list":["post-768","page","type-page","status-publish","hentry"],"post_mailing_queue_ids":[],"_links":{"self":[{"href":"https:\/\/agora.xtec.cat\/iesdrpuigvert\/wp-json\/wp\/v2\/pages\/768","targetHints":{"allow":["GET"]}}],"collection":[{"href":"https:\/\/agora.xtec.cat\/iesdrpuigvert\/wp-json\/wp\/v2\/pages"}],"about":[{"href":"https:\/\/agora.xtec.cat\/iesdrpuigvert\/wp-json\/wp\/v2\/types\/page"}],"author":[{"embeddable":true,"href":"https:\/\/agora.xtec.cat\/iesdrpuigvert\/wp-json\/wp\/v2\/users\/1"}],"replies":[{"embeddable":true,"href":"https:\/\/agora.xtec.cat\/iesdrpuigvert\/wp-json\/wp\/v2\/comments?post=768"}],"version-history":[{"count":3,"href":"https:\/\/agora.xtec.cat\/iesdrpuigvert\/wp-json\/wp\/v2\/pages\/768\/revisions"}],"predecessor-version":[{"id":1687,"href":"https:\/\/agora.xtec.cat\/iesdrpuigvert\/wp-json\/wp\/v2\/pages\/768\/revisions\/1687"}],"up":[{"embeddable":true,"href":"https:\/\/agora.xtec.cat\/iesdrpuigvert\/wp-json\/wp\/v2\/pages\/57"}],"wp:attachment":[{"href":"https:\/\/agora.xtec.cat\/iesdrpuigvert\/wp-json\/wp\/v2\/media?parent=768"}],"curies":[{"name":"wp","href":"https:\/\/api.w.org\/{rel}","templated":true}]}}