{"id":69,"date":"2024-09-15T08:15:07","date_gmt":"2024-09-15T06:15:07","guid":{"rendered":"http:\/\/agora.xtec.cat\/iesdrpuigvert\/?page_id=69"},"modified":"2025-09-09T18:48:55","modified_gmt":"2025-09-09T16:48:55","slug":"menjador-escolar","status":"publish","type":"page","link":"https:\/\/agora.xtec.cat\/iesdrpuigvert\/serveis\/menjador-escolar\/","title":{"rendered":"Menjador escolar \/ Ajuts menjador"},"content":{"rendered":"<h5><strong><span style=\"color: #ff6600;\">Menjador escolar<\/span><br \/>\n<\/strong><\/h5>\n<p>L&#8217;Institut disposa de <strong>cantina <\/strong>(a les hores del pati)\u00a0i <strong>menjador<\/strong> (cuina pr\u00f2pia) els 5 dies de la setmana. L&#8217;horari \u00e9s de les 14:40h a les 17:00h. Durant el temps de migdia es dinamitzen activitats amb personal especialitzat. <span style=\"font-family: inherit; font-size: 1em;\">La fam\u00edlia pot autoritzar a l&#8217;alumne a sortir abans del temps establert. Per tal de poder seguir amb uns correctes h\u00e0bits i actituds davant del menjar, els alumnes accediran al menjador segons el torn indicat . Cap alumnes del menjador podr\u00e0 sortir del centre abans de les 15h30 (exceptuant els alumnes de Batxillerat que poden marxar despr\u00e9s de dinar). A partir d&#8217;aquesta hora, podeu autoritzar la sortida de l&#8217;alumne segons les vostres necessitats lliurant signat el document d&#8217;autoritzaci\u00f3<\/span><\/p>\n<p>El preu del menjador per alumnes habituals \u00e9s l&#8217;establert pel Consorci (7,54\u20ac per alumnes habituals per 2h30 de servei). Tamb\u00e9 es pot demanar Beca pel Menjador escolar a la <a href=\"https:\/\/www.edubcn.cat\/ca\/alumnat_i_familia\/ajuts_beques_i_subvencions\/ajuts_de_menjador_escolar\">p\u00e0gina del Consorci<\/a> (<a href=\"https:\/\/www.edubcn.cat\/rcs_gene\/extra\/02_ajuts_de_menjador_2025_2026\/fullet_ajutsmenjador_25_26_CAT.pdf\">Informaci\u00f3 de les Beques<\/a>). El preu de l&#8217;alumne espor\u00e0dic \u00e9s de 8\u20ac. Pels alumnes de Batxillerat (sense servei de monitoratge) el preu \u00e9s de 5,5\u20ac.<\/p>\n<p>Enguany fan \u00fas del servei de menjador una mitjana de 40 alumnes entre els quatre nivells de l&#8217;ESO i Batxillerat.<\/p>\n<p>Per la inscripci\u00f3 al servei podeu omplir el <a href=\"https:\/\/forms.gle\/iSQSr8LumK1sKJtL7\">formulari de recollida de dades<\/a>. Els alumnes amb Beca Menjador TAMB\u00c9 han d&#8217;omplir el formulari ja que \u00e9s requisit per poder tenir les dades sanit\u00e0ries i d&#8217;autoritzaci\u00f3. En cas de no disposar de l&#8217;autoritzaci\u00f3 de sortida, s&#8217;ent\u00e9n que la fam\u00edlia NO autoritza la sortida abans i es queda fins a les 17:00. Si voleu m\u00e9s informaci\u00f3 podeu adre\u00e7ar-vos a cantinadrpuigvert@divermir.com.<\/p>\n<p>Podeu consultar exemples de Men\u00fas.<\/p>\n<ul>\n<li><strong><a href=\"https:\/\/drive.google.com\/file\/d\/1-kYwcc2IDaLe4jPuSkexkPeLDYPLBAZY\/view?usp=drive_link\">Setmana de 15 al 19 d&#8217;abril<\/a><\/strong><\/li>\n<li><strong><a href=\"https:\/\/drive.google.com\/file\/d\/1YcXkqNvsJe8LyY4jKoDERZj3wL3elzf1\/view?usp=drive_link\">Setmana del 22 al 26 d&#8217;abril<\/a><\/strong><\/li>\n<\/ul>\n","protected":false},"excerpt":{"rendered":"<p>Menjador escolar<\/p>\n<p>L&#8217;Institut disposa de cantina (a les hores del pati)\u00a0i menjador (cuina pr\u00f2pia) els 5 dies de la setmana. L&#8217;horari \u00e9s de les 14:40h a les 17:00h. Durant el temps de migdia es dinamitzen activitats amb personal especialitzat. La fam\u00edlia pot autoritzar a l&#8217;alumne a&hellip;  <a href=\"https:\/\/agora.xtec.cat\/iesdrpuigvert\/serveis\/menjador-escolar\/\" title=\"Read Menjador escolar \/ Ajuts menjador\">Llegeix m\u00e9s\u00bb<\/a><\/p>\n","protected":false},"author":1,"featured_media":0,"parent":63,"menu_order":20,"comment_status":"closed","ping_status":"closed","template":"page-templates\/side-menu.php","meta":{"_bbp_topic_count":0,"_bbp_reply_count":0,"_bbp_total_topic_count":0,"_bbp_total_reply_count":0,"_bbp_voice_count":0,"_bbp_anonymous_reply_count":0,"_bbp_topic_count_hidden":0,"_bbp_reply_count_hidden":0,"_bbp_forum_subforum_count":0,"footnotes":""},"class_list":["post-69","page","type-page","status-publish","hentry"],"post_mailing_queue_ids":[],"_links":{"self":[{"href":"https:\/\/agora.xtec.cat\/iesdrpuigvert\/wp-json\/wp\/v2\/pages\/69","targetHints":{"allow":["GET"]}}],"collection":[{"href":"https:\/\/agora.xtec.cat\/iesdrpuigvert\/wp-json\/wp\/v2\/pages"}],"about":[{"href":"https:\/\/agora.xtec.cat\/iesdrpuigvert\/wp-json\/wp\/v2\/types\/page"}],"author":[{"embeddable":true,"href":"https:\/\/agora.xtec.cat\/iesdrpuigvert\/wp-json\/wp\/v2\/users\/1"}],"replies":[{"embeddable":true,"href":"https:\/\/agora.xtec.cat\/iesdrpuigvert\/wp-json\/wp\/v2\/comments?post=69"}],"version-history":[{"count":8,"href":"https:\/\/agora.xtec.cat\/iesdrpuigvert\/wp-json\/wp\/v2\/pages\/69\/revisions"}],"predecessor-version":[{"id":6853,"href":"https:\/\/agora.xtec.cat\/iesdrpuigvert\/wp-json\/wp\/v2\/pages\/69\/revisions\/6853"}],"up":[{"embeddable":true,"href":"https:\/\/agora.xtec.cat\/iesdrpuigvert\/wp-json\/wp\/v2\/pages\/63"}],"wp:attachment":[{"href":"https:\/\/agora.xtec.cat\/iesdrpuigvert\/wp-json\/wp\/v2\/media?parent=69"}],"curies":[{"name":"wp","href":"https:\/\/api.w.org\/{rel}","templated":true}]}}