{"id":3875,"date":"2024-01-20T13:54:15","date_gmt":"2024-01-20T12:54:15","guid":{"rendered":"https:\/\/agora.xtec.cat\/iesdrpuigvert\/?page_id=3875"},"modified":"2024-01-20T13:54:15","modified_gmt":"2024-01-20T12:54:15","slug":"recursos","status":"publish","type":"page","link":"https:\/\/agora.xtec.cat\/iesdrpuigvert\/professorat\/recursos\/","title":{"rendered":"RECURSOS"},"content":{"rendered":"\t\t\t\t\t\t\t<h3 style=\"margin-bottom:20px ;display:block;width:100%;margin-top:10px\">Recursos <\/h3>\r\n\t\t\t\t\t\t\t\t<style>\r\n\t\t\t\t\r\n\t\t\t\t\t#tab_container_3878 {\r\n\toverflow:hidden;\r\n\tdisplay:block;\r\n\twidth:100%;\r\n\tborder:0px solid #ddd;\r\n\tmargin-bottom:30px;\r\n\t}\r\n\r\n#tab_container_3878 .tab-content{\r\n\tpadding:20px;\r\n\tborder: 1px solid #e6e6e6 !important;\r\n\tmargin-top: 0px;\r\n\tbackground-color:#ffffff !important;\r\n\tcolor: #000000 !important;\r\n\tfont-size:18px !important;\r\n\tfont-family: Open Sans !important;\r\n\t\r\n\t\tborder: 1px solid #e6e6e6 !important;\r\n\t}\r\n#tab_container_3878 .wpsm_nav-tabs {\r\n    border-bottom: 0px solid #ddd;\r\n}\r\n#tab_container_3878 .wpsm_nav-tabs > li.active > a, #tab_container_3878 .wpsm_nav-tabs > li.active > a:hover, #tab_container_3878 .wpsm_nav-tabs > li.active > a:focus {\r\n\tcolor: #000000 !important;\r\n\tcursor: default;\r\n\tbackground-color: #ffffff !important;\r\n\tborder: 1px solid #e6e6e6 !important;\r\n}\r\n\r\n#tab_container_3878 .wpsm_nav-tabs > li > a {\r\n    margin-right: 0px !important; \r\n    line-height: 1.42857143 !important;\r\n    border: 1px solid #d5d5d5 !important;\r\n    border-radius: 0px 0px 0 0 !important; \r\n\tbackground-color: #e8e8e8 !important;\r\n\tcolor: #000000 !important;\r\n\tpadding: 15px 18px 15px 18px !important;\r\n\ttext-decoration: none !important;\r\n\tfont-size: 18px !important;\r\n\ttext-align:center !important;\r\n\tfont-family: Open Sans !important;\r\n}\r\n#tab_container_3878 .wpsm_nav-tabs > li > a:focus {\r\noutline: 0px !important;\r\n}\r\n\r\n#tab_container_3878 .wpsm_nav-tabs > li > a:before {\r\n\tdisplay:none !important;\r\n}\r\n#tab_container_3878 .wpsm_nav-tabs > li > a:after {\r\n\tdisplay:none !important ;\r\n}\r\n#tab_container_3878 .wpsm_nav-tabs > li{\r\npadding:0px !important ;\r\nmargin:0px;\r\n}\r\n\r\n#tab_container_3878 .wpsm_nav-tabs > li > a:hover , #tab_container_3878 .wpsm_nav-tabs > li > a:focus {\r\n    color: #000000 !important;\r\n    background-color: #e8e8e8 !important;\r\n\tborder: 1px solid #d5d5d5 !important;\r\n\t\r\n}\r\n#tab_container_3878 .wpsm_nav-tabs > li > a .fa{\r\n\r\nmargin-right:5px !important;\r\n\r\nmargin-left:5px !important;\r\n\r\n\r\n}\r\n\r\n\t\t#tab_container_3878 .wpsm_nav-tabs a{\r\n\t\t\tbackground-image: none;\r\n\t\t\tbackground-position: 0 0;\r\n\t\t\tbackground-repeat: repeat-x;\r\n\t\t}\r\n\t\t\t\r\n\r\n\r\n#tab_container_3878 .wpsm_nav-tabs > li {\r\n    float: left;\r\n    margin-bottom: -1px !important;\r\n\tmargin-right:0px !important; \r\n}\r\n\r\n\r\n#tab_container_3878 .tab-content{\r\noverflow:hidden !important;\r\n}\r\n\r\n\r\n@media (min-width: 769px) {\r\n\r\n\t#tab_container_3878 .wpsm_nav-tabs > li{\r\n\t\tfloat:left !important ;\r\n\t\t\t\tmargin-right:-1px !important;\r\n\t\t\t\t\t}\r\n\t#tab_container_3878 .wpsm_nav-tabs{\r\n\t\tfloat:none !important;\r\n\t\tmargin:0px !important;\r\n\t}\r\n\r\n\t#tab_container_3878 .wpsm_nav-tabs > li {\r\n\t\t\t\t\r\n\t}\r\n\t#tab_container_3878 .wpsm_nav{\r\n\t\t\t}\r\n\r\n}\r\n\r\n\r\n\r\n@media (max-width: 768px) {\r\n\t#tab_container_3878 .wpsm_nav-tabs > li {\r\n\t\t\t\t\r\n\t}\r\n\t#tab_container_3878 .wpsm_nav{\r\n\t\t\t}\r\n}\r\n\r\n\r\n\t.wpsm_nav-tabs li:before{\r\n\t\tdisplay:none !important;\r\n\t}\r\n\r\n\t@media (max-width: 768px) {\r\n\t\t\t\t\r\n\t\t\t\t.wpsm_nav-tabs{\r\n\t\t\tmargin-left:0px !important;\r\n\t\t\tmargin-right:0px !important; \r\n\t\t\t\r\n\t\t}\r\n\t\t\t\t#tab_container_3878 .wpsm_nav-tabs > li{\r\n\t\t\tfloat:none !important;\r\n\t\t}\r\n\t\t\t\r\n\t}\t\t\t\t<\/style>\r\n\t\t\t\t<div id=\"tab_container_3878\" >\r\n\t \r\n\t\t\t\t\t<ul class=\"wpsm_nav wpsm_nav-tabs\" role=\"tablist\" id=\"myTab_3878\">\r\n\t\t\t\t\t\t\t\r\n\t\t\t\t\t\t\t<li role=\"presentation\"  class=\"active\"  onclick=\"do_resize()\">\r\n\r\n\t\t\t\t\t\t\t\t<!-- XTEC ************ MODIFICAT - Disable scrolling on tab change. Fixes error in option \"Tabs Description Animation\" -->\r\n\t\t\t\t\t\t\t\t<!-- 2021.12.01 @aginard -->\r\n\t\t\t\t\t\t\t\t<a href=\"javascript:void(0);\" aria-controls=\"tabs_desc_3878_1\" role=\"tab\" data-toggle=\"tab\" data-target=\"#tabs_desc_3878_1\">\r\n\t\t\t\t\t\t\t\t<!-- ORIGINAL\r\n\t\t\t\t\t\t\t\t<a href=\"#tabs_desc_3878_1\" aria-controls=\"tabs_desc_3878_1\" role=\"tab\" data-toggle=\"tab\">\r\n\t\t\t\t\t\t\t\t-->\r\n\t\t\t\t\t\t\t\t<!-- ************ FI -->\r\n\t\t\t\t\t\t\t\t\t\r\n\t\t\t\t\t\t\t\t\t\t\t\t\t\t\t\t\t\t\t\t\t\t\t\t\t\t\t\t\t\t\t<i class=\"fa fa-gears\"><\/i> \t\t\t\t\t\t\t\t\t\t\t\t\t\t\t\t\t\t\t\r\n\t\t\t\t\t\t\t\t\t\t\t\t\t\t\t\t\t\t\r\n\t\t\t\t\t\t\t\t\t<span>Did\u00e0ctica i Aprenentatge<\/span>\r\n\t\t\t\t\t\t\t\t\t\r\n\t\t\t\t\t\t\t\t\t\t\t\t\t\t\t\t\t\t\r\n\t\t\t\t\t\t\t\t\t\t\t\t\t\t\t\t\t\t\t\t\r\n\t\t\t\t\t\t\t\t\t\r\n\t\t\t\t\t\t\t\t<\/a>\r\n\t\t\t\t\t\t\t<\/li>\r\n\t\t\t\t\t\t\t\r\n\t\t\t\t\t\t\t<li role=\"presentation\"  onclick=\"do_resize()\">\r\n\r\n\t\t\t\t\t\t\t\t<!-- XTEC ************ MODIFICAT - Disable scrolling on tab change. Fixes error in option \"Tabs Description Animation\" -->\r\n\t\t\t\t\t\t\t\t<!-- 2021.12.01 @aginard -->\r\n\t\t\t\t\t\t\t\t<a href=\"javascript:void(0);\" aria-controls=\"tabs_desc_3878_2\" role=\"tab\" data-toggle=\"tab\" data-target=\"#tabs_desc_3878_2\">\r\n\t\t\t\t\t\t\t\t<!-- ORIGINAL\r\n\t\t\t\t\t\t\t\t<a href=\"#tabs_desc_3878_2\" aria-controls=\"tabs_desc_3878_2\" role=\"tab\" data-toggle=\"tab\">\r\n\t\t\t\t\t\t\t\t-->\r\n\t\t\t\t\t\t\t\t<!-- ************ FI -->\r\n\t\t\t\t\t\t\t\t\t\r\n\t\t\t\t\t\t\t\t\t\t\t\t\t\t\t\t\t\t\t\t\t\t\t\t\t\t\t\t\t\t\t<i class=\"fa fa-book\"><\/i> \t\t\t\t\t\t\t\t\t\t\t\t\t\t\t\t\t\t\t\r\n\t\t\t\t\t\t\t\t\t\t\t\t\t\t\t\t\t\t\r\n\t\t\t\t\t\t\t\t\t<span>Divulgaci\u00f3<\/span>\r\n\t\t\t\t\t\t\t\t\t\r\n\t\t\t\t\t\t\t\t\t\t\t\t\t\t\t\t\t\t\r\n\t\t\t\t\t\t\t\t\t\t\t\t\t\t\t\t\t\t\t\t\r\n\t\t\t\t\t\t\t\t\t\r\n\t\t\t\t\t\t\t\t<\/a>\r\n\t\t\t\t\t\t\t<\/li>\r\n\t\t\t\t\t\t\t\r\n\t\t\t\t\t\t\t<li role=\"presentation\"  onclick=\"do_resize()\">\r\n\r\n\t\t\t\t\t\t\t\t<!-- XTEC ************ MODIFICAT - Disable scrolling on tab change. Fixes error in option \"Tabs Description Animation\" -->\r\n\t\t\t\t\t\t\t\t<!-- 2021.12.01 @aginard -->\r\n\t\t\t\t\t\t\t\t<a href=\"javascript:void(0);\" aria-controls=\"tabs_desc_3878_3\" role=\"tab\" data-toggle=\"tab\" data-target=\"#tabs_desc_3878_3\">\r\n\t\t\t\t\t\t\t\t<!-- ORIGINAL\r\n\t\t\t\t\t\t\t\t<a href=\"#tabs_desc_3878_3\" aria-controls=\"tabs_desc_3878_3\" role=\"tab\" data-toggle=\"tab\">\r\n\t\t\t\t\t\t\t\t-->\r\n\t\t\t\t\t\t\t\t<!-- ************ FI -->\r\n\t\t\t\t\t\t\t\t\t\r\n\t\t\t\t\t\t\t\t\t\t\t\t\t\t\t\t\t\t\t\t\t\t\t\t\t\t\t\t\t\t\t<i class=\"fa fa-laptop\"><\/i> \t\t\t\t\t\t\t\t\t\t\t\t\t\t\t\t\t\t\t\r\n\t\t\t\t\t\t\t\t\t\t\t\t\t\t\t\t\t\t\r\n\t\t\t\t\t\t\t\t\t<span>TIC<\/span>\r\n\t\t\t\t\t\t\t\t\t\r\n\t\t\t\t\t\t\t\t\t\t\t\t\t\t\t\t\t\t\r\n\t\t\t\t\t\t\t\t\t\t\t\t\t\t\t\t\t\t\t\t\r\n\t\t\t\t\t\t\t\t\t\r\n\t\t\t\t\t\t\t\t<\/a>\r\n\t\t\t\t\t\t\t<\/li>\r\n\t\t\t\t\t\t\t\r\n\t\t\t\t\t\t\t<li role=\"presentation\"  onclick=\"do_resize()\">\r\n\r\n\t\t\t\t\t\t\t\t<!-- XTEC ************ MODIFICAT - Disable scrolling on tab change. Fixes error in option \"Tabs Description Animation\" -->\r\n\t\t\t\t\t\t\t\t<!-- 2021.12.01 @aginard -->\r\n\t\t\t\t\t\t\t\t<a href=\"javascript:void(0);\" aria-controls=\"tabs_desc_3878_4\" role=\"tab\" data-toggle=\"tab\" data-target=\"#tabs_desc_3878_4\">\r\n\t\t\t\t\t\t\t\t<!-- ORIGINAL\r\n\t\t\t\t\t\t\t\t<a href=\"#tabs_desc_3878_4\" aria-controls=\"tabs_desc_3878_4\" role=\"tab\" data-toggle=\"tab\">\r\n\t\t\t\t\t\t\t\t-->\r\n\t\t\t\t\t\t\t\t<!-- ************ FI -->\r\n\t\t\t\t\t\t\t\t\t\r\n\t\t\t\t\t\t\t\t\t\t\t\t\t\t\t\t\t\t\t\t\t\t\t\t\t\t\t\t\t\t\t<i class=\"fa fa-group\"><\/i> \t\t\t\t\t\t\t\t\t\t\t\t\t\t\t\t\t\t\t\r\n\t\t\t\t\t\t\t\t\t\t\t\t\t\t\t\t\t\t\r\n\t\t\t\t\t\t\t\t\t<span>Tutoria<\/span>\r\n\t\t\t\t\t\t\t\t\t\r\n\t\t\t\t\t\t\t\t\t\t\t\t\t\t\t\t\t\t\r\n\t\t\t\t\t\t\t\t\t\t\t\t\t\t\t\t\t\t\t\t\r\n\t\t\t\t\t\t\t\t\t\r\n\t\t\t\t\t\t\t\t<\/a>\r\n\t\t\t\t\t\t\t<\/li>\r\n\t\t\t\t\t\t\t\t\t\t\t <\/ul>\r\n\r\n\t\t\t\t\t  <!-- Tab panes -->\r\n\t\t\t\t\t  <div class=\"tab-content\" id=\"tab-content_3878\">\r\n\t\t\t\t\t\t\t\t\t\t\t\t <div role=\"tabpanel\" class=\"tab-pane  in active \" id=\"tabs_desc_3878_1\">\r\n\t\t\t\t\t\t\t\t<ul style=\"list-style-type: square\">\n<li><a href=\"https:\/\/nextus.global\/\" target=\"_blank\" rel=\"noopener\">Plataforma Nextus<\/a>. P\u00e0gina web amb cat\u00e0leg de recursos audiovisuals, en diferents idiomes, i de propostes did\u00e0ctiques. \u00datil pels diferents \u00e0mbits de\u00a0<b>mat\u00e8ria i tutoria<\/b>. Demanar acc\u00e9s a Coordinaci\u00f3 Pedag\u00f2gica.<\/li>\n<li><a href=\"https:\/\/junior-report.cat\/temes\/noticia-del-dia\/\" target=\"_blank\" rel=\"noopener\">Not\u00edcia del Dia<\/a>. A la p\u00e0gina <strong>Junior Report<\/strong> es troba aquesta secci\u00f3 d'un article diari d'actualitat, escrit per periodistes en un llenguatge per a qu\u00e8 l'alumnat de l'ESO i de Batxillerat el pugui llegir i treballar. \u00c9s una eina molt interessant per treballar a l'aula a qualsevol mat\u00e8ria, incloent Pla Lector (lectura period\u00edstica d'actualitat), Aula d'Acollida, Tutoria, mat\u00e8ries de lleng\u00fces, treball globalitzat, gu\u00e0rdies imprevistes, etc.<\/li>\n<li><a href=\"https:\/\/www.3cat.cat\/tv3\/sx3\/supercampus\/\" target=\"_blank\" rel=\"noopener\">SuperCampus<\/a> \u00e9s una eina d'aprenentatge per a totes les etapes educatives que ofereix continguts educatius de qualitat en catal\u00e0 per a docents, fam\u00edlies i alumnes, fruit d'una col\u00b7laboraci\u00f3 entre 3Cat i el Departament d'Educaci\u00f3.<\/li>\n<li><a href=\"https:\/\/www.educac.cat\/professorat\/situacions-daprenentatge\" target=\"_blank\" rel=\"noopener\">eduCAC<\/a> El programa eduCAC del Consell de l\u2019Audiovisual de Catalunya ofereix als docents nous materials did\u00e0ctics per promoure el pensament cr\u00edtic entre l\u2019alumnat i fomentar un \u00fas responsable i creatiu de les pantalles.<\/li>\n<li><a href=\"https:\/\/docs.google.com\/presentation\/d\/e\/2PACX-1vQXFmffmho0x8pTMMVzjfj9Va4ZKfjYiBthGi7hso7xR_s7HJuRDq-_02qS1RsJjg\/pub?start=false&amp;loop=false&amp;delayms=3000\" target=\"_blank\" rel=\"noopener\">Presentaci\u00f3 Claustre Pedag\u00f2gic 2\/12\/25 Llenguatge i Pensament<\/a><\/li>\n<\/ul>\n<p><!--a=1--><\/p>\n\t\t\t\t\t\t <\/div>\r\n\t\t\t\t\t\t\t\t\t\t\t\t <div role=\"tabpanel\" class=\"tab-pane \" id=\"tabs_desc_3878_2\">\r\n\t\t\t\t\t\t\t\t<ul style=\"list-style-type: square\">\n<li><a href=\"https:\/\/www.youtube.com\/channel\/UCp9fa8BLkst2gO_umj9BjYg\" target=\"_blank\" rel=\"noopener\">Canal Veritasium Catal\u00e0.<\/a> Canal de Youtube amb v\u00eddeos de divulgaci\u00f3 cient\u00edfica, ara tamb\u00e9 en catal\u00e0.<\/li>\n<\/ul>\n\t\t\t\t\t\t <\/div>\r\n\t\t\t\t\t\t\t\t\t\t\t\t <div role=\"tabpanel\" class=\"tab-pane \" id=\"tabs_desc_3878_3\">\r\n\t\t\t\t\t\t\t\t<ul style=\"list-style-type: square\">\n<li><a href=\"https:\/\/educacio.gencat.cat\/ca\/departament\/publicacions\/monografies\/intelligencia-artificial-educacio\/\" target=\"_blank\" rel=\"noopener\">La intel\u00b7lig\u00e8ncia artificial en l'educaci\u00f3<\/a>. Aquest document monogr\u00e0fic del Departament d'Educaci\u00f3 t\u00e9 com a prop\u00f2sit fomentar la reflexi\u00f3 entre els i les docents i en els claustres: planteja oportunitats d'\u00fas i desafiaments de la IA i recull, tamb\u00e9, dubtes i incerteses que encara estan per resoldre. Cal ser conscients que l'evoluci\u00f3 de la IA \u00e9s molt r\u00e0pida i, conseg\u00fcentment, aquest document pot quedar desfasat aviat.<\/li>\n<li><a href=\"https:\/\/view.genially.com\/668171338530440014d749cc\" target=\"_blank\" rel=\"noopener\">Eines IA per a docents<\/a>, el\u00b7laborat per la Yl\u00e8nia Salmeron en el marc de la Formaci\u00f3 d'Estiu Juliol 24.<\/li>\n<li><a href=\"https:\/\/huggingface.co\/chat\/assistant\/66325ad8c918e9fdb80b6345\" target=\"_blank\" rel=\"noopener\"><b>Hol\u00edstica<\/b><\/a>: Xatbot especialitzat en un enfocament integrador i hol\u00edstic d'aplicaci\u00f3 de la IA anomenat ADA, integrant aprenentatge personalitzat, aprenentatge democr\u00e0tic i DUA.<\/li>\n<li><a href=\"https:\/\/poe.com\/Iudia\" target=\"_blank\" rel=\"noopener\"><b>Ludia\u00a0<\/b>(Poe)<\/a>: Xat r\u00e0pid amb IA <span style=\"color: #000000\">(UDL \u00e9s DUA en angl\u00e8s)<\/span><\/li>\n<li><a href=\"https:\/\/view.genially.com\/65d733c8fa6a84001503a124\" target=\"_blank\" rel=\"noopener\"><b>IA al servei del DUA<\/b>\u00a0(Genial.ly)<\/a><\/li>\n<li><b><a href=\"https:\/\/bloomania.es\/\" target=\"_blank\" rel=\"noopener\">Bloomania<\/a>\u00a0<\/b>(banc de recursos basats en la Taxonomia de Bloom)<\/li>\n<li><b><a href=\"https:\/\/sandboxeducacion.es\/\" target=\"_blank\" rel=\"noopener\">Sandbox EDU<\/a>\u00a0<\/b>(banc de recursos editables amb Genial.ly i Canva)<\/li>\n<li><a href=\"https:\/\/cedec.intef.es\/recursos\/?buscador=guias&amp;id=26002\" target=\"_blank\" rel=\"noopener\"><b>Guia de programari lliure per a docents<\/b><\/a><\/li>\n<li><a href=\"https:\/\/wordwall.net\/ca\" target=\"_blank\" rel=\"noopener\"><b>Wordwall<\/b><\/a>: P\u00e0gina per transformar la mat\u00e8ria en un videojoc i obtenir les respostes en format Full de C\u00e0lcul (no es necessiten coneixements previs de res per fer-los). <a href=\"https:\/\/drive.google.com\/file\/d\/1pQFMPiNrYdJj1hjUZGzqDYB9kbxxZyHj\/view?usp=sharing\" target=\"_blank\" rel=\"noopener\">PDF amb uns videojocs<\/a>\u00a0de Castell\u00e0. Els jocs del SN i SV estan fets amb plantilles de Genial.ly, el <u>SAdj, SAdv i SPrep estan fets amb WordWall<\/u>. Entreu i jugueu per veure quin tipus de coses podr\u00edeu fer (us demanar\u00e0 un nom per comen\u00e7ar, poseu una lletra qualsevol).<\/li>\n<li>Canals Telegram per con\u00e8ixer noves eines d'IA aplicades a l'educaci\u00f3: ChatGPT-IA-edu, Chatgpt-IA for Edu<\/li>\n<li><a href=\"https:\/\/sites.google.com\/xtec.cat\/eines-i-aplicacions-practiques\/inici\" target=\"_blank\" rel=\"noopener\">Informaci\u00f3 i recursos sobre IA aplicada a l'educaci\u00f3<\/a>. P\u00e0gina que van presentar al seminari de Coordinaci\u00f3 digital amb un munt de recursos educatius que fan servir IA.<\/li>\n<li><a href=\"https:\/\/vibe-coding-educativo.github.io\/app_edu\/\" target=\"_blank\" rel=\"noopener\">Repositori d'aplicacions educatives amb IA.<\/a><\/li>\n<\/ul>\n\t\t\t\t\t\t <\/div>\r\n\t\t\t\t\t\t\t\t\t\t\t\t <div role=\"tabpanel\" class=\"tab-pane \" id=\"tabs_desc_3878_4\">\r\n\t\t\t\t\t\t\t\t<ul style=\"list-style-type: square\">\n<li><a href=\"https:\/\/www.atresplayer.com\/neox\/series\/la-caja-de-arena\/\" target=\"_blank\" rel=\"noopener\">La caja de arena<\/a>, la s\u00e8rie que combat i visibilitza el bullying<\/li>\n<li><a href=\"https:\/\/bibliotecavirtual.diba.cat\/cinema\/recorreguts-cinematografics\/assetjament-escolar?utm_source=Butlleti&amp;utm_medium=Correu&amp;utm_campaign=9774&amp;utm_content=Assetjament%20escolar&amp;Bloc=2#a2&amp;But_Id=9774\" target=\"_blank\" rel=\"noopener\">Assetjament escolar<\/a>: 13 pel\u00b7l\u00edcules i dues s\u00e8ries<\/li>\n<li><a href=\"https:\/\/educacio.gencat.cat\/ca\/arees-actuacio\/alumnat\/assetjament-escolar\/\" target=\"_blank\" rel=\"noopener\">Assetjament escolar<\/a>: web del Departament d'Educaci\u00f3 amb materials a l'abast de les fam\u00edlies i docents<\/li>\n<li><a href=\"https:\/\/educacio.gencat.cat\/ca\/arees-actuacio\/professors\/altres\/programa-benestar-emocional\/index.html\" target=\"_blank\" rel=\"noopener\">Benestar per estar b\u00e9<\/a>: Des del Departament d'Educaci\u00f3 i Formaci\u00f3 Professional s'ha iniciat el programa de benestar emocional \"Benestar per estar b\u00e9\" que es dirigeix als equips directius, tutors, docents i altres professionals d'educaci\u00f3 infantil, prim\u00e0ria, secund\u00e0ria obligat\u00f2ria, i ensenyaments postobligatoris.<\/li>\n<li><a href=\"https:\/\/www.joves.barcelona\/ca\/estarb\" target=\"_blank\" rel=\"noopener\">EstarB<\/a>: Nou servei d\u2019acompanyament psicoemocional i educatiu per adolescents i joves d\u2019entre 12 i 25 anys,\u00a0 fruit de la integraci\u00f3 dels programes Konsulta\u2019m i Aqu\u00ed T\u2019escoltem, amb l'objectiu de refor\u00e7ar i simplificar l'atenci\u00f3 als i les joves de la ciutat.<\/li>\n<li><a href=\"https:\/\/drive.google.com\/file\/d\/1AmIxgmif-fzr5Kyc7raIVrqtKiMpaT4J\/view?usp=sharing\" target=\"_blank\" rel=\"noopener\">Recursos<\/a> de la Formaci\u00f3 en centre sobre gesti\u00f3 de l'aula amb adolescents<\/li>\n<li><a href=\"https:\/\/drive.google.com\/file\/d\/1wBEfZ7Kp3O9KCz2qandmOnxiLx97FmUm\/view?usp=drive_link\" target=\"_blank\" rel=\"noopener\">Recursos<\/a> per ajudar a l'alumnat i les seves fam\u00edlies en l'aprenentatge del catal\u00e0<\/li>\n<\/ul>\n\t\t\t\t\t\t <\/div>\r\n\t\t\t\t\t\t\t\r\n\t\t\t\t\t <\/div>\r\n\t\t\t\t\t \r\n\t\t\t\t <\/div>\r\n <script>\r\n\t\tjQuery(function () {\r\n\t\t\tjQuery('#myTab_3878 a:first').tab('show')\r\n\t\t});\r\n\t\t\r\n\t\t\t\tjQuery(function(){\r\n\t\t\tvar b=\"fadeIn\";\r\n\t\t\tvar c;\r\n\t\t\tvar a;\r\n\t\t\td(jQuery(\"#myTab_3878 a\"),jQuery(\"#tab-content_3878\"));function d(e,f,g){\r\n\t\t\t\te.click(function(i){\r\n\t\t\t\t\ti.preventDefault();\r\n\t\t\t\t\tjQuery(this).tab(\"show\");\r\n\t\t\t\t\tvar h=jQuery(this).data(\"easein\");\r\n\t\t\t\t\tif(c){c.removeClass(a);}\r\n\t\t\t\t\tif(h){f.find(\"div.active\").addClass(\"animated \"+h);a=h;}\r\n\t\t\t\t\telse{if(g){f.find(\"div.active\").addClass(\"animated \"+g);a=g;}else{f.find(\"div.active\").addClass(\"animated \"+b);a=b;}}c=f.find(\"div.active\");\r\n\t\t\t\t});\r\n\t\t\t}\r\n\t\t});\r\n\t\t\r\n\r\n\t\tfunction do_resize(){\r\n\r\n\t\t\tvar width=jQuery( '.tab-content .tab-pane iframe' ).width();\r\n\t\t\tvar height=jQuery( '.tab-content .tab-pane iframe' ).height();\r\n\r\n\t\t\tvar toggleSize = true;\r\n\t\t\tjQuery('iframe').animate({\r\n\t\t\t    width: toggleSize ? width : 640,\r\n\t\t\t    height: toggleSize ? height : 360\r\n\t\t\t  }, 250);\r\n\r\n\t\t\t  toggleSize = !toggleSize;\r\n\t\t}\r\n\r\n\r\n\t<\/script>\r\n\t\t\t\t\r\n\t\t\t\n","protected":false},"excerpt":{"rendered":"","protected":false},"author":1,"featured_media":0,"parent":3416,"menu_order":9,"comment_status":"closed","ping_status":"closed","template":"page-templates\/side-menu.php","meta":{"_bbp_topic_count":0,"_bbp_reply_count":0,"_bbp_total_topic_count":0,"_bbp_total_reply_count":0,"_bbp_voice_count":0,"_bbp_anonymous_reply_count":0,"_bbp_topic_count_hidden":0,"_bbp_reply_count_hidden":0,"_bbp_forum_subforum_count":0,"footnotes":""},"class_list":["post-3875","page","type-page","status-publish","hentry"],"post_mailing_queue_ids":[],"_links":{"self":[{"href":"https:\/\/agora.xtec.cat\/iesdrpuigvert\/wp-json\/wp\/v2\/pages\/3875","targetHints":{"allow":["GET"]}}],"collection":[{"href":"https:\/\/agora.xtec.cat\/iesdrpuigvert\/wp-json\/wp\/v2\/pages"}],"about":[{"href":"https:\/\/agora.xtec.cat\/iesdrpuigvert\/wp-json\/wp\/v2\/types\/page"}],"author":[{"embeddable":true,"href":"https:\/\/agora.xtec.cat\/iesdrpuigvert\/wp-json\/wp\/v2\/users\/1"}],"replies":[{"embeddable":true,"href":"https:\/\/agora.xtec.cat\/iesdrpuigvert\/wp-json\/wp\/v2\/comments?post=3875"}],"version-history":[{"count":2,"href":"https:\/\/agora.xtec.cat\/iesdrpuigvert\/wp-json\/wp\/v2\/pages\/3875\/revisions"}],"predecessor-version":[{"id":3879,"href":"https:\/\/agora.xtec.cat\/iesdrpuigvert\/wp-json\/wp\/v2\/pages\/3875\/revisions\/3879"}],"up":[{"embeddable":true,"href":"https:\/\/agora.xtec.cat\/iesdrpuigvert\/wp-json\/wp\/v2\/pages\/3416"}],"wp:attachment":[{"href":"https:\/\/agora.xtec.cat\/iesdrpuigvert\/wp-json\/wp\/v2\/media?parent=3875"}],"curies":[{"name":"wp","href":"https:\/\/api.w.org\/{rel}","templated":true}]}}