{"id":2426,"date":"2021-06-08T17:03:07","date_gmt":"2021-06-08T15:03:07","guid":{"rendered":"http:\/\/agora.xtec.cat\/iesdrpuigvert\/?page_id=2426"},"modified":"2021-06-08T17:04:33","modified_gmt":"2021-06-08T15:04:33","slug":"qui-som","status":"publish","type":"page","link":"https:\/\/agora.xtec.cat\/iesdrpuigvert\/qui-som\/","title":{"rendered":"Qui som i qu\u00e8 fem?"},"content":{"rendered":"<h3 class=\"post-title entry-title\"><span style=\"color: #ff9900;\">Qui som?<\/span><\/h3>\n<div class=\"post-header\">\n<div class=\"post-header-line-1\"><\/div>\n<\/div>\n<div id=\"post-body-6474703396464200788\" class=\"post-body entry-content\">\n<p><b>L&#8217;Associaci\u00f3 de Mares i Pares de l&#8217;Institut Dr. Puigvert<\/b><\/p>\n<p><b>som<\/b><\/p>\n<p>un col\u00b7lectiu de persones que treballem conjuntament amb l&#8217;Associaci\u00f3 d&#8217;Alumnes i, en col\u00b7laboraci\u00f3 amb el professorat del centre, per incentivar i donar suport a les diferents propostes i necessitats que sorgeixen, perqu\u00e8 volem que l&#8217;Institut sigui el millor centre educatiu per als nostres fills, on s&#8217;hi trobin a gust i vagin madurant i creixent en coneixements i com a persones.<\/p>\n<p><b>Per la seva banda, \u00a0l&#8217;Associaci\u00f3 d&#8217;Alumnes de l&#8217;Institut Dr. Puigvert\u00a0<\/b><\/p>\n<p><b>\u00e9s<\/b><\/p>\n<p>un grup d&#8217;alumnes que impulsa la vida del centre, organitza els tallers extraescolars, les sortides pr\u00f2pies, participa en l&#8217;emissora de r\u00e0dio del centre, en els grups de teatre i aer\u00f2bic i contribueix al seu fian\u00e7ament.<\/p>\n<h3 class=\"post-title entry-title\"><span style=\"color: #ff9900;\">Qu\u00e8 fem?<\/span><\/h3>\n<div class=\"post-header\">\n<div class=\"post-header-line-1\"><\/div>\n<\/div>\n<div id=\"post-body-4817900845130964628\" class=\"post-body entry-content\">\n<div><b>Participem en la gesti\u00f3 de l&#8217;escola<\/b><\/div>\n<ul>\n<li>Consell Escolar i les seves comissions.<\/li>\n<li>Ens coordinem mensualment amb l&#8217;Equip Directiu del centre i, entre d&#8217;altres temes, treballem conjuntament en la MILLORA DE LA QUALITAT per a obtenir un millor rendiment escolar.<\/li>\n<li>Fem aportacions econ\u00f2miques per atendre i millorar la infraestructura de l&#8217;Institut.<\/li>\n<li>Organitzem classes de refor\u00e7 amb l&#8217;objectiu de millorar el rendiment escolar dels alumnes.<\/li>\n<\/ul>\n<div><b>A m\u00e9s<\/b><\/div>\n<div>\n<ul>\n<li>Col\u00b7laborem amb l&#8217;Associaci\u00f3 d&#8217;Alumnes.<\/li>\n<li>Col\u00b7laborem i donem suport a l&#8217;Associaci\u00f3 Esportiva de l&#8217;Institut.<\/li>\n<li>Col\u00b7laborem en la distribuci\u00f3 de llibres de text.<\/li>\n<li>Subvencionem tallers, activitats culturals, viatges de fi d&#8217;estudis de primer de Batxillerat, Proves Cangur, Festa de les Orles, fesrta de Sant Jordi, festa de fi de curs, etc.<\/li>\n<li>Promovem activitats de formaci\u00f3 de mares i pares, des de la vessant cultural i en educaci\u00f3 familiar.<\/li>\n<li>Formem part de la Coordinadora d&#8217;Ampas d&#8217;Escoles i d&#8217;Instituts del Districte.<\/li>\n<li>Promovem activitas extraescolars per a mares, pares i alummnes.<\/li>\n<\/ul>\n<\/div>\n<p><b>Reunions de la Junta<\/b><\/p>\n<ul>\n<li>La Junta de l&#8217;AMPA ens reunim una vegada al mes.<\/li>\n<li>La Junta de l&#8217;AMPA ens reuneix per\u00f2dicament amb l&#8217;Equip Directiu del centre.<\/li>\n<li>L&#8217;AMPA est\u00e0 federada a la \u00a0<b> <a href=\"http:\/\/fapaes.cat\/\" target=\"_blank\" rel=\"noopener noreferrer\">FAPAES<\/a><\/b>\u00a0(Federaci\u00f3 d&#8217;Associacions de Pares d&#8217;Alumnes d&#8217;Ensenyament Secundari de Catalunya).<\/li>\n<\/ul>\n<\/div>\n<\/div>\n<div><\/div>\n<div><\/div>\n","protected":false},"excerpt":{"rendered":"<p>Qui som?<\/p>\n<p>L&#8217;Associaci\u00f3 de Mares i Pares de l&#8217;Institut Dr. Puigvert<br \/>\nsom<br \/>\nun col\u00b7lectiu de persones que treballem conjuntament amb l&#8217;Associaci\u00f3 d&#8217;Alumnes i, en col\u00b7laboraci\u00f3 amb el professorat del centre, per incentivar i donar suport a les diferents propostes i necessitats que sorgeixen, perqu\u00e8 volem que l&#8217;Institut sigui&hellip;  <a href=\"https:\/\/agora.xtec.cat\/iesdrpuigvert\/qui-som\/\" title=\"Read Qui som i qu\u00e8 fem?\">Llegeix m\u00e9s\u00bb<\/a><\/p>\n","protected":false},"author":1,"featured_media":0,"parent":0,"menu_order":0,"comment_status":"closed","ping_status":"closed","template":"","meta":{"_bbp_topic_count":0,"_bbp_reply_count":0,"_bbp_total_topic_count":0,"_bbp_total_reply_count":0,"_bbp_voice_count":0,"_bbp_anonymous_reply_count":0,"_bbp_topic_count_hidden":0,"_bbp_reply_count_hidden":0,"_bbp_forum_subforum_count":0,"footnotes":""},"class_list":["post-2426","page","type-page","status-publish","hentry"],"post_mailing_queue_ids":[],"_links":{"self":[{"href":"https:\/\/agora.xtec.cat\/iesdrpuigvert\/wp-json\/wp\/v2\/pages\/2426","targetHints":{"allow":["GET"]}}],"collection":[{"href":"https:\/\/agora.xtec.cat\/iesdrpuigvert\/wp-json\/wp\/v2\/pages"}],"about":[{"href":"https:\/\/agora.xtec.cat\/iesdrpuigvert\/wp-json\/wp\/v2\/types\/page"}],"author":[{"embeddable":true,"href":"https:\/\/agora.xtec.cat\/iesdrpuigvert\/wp-json\/wp\/v2\/users\/1"}],"replies":[{"embeddable":true,"href":"https:\/\/agora.xtec.cat\/iesdrpuigvert\/wp-json\/wp\/v2\/comments?post=2426"}],"version-history":[{"count":2,"href":"https:\/\/agora.xtec.cat\/iesdrpuigvert\/wp-json\/wp\/v2\/pages\/2426\/revisions"}],"predecessor-version":[{"id":2428,"href":"https:\/\/agora.xtec.cat\/iesdrpuigvert\/wp-json\/wp\/v2\/pages\/2426\/revisions\/2428"}],"wp:attachment":[{"href":"https:\/\/agora.xtec.cat\/iesdrpuigvert\/wp-json\/wp\/v2\/media?parent=2426"}],"curies":[{"name":"wp","href":"https:\/\/api.w.org\/{rel}","templated":true}]}}