{"id":1599,"date":"2020-09-04T08:08:40","date_gmt":"2020-09-04T06:08:40","guid":{"rendered":"http:\/\/agora.xtec.cat\/iesdrpuigvert\/?page_id=1599"},"modified":"2020-09-08T16:49:31","modified_gmt":"2020-09-08T14:49:31","slug":"llistat-de-llibres-curs-2020-21","status":"publish","type":"page","link":"https:\/\/agora.xtec.cat\/iesdrpuigvert\/llistat-de-llibres-curs-2020-21\/","title":{"rendered":"LListat de llibres i material curs 2020-21"},"content":{"rendered":"<p><span style=\"color: #ff6600;\"><strong>Llistat de llibres curs 2020-21<\/strong><\/span><\/p>\n<p>Aquest curs 2020-21, i seguint les instruccions del Departament d&#8217;Educaci\u00f3, no es podran oferir les mat\u00e8ries optatives, fet que afecta a les lleng\u00fces estrangeres de Franc\u00e8s i Alemany.<\/p>\n<ul>\n<li><a href=\"https:\/\/drive.google.com\/file\/d\/16OG-lP_AwWMS3fYHC2_ot5Jvwxxhmz8j\/view?usp=sharing\">LLibres 1r d&#8217;ESO<\/a> (no oferir\u00e0 Franc\u00e8s i Alemany- no cal comprar els llibres)<\/li>\n<li><a href=\"https:\/\/drive.google.com\/file\/d\/1WfzXFbqW0OPhIPjAovPtl-NiofPRIID0\/view?usp=sharing\">LLibres 2n d&#8217;ESO<\/a> (s&#8217;oferir\u00e0 Franc\u00e8s i Alemany de manera presencial per\u00f2 fent servir les mesures de seguretat adients)<\/li>\n<li><a href=\"https:\/\/drive.google.com\/file\/d\/1qfJJRzkixi8-gSTF58irLx3Z7duU2J9H\/view?usp=sharing\">LLibres 3r d&#8217;ESO<\/a> (s&#8217;oferir\u00e0 Franc\u00e8s i Alemany de manera presencial per\u00f2 fent servir les mesures de seguretat adients)<\/li>\n<li><a href=\"https:\/\/drive.google.com\/file\/d\/1AX-Mw7UTmqkehdQRRYbe-PKWnzDWmMuF\/view?usp=sharing\">LLibres 4t d&#8217;ESO<\/a> (s&#8217;oferir\u00e0 Franc\u00e8s i Alemany de manera presencial per\u00f2 fent servir les mesures de seguretat adients)\n<ul>\n<li>Itinerari human\u00edstic: Ernst H. Gombrich, <strong>Breu hist\u00f2ria del m\u00f3n<\/strong>. Editorial La Butxaca. <em>\u00c9s consellable comen\u00e7ar-lo a llegir abans de comen\u00e7ar el curs.<\/em><\/li>\n<\/ul>\n<\/li>\n<li><a href=\"https:\/\/drive.google.com\/file\/d\/1blP0-cIIURBvB2tadRffK9IC9mSBXU66\/view?usp=sharing\">LLibres 1r de Batxillerat<\/a><\/li>\n<li><a href=\"https:\/\/drive.google.com\/file\/d\/1M2A9M0zqAdapjMwaDy0QViPrVqCa7D43\/view?usp=sharing\">LLibres 2n de Batxillerat<\/a><\/li>\n<\/ul>\n<h6><span style=\"color: #ff6600;\">Material necessari per nivell curs 2020-21<\/span><\/h6>\n<h6><span style=\"color: #003300;\">Material tots els cursos<\/span><\/h6>\n<ul style=\"list-style-type: disc;\">\n<li>Fulls DIN A4 (folis blancs i quadriculats).<\/li>\n<li>Carpeta arxivadora (1r d&#8217;ESO rebr\u00e0 la carpeta de l&#8217;Institut)<\/li>\n<li>Llapis, goma d&#8217;esborrar i maquineta (per tot el curs)<\/li>\n<li>Bol\u00edgrafs: blau, negre, vermell i verd.<\/li>\n<li>Llapis de colors variats.<\/li>\n<li>Retolador negre.<\/li>\n<li>Regle petit que c\u00e0piga a l\u2019estoig.<\/li>\n<li>Tisores i pegament en barra.<\/li>\n<li>Joc de regle (30 cm), escaire (25 cm), cartab\u00f3 (25 cm), transportador d\u2019angles.<\/li>\n<li>Comp\u00e0s.<\/li>\n<li>Auriculars (recomanat amb micro).<\/li>\n<li>S&#8217;aconsella tamb\u00e9 a l&#8217;alumnat que no tingui m\u00f2bil, portar una calculadora cient\u00edfica (per exemple, la Casio Classwiz FX-82SPXII Iberia).<\/li>\n<\/ul>\n<p><strong><span style=\"color: #003300;\">Material espec\u00edfic per cursos<\/span><\/strong><\/p>\n<p><span style=\"color: #ff6600;\"><strong>3r d&#8217;ESO<\/strong><\/span><\/p>\n<ul style=\"list-style-type: disc;\">\n<li>Fulls de 100 grams (SA3: Manuscrit)<\/li>\n<\/ul>\n<p><strong><span style=\"color: #ff6600;\">4t d&#8217;ESO<\/span><\/strong><\/p>\n<ul style=\"list-style-type: disc;\">\n<li><span style=\"color: #ff6600;\"><em>Itinerari human\u00edstic:<\/em><\/span> Rotuladors colors vius gruixuts (de guix)<\/li>\n<\/ul>\n<p>&nbsp;<\/p>\n<pre>Secretaria<\/pre>\n<p>&nbsp;<\/p>\n","protected":false},"excerpt":{"rendered":"<p>Llistat de llibres curs 2020-21<br \/>\nAquest curs 2020-21, i seguint les instruccions del Departament d&#8217;Educaci\u00f3, no es podran oferir les mat\u00e8ries optatives, fet que afecta a les lleng\u00fces estrangeres de Franc\u00e8s i Alemany.<\/p>\n<ul>\n<li><a href=\"https:\/\/drive.google.com\/file\/d\/16OG-lP_AwWMS3fYHC2_ot5Jvwxxhmz8j\/view?usp=sharing\">LLibres 1r d&#8217;ESO<\/a> (no oferir\u00e0 Franc\u00e8s i Alemany- no cal comprar els llibres)<\/li>\n<li><a&hellip;  <a href=\"https:\/\/agora.xtec.cat\/iesdrpuigvert\/llistat-de-llibres-curs-2020-21\/\" title=\"Read LListat de llibres i material curs 2020-21\">Llegeix m\u00e9s\u00bb<\/a><br \/>\n","protected":false},"author":1,"featured_media":0,"parent":0,"menu_order":0,"comment_status":"closed","ping_status":"closed","template":"","meta":{"_bbp_topic_count":0,"_bbp_reply_count":0,"_bbp_total_topic_count":0,"_bbp_total_reply_count":0,"_bbp_voice_count":0,"_bbp_anonymous_reply_count":0,"_bbp_topic_count_hidden":0,"_bbp_reply_count_hidden":0,"_bbp_forum_subforum_count":0,"footnotes":""},"class_list":["post-1599","page","type-page","status-publish","hentry"],"post_mailing_queue_ids":[],"_links":{"self":[{"href":"https:\/\/agora.xtec.cat\/iesdrpuigvert\/wp-json\/wp\/v2\/pages\/1599","targetHints":{"allow":["GET"]}}],"collection":[{"href":"https:\/\/agora.xtec.cat\/iesdrpuigvert\/wp-json\/wp\/v2\/pages"}],"about":[{"href":"https:\/\/agora.xtec.cat\/iesdrpuigvert\/wp-json\/wp\/v2\/types\/page"}],"author":[{"embeddable":true,"href":"https:\/\/agora.xtec.cat\/iesdrpuigvert\/wp-json\/wp\/v2\/users\/1"}],"replies":[{"embeddable":true,"href":"https:\/\/agora.xtec.cat\/iesdrpuigvert\/wp-json\/wp\/v2\/comments?post=1599"}],"version-history":[{"count":4,"href":"https:\/\/agora.xtec.cat\/iesdrpuigvert\/wp-json\/wp\/v2\/pages\/1599\/revisions"}],"predecessor-version":[{"id":1725,"href":"https:\/\/agora.xtec.cat\/iesdrpuigvert\/wp-json\/wp\/v2\/pages\/1599\/revisions\/1725"}],"wp:attachment":[{"href":"https:\/\/agora.xtec.cat\/iesdrpuigvert\/wp-json\/wp\/v2\/media?parent=1599"}],"curies":[{"name":"wp","href":"https:\/\/api.w.org\/{rel}","templated":true}]}}

<p><span style="color: #ff6600;"><strong>Llistat de llibres curs 2020-21</strong></span></p>
<p>Aquest curs 2020-21, i seguint les instruccions del Departament d&#8217;Educació, no es podran oferir les matèries optatives, fet que afecta a les llengües estrangeres de Francès i Alemany.</p>
<ul>
<li><a href="https://drive.google.com/file/d/16OG-lP_AwWMS3fYHC2_ot5Jvwxxhmz8j/view?usp=sharing">LLibres 1r d&#8217;ESO</a> (no oferirà Francès i Alemany- no cal comprar els llibres)</li>
<li><a href="https://drive.google.com/file/d/1WfzXFbqW0OPhIPjAovPtl-NiofPRIID0/view?usp=sharing">LLibres 2n d&#8217;ESO</a> (s&#8217;oferirà Francès i Alemany de manera presencial però fent servir les mesures de seguretat adients)</li>
<li><a href="https://drive.google.com/file/d/1qfJJRzkixi8-gSTF58irLx3Z7duU2J9H/view?usp=sharing">LLibres 3r d&#8217;ESO</a> (s&#8217;oferirà Francès i Alemany de manera presencial però fent servir les mesures de seguretat adients)</li>
<li><a href="https://drive.google.com/file/d/1AX-Mw7UTmqkehdQRRYbe-PKWnzDWmMuF/view?usp=sharing">LLibres 4t d&#8217;ESO</a> (s&#8217;oferirà Francès i Alemany de manera presencial però fent servir les mesures de seguretat adients)
<ul>
<li>Itinerari humanístic: Ernst H. Gombrich, <strong>Breu història del món</strong>. Editorial La Butxaca. <em>És consellable començar-lo a llegir abans de començar el curs.</em></li>
</ul>
</li>
<li><a href="https://drive.google.com/file/d/1blP0-cIIURBvB2tadRffK9IC9mSBXU66/view?usp=sharing">LLibres 1r de Batxillerat</a></li>
<li><a href="https://drive.google.com/file/d/1M2A9M0zqAdapjMwaDy0QViPrVqCa7D43/view?usp=sharing">LLibres 2n de Batxillerat</a></li>
</ul>
<h6><span style="color: #ff6600;">Material necessari per nivell curs 2020-21</span></h6>
<h6><span style="color: #003300;">Material tots els cursos</span></h6>
<ul style="list-style-type: disc;">
<li>Fulls DIN A4 (folis blancs i quadriculats).</li>
<li>Carpeta arxivadora (1r d&#8217;ESO rebrà la carpeta de l&#8217;Institut)</li>
<li>Llapis, goma d&#8217;esborrar i maquineta (per tot el curs)</li>
<li>Bolígrafs: blau, negre, vermell i verd.</li>
<li>Llapis de colors variats.</li>
<li>Retolador negre.</li>
<li>Regle petit que càpiga a l’estoig.</li>
<li>Tisores i pegament en barra.</li>
<li>Joc de regle (30 cm), escaire (25 cm), cartabó (25 cm), transportador d’angles.</li>
<li>Compàs.</li>
<li>Auriculars (recomanat amb micro).</li>
<li>S&#8217;aconsella també a l&#8217;alumnat que no tingui mòbil, portar una calculadora científica (per exemple, la Casio Classwiz FX-82SPXII Iberia).</li>
</ul>
<p><strong><span style="color: #003300;">Material específic per cursos</span></strong></p>
<p><span style="color: #ff6600;"><strong>3r d&#8217;ESO</strong></span></p>
<ul style="list-style-type: disc;">
<li>Fulls de 100 grams (SA3: Manuscrit)</li>
</ul>
<p><strong><span style="color: #ff6600;">4t d&#8217;ESO</span></strong></p>
<ul style="list-style-type: disc;">
<li><span style="color: #ff6600;"><em>Itinerari humanístic:</em></span> Rotuladors colors vius gruixuts (de guix)</li>
</ul>
<p>&nbsp;</p>
<pre>Secretaria</pre>
<p>&nbsp;</p>

<p>Llistat de llibres curs 2020-21<br />
Aquest curs 2020-21, i seguint les instruccions del Departament d&#8217;Educació, no es podran oferir les matèries optatives, fet que afecta a les llengües estrangeres de Francès i Alemany.</p>
<ul>
<li><a href="https://drive.google.com/file/d/16OG-lP_AwWMS3fYHC2_ot5Jvwxxhmz8j/view?usp=sharing">LLibres 1r d&#8217;ESO</a> (no oferirà Francès i Alemany- no cal comprar els llibres)</li>
<li><a&hellip;  <a href="https://agora.xtec.cat/iesdrpuigvert/llistat-de-llibres-curs-2020-21/" title="Read LListat de llibres i material curs 2020-21">Llegeix més»</a><br />
