{"id":1157,"date":"2025-11-28T17:32:23","date_gmt":"2025-11-28T16:32:23","guid":{"rendered":"https:\/\/agora.xtec.cat\/iesdeulofeu\/?page_id=1157"},"modified":"2025-11-28T17:32:39","modified_gmt":"2025-11-28T16:32:39","slug":"batxillerat-de-musica-i-arts-esceniques","status":"publish","type":"page","link":"https:\/\/agora.xtec.cat\/iesdeulofeu\/estudis\/batxillerat-de-musica-i-arts-esceniques\/","title":{"rendered":"Batxillerat de M\u00fasica i arts esc\u00e8niques"},"content":{"rendered":"\n<p>La modalitat d&#8217;arts s&#8217;adre\u00e7a a persones interessades en els fen\u00f2mens art\u00edstics, caracteritzats per la sensibilitat, l&#8217;expressi\u00f3 i la creativitat; un alumne amb inquietuds entorn la m\u00fasica, la dansa, el teatre i les arts esc\u00e8niques, la producci\u00f3 i gesti\u00f3 d&#8217;empreses del sector cultural o l&#8217;animaci\u00f3 cultural i social.<\/p>\n\n\n\n<div class=\"wp-block-getwid-accordion has-icon-left\" data-active-element=\"none\">\n<div class=\"wp-block-getwid-accordion__header-wrapper\"><span class=\"wp-block-getwid-accordion__header\"><a href=\"#\"><span class=\"wp-block-getwid-accordion__header-title\">1r de Batxillerat de M\u00fasica i arts esc\u00e8niques<\/span><span class=\"wp-block-getwid-accordion__icon is-active\"><i class=\"fas fa-plus\"><\/i><\/span><span class=\"wp-block-getwid-accordion__icon is-passive\"><i class=\"fas fa-minus\"><\/i><\/span><\/a><\/span><\/div><div class=\"wp-block-getwid-accordion__content-wrapper\"><div class=\"wp-block-getwid-accordion__content\">\n<h2 class=\"wp-block-heading has-medium-font-size\">Mat\u00e8ries comunes<\/h2>\n\n\n\n<ul class=\"wp-block-list\">\n<li>Llengua catalana i literatura 1<\/li>\n\n\n\n<li>Llengua castellana i literatura 1<\/li>\n\n\n\n<li>Llengua estrangera 1&nbsp;(angl\u00e8s o franc\u00e8s)<\/li>\n\n\n\n<li>Educaci\u00f3 f\u00edsica<\/li>\n\n\n\n<li>Filosofia<\/li>\n<\/ul>\n\n\n\n<h2 class=\"wp-block-heading has-medium-font-size\">Mat\u00e8ria&nbsp;obligada de modalitat<\/h2>\n\n\n\n<ul class=\"wp-block-list\">\n<li>An\u00e0lisi musical 1 o<\/li>\n\n\n\n<li>Arts esc\u00e8niques 1<\/li>\n<\/ul>\n\n\n\n<h2 class=\"wp-block-heading has-medium-font-size\">Mat\u00e8ries de modalitat,&nbsp;optatives i de centre<\/h2>\n\n\n\n<ul class=\"wp-block-list\">\n<li>An\u00e0lisi musical 1<\/li>\n\n\n\n<li>Arts esc\u00e8niques 1<\/li>\n\n\n\n<li>Cor i t\u00e8cnica vocal 1<\/li>\n\n\n\n<li>Llenguatge i pr\u00e0ctica musical<\/li>\n\n\n\n<li>Fonaments de les arts<\/li>\n\n\n\n<li>Anatomia aplicada a la dansa<\/li>\n\n\n\n<li>Cultura audiovisual<\/li>\n<\/ul>\n<\/div><\/div>\n\n\n\n<div class=\"wp-block-getwid-accordion__header-wrapper\"><span class=\"wp-block-getwid-accordion__header\"><a href=\"#\"><span class=\"wp-block-getwid-accordion__header-title\">2n de Batxillerat de M\u00fasica i arts esc\u00e8niques<\/span><span class=\"wp-block-getwid-accordion__icon is-active\"><i class=\"fas fa-plus\"><\/i><\/span><span class=\"wp-block-getwid-accordion__icon is-passive\"><i class=\"fas fa-minus\"><\/i><\/span><\/a><\/span><\/div><div class=\"wp-block-getwid-accordion__content-wrapper\"><div class=\"wp-block-getwid-accordion__content\">\n<h2 class=\"wp-block-heading has-medium-font-size\">Mat\u00e8ries comunes<\/h2>\n\n\n\n<ul class=\"wp-block-list\">\n<li>Llengua catalana i literatura 2<\/li>\n\n\n\n<li>Llengua castellana i literatura 2<\/li>\n\n\n\n<li>Llengua estrangera 2<\/li>\n\n\n\n<li>Hist\u00f2ria de la filosofia<\/li>\n\n\n\n<li>Hist\u00f2ria<\/li>\n<\/ul>\n\n\n\n<h2 class=\"wp-block-heading has-medium-font-size\">Mat\u00e8ria&nbsp;obligada de modalitat<\/h2>\n\n\n\n<ul class=\"wp-block-list\">\n<li>An\u00e0lisi musical 2&nbsp;o<\/li>\n\n\n\n<li>Arts esc\u00e8niques 2<\/li>\n<\/ul>\n\n\n\n<h2 class=\"wp-block-heading has-medium-font-size\">Mat\u00e8ries de modalitat i optatives<\/h2>\n\n\n\n<ul class=\"wp-block-list\">\n<li>An\u00e0lisi musical 2<\/li>\n\n\n\n<li>Arts esc\u00e8niques 2<\/li>\n\n\n\n<li>Cor i t\u00e8cnica vocal 2<\/li>\n\n\n\n<li>Hist\u00f2ria de la m\u00fasica i la dansa<\/li>\n\n\n\n<li>Literatura dram\u00e0tica<\/li>\n\n\n\n<li>Hist\u00f2ria de l&#8217;art<\/li>\n<\/ul>\n<\/div><\/div>\n<\/div>\n\n\n\n<p><\/p>\n","protected":false},"excerpt":{"rendered":"<p>La modalitat d&#8217;arts s&#8217;adre\u00e7a a persones interessades en els fen\u00f2mens art\u00edstics, caracteritzats per la sensibilitat, l&#8217;expressi\u00f3 i la creativitat; un alumne amb inquietuds entorn la m\u00fasica, la dansa, el teatre i les arts esc\u00e8niques, la producci\u00f3 i gesti\u00f3 d&#8217;empreses del sector cultural o l&#8217;animaci\u00f3 cultural i social.<\/p>\n","protected":false},"author":1,"featured_media":0,"parent":195,"menu_order":0,"comment_status":"closed","ping_status":"closed","template":"","meta":{"site-sidebar-layout":"default","site-content-layout":"","ast-site-content-layout":"default","site-content-style":"default","site-sidebar-style":"default","ast-global-header-display":"","ast-banner-title-visibility":"","ast-main-header-display":"","ast-hfb-above-header-display":"","ast-hfb-below-header-display":"","ast-hfb-mobile-header-display":"","site-post-title":"","ast-breadcrumbs-content":"","ast-featured-img":"","footer-sml-layout":"","theme-transparent-header-meta":"","adv-header-id-meta":"","stick-header-meta":"","header-above-stick-meta":"","header-main-stick-meta":"","header-below-stick-meta":"","astra-migrate-meta-layouts":"set","ast-page-background-enabled":"default","ast-page-background-meta":{"desktop":{"background-color":"var(--ast-global-color-4)","background-image":"","background-repeat":"repeat","background-position":"center center","background-size":"auto","background-attachment":"scroll","background-type":"","background-media":"","overlay-type":"","overlay-color":"","overlay-opacity":"","overlay-gradient":""},"tablet":{"background-color":"","background-image":"","background-repeat":"repeat","background-position":"center center","background-size":"auto","background-attachment":"scroll","background-type":"","background-media":"","overlay-type":"","overlay-color":"","overlay-opacity":"","overlay-gradient":""},"mobile":{"background-color":"","background-image":"","background-repeat":"repeat","background-position":"center center","background-size":"auto","background-attachment":"scroll","background-type":"","background-media":"","overlay-type":"","overlay-color":"","overlay-opacity":"","overlay-gradient":""}},"ast-content-background-meta":{"desktop":{"background-color":"var(--ast-global-color-5)","background-image":"","background-repeat":"repeat","background-position":"center center","background-size":"auto","background-attachment":"scroll","background-type":"","background-media":"","overlay-type":"","overlay-color":"","overlay-opacity":"","overlay-gradient":""},"tablet":{"background-color":"var(--ast-global-color-5)","background-image":"","background-repeat":"repeat","background-position":"center center","background-size":"auto","background-attachment":"scroll","background-type":"","background-media":"","overlay-type":"","overlay-color":"","overlay-opacity":"","overlay-gradient":""},"mobile":{"background-color":"var(--ast-global-color-5)","background-image":"","background-repeat":"repeat","background-position":"center center","background-size":"auto","background-attachment":"scroll","background-type":"","background-media":"","overlay-type":"","overlay-color":"","overlay-opacity":"","overlay-gradient":""}},"footnotes":""},"class_list":["post-1157","page","type-page","status-publish","hentry"],"post_mailing_queue_ids":[],"_links":{"self":[{"href":"https:\/\/agora.xtec.cat\/iesdeulofeu\/wp-json\/wp\/v2\/pages\/1157","targetHints":{"allow":["GET"]}}],"collection":[{"href":"https:\/\/agora.xtec.cat\/iesdeulofeu\/wp-json\/wp\/v2\/pages"}],"about":[{"href":"https:\/\/agora.xtec.cat\/iesdeulofeu\/wp-json\/wp\/v2\/types\/page"}],"author":[{"embeddable":true,"href":"https:\/\/agora.xtec.cat\/iesdeulofeu\/wp-json\/wp\/v2\/users\/1"}],"replies":[{"embeddable":true,"href":"https:\/\/agora.xtec.cat\/iesdeulofeu\/wp-json\/wp\/v2\/comments?post=1157"}],"version-history":[{"count":1,"href":"https:\/\/agora.xtec.cat\/iesdeulofeu\/wp-json\/wp\/v2\/pages\/1157\/revisions"}],"predecessor-version":[{"id":1159,"href":"https:\/\/agora.xtec.cat\/iesdeulofeu\/wp-json\/wp\/v2\/pages\/1157\/revisions\/1159"}],"up":[{"embeddable":true,"href":"https:\/\/agora.xtec.cat\/iesdeulofeu\/wp-json\/wp\/v2\/pages\/195"}],"wp:attachment":[{"href":"https:\/\/agora.xtec.cat\/iesdeulofeu\/wp-json\/wp\/v2\/media?parent=1157"}],"curies":[{"name":"wp","href":"https:\/\/api.w.org\/{rel}","templated":true}]}}