{"id":1153,"date":"2025-11-28T17:29:51","date_gmt":"2025-11-28T16:29:51","guid":{"rendered":"https:\/\/agora.xtec.cat\/iesdeulofeu\/?page_id=1153"},"modified":"2026-03-16T12:23:40","modified_gmt":"2026-03-16T11:23:40","slug":"batxillerat-darts-plastiques-imatge-i-disseny","status":"publish","type":"page","link":"https:\/\/agora.xtec.cat\/iesdeulofeu\/estudis\/batxillerat-darts-plastiques-imatge-i-disseny\/","title":{"rendered":"Batxillerat d&#8217;Arts pl\u00e0stiques, imatge i disseny"},"content":{"rendered":"\n<p>La modalitat d\u2019arts s\u2019adre\u00e7a a persones interessades en els fen\u00f2mens art\u00edstics, caracteritzats per la sensibilitat, l\u2019expressi\u00f3 i la creativitat; un alumne amb inquietuds entorn del m\u00f3n audiovisual, les arts gr\u00e0fiques, el disseny, el patronatge o els mitjans de comunicaci\u00f3.<\/p>\n\n\n\n<div class=\"wp-block-getwid-accordion has-icon-left\" data-active-element=\"none\">\n<div class=\"wp-block-getwid-accordion__header-wrapper\"><span class=\"wp-block-getwid-accordion__header\"><a href=\"#\"><span class=\"wp-block-getwid-accordion__header-title\">1r de Batxillerat d&#8217;Arts pl\u00e0stiques, imatge i disseny<\/span><span class=\"wp-block-getwid-accordion__icon is-active\"><i class=\"fas fa-plus\"><\/i><\/span><span class=\"wp-block-getwid-accordion__icon is-passive\"><i class=\"fas fa-minus\"><\/i><\/span><\/a><\/span><\/div><div class=\"wp-block-getwid-accordion__content-wrapper\"><div class=\"wp-block-getwid-accordion__content\">\n<h2 class=\"wp-block-heading has-medium-font-size\">Mat\u00e8ries comunes<\/h2>\n\n\n\n<ul class=\"wp-block-list\">\n<li>Llengua catalana i literatura 1<\/li>\n\n\n\n<li>Llengua castellana i literatura 1<\/li>\n\n\n\n<li>Llengua estrangera 1&nbsp;(angl\u00e8s o franc\u00e8s)<\/li>\n\n\n\n<li>Educaci\u00f3 f\u00edsica<\/li>\n\n\n\n<li>Filosofia<\/li>\n<\/ul>\n\n\n\n<h2 class=\"wp-block-heading has-medium-font-size\">Mat\u00e8ria&nbsp;obligada de modalitat<\/h2>\n\n\n\n<ul class=\"wp-block-list\">\n<li>Dibuix art\u00edstic 1<\/li>\n<\/ul>\n\n\n\n<h2 class=\"wp-block-heading has-medium-font-size\">Mat\u00e8ries de modalitat,&nbsp;optatives i de centre<\/h2>\n\n\n\n<ul class=\"wp-block-list\">\n<li>Cultura audiovisual<\/li>\n\n\n\n<li>Dibuix t\u00e8cnic aplicat a les arts pl\u00e0stiques i al disseny 1<\/li>\n\n\n\n<li>Volum<\/li>\n\n\n\n<li>Fonaments de les arts<\/li>\n\n\n\n<li>Projectes art\u00edstics<\/li>\n<\/ul>\n<\/div><\/div>\n\n\n\n<div class=\"wp-block-getwid-accordion__header-wrapper\"><span class=\"wp-block-getwid-accordion__header\"><a href=\"#\"><span class=\"wp-block-getwid-accordion__header-title\">2n de Batxillerat d&#8217;Arts pl\u00e0stiques, imatge i disseny<\/span><span class=\"wp-block-getwid-accordion__icon is-active\"><i class=\"fas fa-plus\"><\/i><\/span><span class=\"wp-block-getwid-accordion__icon is-passive\"><i class=\"fas fa-minus\"><\/i><\/span><\/a><\/span><\/div><div class=\"wp-block-getwid-accordion__content-wrapper\"><div class=\"wp-block-getwid-accordion__content\">\n<h2 class=\"wp-block-heading has-medium-font-size\">Mat\u00e8ries comunes<\/h2>\n\n\n\n<ul class=\"wp-block-list\">\n<li>Llengua catalana i literatura 2<\/li>\n\n\n\n<li>Llengua castellana i literatura 2<\/li>\n\n\n\n<li>Llengua estrangera 2&nbsp;(angl\u00e8s o franc\u00e8s)<\/li>\n\n\n\n<li>Hist\u00f2ria de la filosofia<\/li>\n\n\n\n<li>Hist\u00f2ria<\/li>\n<\/ul>\n\n\n\n<h2 class=\"wp-block-heading has-medium-font-size\">Mat\u00e8ria obligada de modalitat<\/h2>\n\n\n\n<ul class=\"wp-block-list\">\n<li>Dibuix art\u00edstic 2<\/li>\n<\/ul>\n\n\n\n<h2 class=\"wp-block-heading has-medium-font-size\">Mat\u00e8ries de modalitat<\/h2>\n\n\n\n<ul class=\"wp-block-list\">\n<li>Dibuix t\u00e8cnic aplicat a les arts pl\u00e0stiques i al disseny 2<\/li>\n\n\n\n<li>Disseny<\/li>\n\n\n\n<li>Fonaments art\u00edstics<\/li>\n\n\n\n<li>T\u00e8cniques d&#8217;expressi\u00f3 graficopl\u00e0stiques<\/li>\n<\/ul>\n<\/div><\/div>\n<\/div>\n\n\n\n<p><\/p>\n","protected":false},"excerpt":{"rendered":"<p>La modalitat d\u2019arts s\u2019adre\u00e7a a persones interessades en els fen\u00f2mens art\u00edstics, caracteritzats per la sensibilitat, l\u2019expressi\u00f3 i la creativitat; un alumne amb inquietuds entorn del m\u00f3n audiovisual, les arts gr\u00e0fiques, el disseny, el patronatge o els mitjans de comunicaci\u00f3.<\/p>\n","protected":false},"author":1,"featured_media":0,"parent":195,"menu_order":0,"comment_status":"closed","ping_status":"closed","template":"","meta":{"site-sidebar-layout":"default","site-content-layout":"","ast-site-content-layout":"default","site-content-style":"default","site-sidebar-style":"default","ast-global-header-display":"","ast-banner-title-visibility":"","ast-main-header-display":"","ast-hfb-above-header-display":"","ast-hfb-below-header-display":"","ast-hfb-mobile-header-display":"","site-post-title":"","ast-breadcrumbs-content":"","ast-featured-img":"","footer-sml-layout":"","theme-transparent-header-meta":"","adv-header-id-meta":"","stick-header-meta":"","header-above-stick-meta":"","header-main-stick-meta":"","header-below-stick-meta":"","astra-migrate-meta-layouts":"set","ast-page-background-enabled":"default","ast-page-background-meta":{"desktop":{"background-color":"var(--ast-global-color-4)","background-image":"","background-repeat":"repeat","background-position":"center center","background-size":"auto","background-attachment":"scroll","background-type":"","background-media":"","overlay-type":"","overlay-color":"","overlay-opacity":"","overlay-gradient":""},"tablet":{"background-color":"","background-image":"","background-repeat":"repeat","background-position":"center center","background-size":"auto","background-attachment":"scroll","background-type":"","background-media":"","overlay-type":"","overlay-color":"","overlay-opacity":"","overlay-gradient":""},"mobile":{"background-color":"","background-image":"","background-repeat":"repeat","background-position":"center center","background-size":"auto","background-attachment":"scroll","background-type":"","background-media":"","overlay-type":"","overlay-color":"","overlay-opacity":"","overlay-gradient":""}},"ast-content-background-meta":{"desktop":{"background-color":"var(--ast-global-color-5)","background-image":"","background-repeat":"repeat","background-position":"center center","background-size":"auto","background-attachment":"scroll","background-type":"","background-media":"","overlay-type":"","overlay-color":"","overlay-opacity":"","overlay-gradient":""},"tablet":{"background-color":"var(--ast-global-color-5)","background-image":"","background-repeat":"repeat","background-position":"center center","background-size":"auto","background-attachment":"scroll","background-type":"","background-media":"","overlay-type":"","overlay-color":"","overlay-opacity":"","overlay-gradient":""},"mobile":{"background-color":"var(--ast-global-color-5)","background-image":"","background-repeat":"repeat","background-position":"center center","background-size":"auto","background-attachment":"scroll","background-type":"","background-media":"","overlay-type":"","overlay-color":"","overlay-opacity":"","overlay-gradient":""}},"footnotes":""},"class_list":["post-1153","page","type-page","status-publish","hentry"],"post_mailing_queue_ids":[],"_links":{"self":[{"href":"https:\/\/agora.xtec.cat\/iesdeulofeu\/wp-json\/wp\/v2\/pages\/1153","targetHints":{"allow":["GET"]}}],"collection":[{"href":"https:\/\/agora.xtec.cat\/iesdeulofeu\/wp-json\/wp\/v2\/pages"}],"about":[{"href":"https:\/\/agora.xtec.cat\/iesdeulofeu\/wp-json\/wp\/v2\/types\/page"}],"author":[{"embeddable":true,"href":"https:\/\/agora.xtec.cat\/iesdeulofeu\/wp-json\/wp\/v2\/users\/1"}],"replies":[{"embeddable":true,"href":"https:\/\/agora.xtec.cat\/iesdeulofeu\/wp-json\/wp\/v2\/comments?post=1153"}],"version-history":[{"count":2,"href":"https:\/\/agora.xtec.cat\/iesdeulofeu\/wp-json\/wp\/v2\/pages\/1153\/revisions"}],"predecessor-version":[{"id":1448,"href":"https:\/\/agora.xtec.cat\/iesdeulofeu\/wp-json\/wp\/v2\/pages\/1153\/revisions\/1448"}],"up":[{"embeddable":true,"href":"https:\/\/agora.xtec.cat\/iesdeulofeu\/wp-json\/wp\/v2\/pages\/195"}],"wp:attachment":[{"href":"https:\/\/agora.xtec.cat\/iesdeulofeu\/wp-json\/wp\/v2\/media?parent=1153"}],"curies":[{"name":"wp","href":"https:\/\/api.w.org\/{rel}","templated":true}]}}