{"id":75,"date":"2014-09-18T10:21:02","date_gmt":"2014-09-18T09:21:02","guid":{"rendered":"http:\/\/agora.xtec.cat\/iesdesales\/?page_id=75"},"modified":"2023-10-15T17:08:32","modified_gmt":"2023-10-15T15:08:32","slug":"activitats-extraescolars","status":"publish","type":"page","link":"https:\/\/agora.xtec.cat\/iesdesales\/serveis\/activitats-extraescolars\/","title":{"rendered":"Associaci\u00f3 esportiva escolar (AEE)"},"content":{"rendered":"<p><a href=\"https:\/\/agora.xtec.cat\/iesdesales\/wp-content\/uploads\/usu678\/2019\/10\/AEE-flyman.jpg\"><img loading=\"lazy\" decoding=\"async\" class=\"alignnone size-large wp-image-4511\" src=\"https:\/\/agora.xtec.cat\/iesdesales\/wp-content\/uploads\/usu678\/2019\/10\/AEE-flyman-1024x488.jpg\" alt=\"\" width=\"1024\" height=\"488\" srcset=\"https:\/\/agora.xtec.cat\/iesdesales\/wp-content\/uploads\/usu678\/2019\/10\/AEE-flyman-1024x488.jpg 1024w, https:\/\/agora.xtec.cat\/iesdesales\/wp-content\/uploads\/usu678\/2019\/10\/AEE-flyman-300x143.jpg 300w, https:\/\/agora.xtec.cat\/iesdesales\/wp-content\/uploads\/usu678\/2019\/10\/AEE-flyman-768x366.jpg 768w\" sizes=\"auto, (max-width: 1024px) 100vw, 1024px\" \/><\/a><\/p>\n<p>Al nostre institut considerem que les activitats extraescolars s\u00f3n un eix fonamental en la formaci\u00f3 i el benestar dels alumnes. \u00c9s per aix\u00f2 que cada any programem un ampli ventall d&#8217;activitats.<\/p>\n<p>L&#8217;institut t\u00e9 una associaci\u00f3 esportiva escolar creada per tal que tant els alumnes de l&#8217;institut com els de la poblaci\u00f3 puguin practicar i gaudir de l&#8217;esport i de tots els seus beneficis: la relaci\u00f3 amb altres nens i adolescent, la sociabilitat, el joc en equip, l&#8217;exercici f\u00edsic i molt d&#8217;altres.<\/p>\n<p>Aqu\u00ed torbareu informaci\u00f3 m\u00e9s acurada dels esports que es duen a terme a l&#8217;associaci\u00f3:<\/p>\n<p><strong>Club de b\u00e0dminton Viladecans:<\/strong><\/p>\n<ul>\n<li><a href=\"http:\/\/clubbadmintonviladecans.org\/new\/\">P\u00e0gina Web<\/a><\/li>\n<li><a href=\"https:\/\/www.instagram.com\/badviladecans\/\">Instagram<\/a><\/li>\n<\/ul>\n<p><strong>Club M\u00e0gic V\u00f2lei Viladecans:<\/strong><\/p>\n<ul>\n<li><a href=\"https:\/\/www.magicvolei.com\/ca\"><span lang=\"EN-US\">P\u00e0gina Web<\/span><\/a><\/li>\n<li><a href=\"https:\/\/www.instagram.com\/magicvoleiv\">Instagram<\/a><\/li>\n<\/ul>\n<p>&nbsp;<\/p>\n<p>&nbsp;<\/p>\n<p>&nbsp;<\/p>\n<p>&nbsp;<\/p>\n","protected":false},"excerpt":{"rendered":"<p><a href=\"https:\/\/agora.xtec.cat\/iesdesales\/wp-content\/uploads\/usu678\/2019\/10\/AEE-flyman.jpg\"><\/a><br \/>\nAl nostre institut considerem que les activitats extraescolars s\u00f3n un eix fonamental en la formaci\u00f3 i el benestar dels alumnes. \u00c9s per aix\u00f2 que cada any programem un ampli ventall d&#8217;activitats.<br \/>\nL&#8217;institut t\u00e9 una associaci\u00f3 esportiva escolar creada per tal que tant els alumnes de&hellip;  <a href=\"https:\/\/agora.xtec.cat\/iesdesales\/serveis\/activitats-extraescolars\/\" title=\"Read Associaci\u00f3 esportiva escolar (AEE)\">Llegeix m\u00e9s\u00bb<\/a><\/p>\n","protected":false},"author":1,"featured_media":0,"parent":63,"menu_order":0,"comment_status":"closed","ping_status":"closed","template":"page-templates\/side-menu.php","meta":{"_bbp_topic_count":0,"_bbp_reply_count":0,"_bbp_total_topic_count":0,"_bbp_total_reply_count":0,"_bbp_voice_count":0,"_bbp_anonymous_reply_count":0,"_bbp_topic_count_hidden":0,"_bbp_reply_count_hidden":0,"_bbp_forum_subforum_count":0,"footnotes":""},"class_list":["post-75","page","type-page","status-publish","hentry"],"post_mailing_queue_ids":[],"_links":{"self":[{"href":"https:\/\/agora.xtec.cat\/iesdesales\/wp-json\/wp\/v2\/pages\/75","targetHints":{"allow":["GET"]}}],"collection":[{"href":"https:\/\/agora.xtec.cat\/iesdesales\/wp-json\/wp\/v2\/pages"}],"about":[{"href":"https:\/\/agora.xtec.cat\/iesdesales\/wp-json\/wp\/v2\/types\/page"}],"author":[{"embeddable":true,"href":"https:\/\/agora.xtec.cat\/iesdesales\/wp-json\/wp\/v2\/users\/1"}],"replies":[{"embeddable":true,"href":"https:\/\/agora.xtec.cat\/iesdesales\/wp-json\/wp\/v2\/comments?post=75"}],"version-history":[{"count":4,"href":"https:\/\/agora.xtec.cat\/iesdesales\/wp-json\/wp\/v2\/pages\/75\/revisions"}],"predecessor-version":[{"id":8181,"href":"https:\/\/agora.xtec.cat\/iesdesales\/wp-json\/wp\/v2\/pages\/75\/revisions\/8181"}],"up":[{"embeddable":true,"href":"https:\/\/agora.xtec.cat\/iesdesales\/wp-json\/wp\/v2\/pages\/63"}],"wp:attachment":[{"href":"https:\/\/agora.xtec.cat\/iesdesales\/wp-json\/wp\/v2\/media?parent=75"}],"curies":[{"name":"wp","href":"https:\/\/api.w.org\/{rel}","templated":true}]}}