{"id":65,"date":"2014-09-18T10:12:22","date_gmt":"2014-09-18T10:12:22","guid":{"rendered":"http:\/\/agora.xtec.cat\/iesdesales\/?page_id=65"},"modified":"2020-07-08T22:27:27","modified_gmt":"2020-07-08T20:27:27","slug":"serveis-digitals","status":"publish","type":"page","link":"https:\/\/agora.xtec.cat\/iesdesales\/serveis\/serveis-digitals\/","title":{"rendered":"Serveis digitals"},"content":{"rendered":"<p style=\"color: #444444;\">L\u2019oferta de\u00a0<strong>serveis\u00a0digitals<\/strong>\u00a0constitueix un element\u00a0molt important de l\u2019engranatge del nostre centre educatiu.<\/p>\n<p style=\"color: #444444;\">En aquesta p\u00e0gina trobareu referenciats els serveis en l\u00ednia que oferim a l&#8217;institut:<\/p>\n<p style=\"color: #444444;\">Moodle d&#8217;ESO: <a href=\"http:\/\/atenea1x1.educat1x1.cat\/08034621\/moodle\/\">http:\/\/atenea1x1.educat1x1.cat\/08034621\/moodle\/<\/a><\/p>\n<p style=\"color: #444444;\">Moodle de CF i Batxillerat: <a href=\"https:\/\/educaciodigital.cat\/iesdesales\/moodle\/\">https:\/\/educaciodigital.cat\/iesdesales\/moodle\/<\/a><\/p>\n<p style=\"color: #444444;\">Plataforma iEduca: <a href=\"http:\/\/ieduca.com\/login\/\">http:\/\/ieduca.com\/login\/<\/a><\/p>\n<p>Twitter: @INSdeSales<\/p>\n<p style=\"color: #444444;\">Fotografies i v\u00eddeos (accessibles a trav\u00e9s de les not\u00edcies de la intranet)<\/p>\n<p>&nbsp;<\/p>\n<p style=\"color: #444444;\">\n","protected":false},"excerpt":{"rendered":"<p>L\u2019oferta de\u00a0serveis\u00a0digitals\u00a0constitueix un element\u00a0molt important de l\u2019engranatge del nostre centre educatiu.<br \/>\nEn aquesta p\u00e0gina trobareu referenciats els serveis en l\u00ednia que oferim a l&#8217;institut:<br \/>\nMoodle d&#8217;ESO: <a href=\"http:\/\/atenea1x1.educat1x1.cat\/08034621\/moodle\/\">http:\/\/atenea1x1.educat1x1.cat\/08034621\/moodle\/<\/a><br \/>\nMoodle de CF i Batxillerat: <a href=\"https:\/\/educaciodigital.cat\/iesdesales\/moodle\/\">https:\/\/educaciodigital.cat\/iesdesales\/moodle\/<\/a><br \/>\nPlataforma iEduca: <a href=\"http:\/\/ieduca.com\/login\/\">http:\/\/ieduca.com\/login\/<\/a><br \/>\nTwitter: @INSdeSales<br \/>\nFotografies i v\u00eddeos (accessibles a trav\u00e9s de les not\u00edcies de&hellip;  <a href=\"https:\/\/agora.xtec.cat\/iesdesales\/serveis\/serveis-digitals\/\" title=\"Read Serveis digitals\">Llegeix m\u00e9s\u00bb<\/a><\/p>\n","protected":false},"author":1,"featured_media":0,"parent":63,"menu_order":10,"comment_status":"closed","ping_status":"closed","template":"page-templates\/side-menu.php","meta":{"_bbp_topic_count":0,"_bbp_reply_count":0,"_bbp_total_topic_count":0,"_bbp_total_reply_count":0,"_bbp_voice_count":0,"_bbp_anonymous_reply_count":0,"_bbp_topic_count_hidden":0,"_bbp_reply_count_hidden":0,"_bbp_forum_subforum_count":0,"footnotes":""},"class_list":["post-65","page","type-page","status-publish","hentry"],"post_mailing_queue_ids":[],"_links":{"self":[{"href":"https:\/\/agora.xtec.cat\/iesdesales\/wp-json\/wp\/v2\/pages\/65","targetHints":{"allow":["GET"]}}],"collection":[{"href":"https:\/\/agora.xtec.cat\/iesdesales\/wp-json\/wp\/v2\/pages"}],"about":[{"href":"https:\/\/agora.xtec.cat\/iesdesales\/wp-json\/wp\/v2\/types\/page"}],"author":[{"embeddable":true,"href":"https:\/\/agora.xtec.cat\/iesdesales\/wp-json\/wp\/v2\/users\/1"}],"replies":[{"embeddable":true,"href":"https:\/\/agora.xtec.cat\/iesdesales\/wp-json\/wp\/v2\/comments?post=65"}],"version-history":[{"count":3,"href":"https:\/\/agora.xtec.cat\/iesdesales\/wp-json\/wp\/v2\/pages\/65\/revisions"}],"predecessor-version":[{"id":5181,"href":"https:\/\/agora.xtec.cat\/iesdesales\/wp-json\/wp\/v2\/pages\/65\/revisions\/5181"}],"up":[{"embeddable":true,"href":"https:\/\/agora.xtec.cat\/iesdesales\/wp-json\/wp\/v2\/pages\/63"}],"wp:attachment":[{"href":"https:\/\/agora.xtec.cat\/iesdesales\/wp-json\/wp\/v2\/media?parent=65"}],"curies":[{"name":"wp","href":"https:\/\/api.w.org\/{rel}","templated":true}]}}