{"id":2774,"date":"2017-02-16T09:30:50","date_gmt":"2017-02-16T08:30:50","guid":{"rendered":"http:\/\/agora.xtec.cat\/iesdesales\/?page_id=2774"},"modified":"2025-06-13T12:18:25","modified_gmt":"2025-06-13T10:18:25","slug":"cures-auxiliars-dinfermeria","status":"publish","type":"page","link":"https:\/\/agora.xtec.cat\/iesdesales\/linstitut\/estudis\/cicles-formatius\/cures-auxiliars-dinfermeria\/","title":{"rendered":"T\u00e8cnic en CURES AUXILIARS D&#8217;INFERMERIA"},"content":{"rendered":"<p style=\"text-align: right;\"><a href=\"https:\/\/agora.xtec.cat\/iesdesales\/wp-content\/uploads\/usu678\/2025\/06\/CAI.pdf\">D\u00edptic CAI<\/a><\/p>\n<p>\u00c9s compet\u00e8ncia general d&#8217;aquest t\u00e8cnic proporcionar cures auxiliars al pacient\/client i actuar sobre les condicions sanit\u00e0ries del seu entorn: com a membre d&#8217;un equip d&#8217;infermeria en els centres sanitaris d&#8217;atenci\u00f3 especialitzada i d&#8217;atenci\u00f3 prim\u00e0ria, sota la depend\u00e8ncia del diplomat d&#8217;infermeria o si escau, i tamb\u00e9, com a membre d&#8217;un equip de salut en l&#8217;assist\u00e8ncia derivada de la pr\u00e0ctica de l&#8217;exercici liberal, sota la supervisi\u00f3 corresponent.<\/p>\n<p><strong>Les compet\u00e8ncies i realitzacions <\/strong>m\u00e9s rellevants que ha de manifestar el professional s\u00f3n:<br \/>\na) Preparar els materials i processar la informaci\u00f3 de la consulta\/unitat en les \u00e0rees de la seva compet\u00e8ncia.<br \/>\nb) Aplicar cures auxiliars d&#8217;infermeria al pacient\/client.<br \/>\nc) Tenir cura les condicions sanit\u00e0ries de l&#8217;entorn del pacient\/client i del material\/instrumental sanitari utilitzat en les diferents consultes\/unitats\/serveis.<br \/>\nd) Col\u00b7laborar en la prestaci\u00f3 de cures ps\u00edquiques al pacient\/client, realitzant, al seu nivell, l&#8217;aplicaci\u00f3 de t\u00e8cniques de recolzament psicol\u00f2gic i d&#8217;educaci\u00f3 sanit\u00e0ria.<br \/>\ne) Realitzar tasques d&#8217;instrumentaci\u00f3 en equips de salut bucodental.<\/p>\n<p style=\"font-family: 'Helvetica Neue', Helvetica, Helvetica, Arial, sans-serif; font-size: 16px;\"><img loading=\"lazy\" decoding=\"async\" class=\" wp-image-7417 alignright\" style=\"font-weight: bold;\" src=\"https:\/\/agora.xtec.cat\/iesdesales\/wp-content\/uploads\/usu678\/2023\/03\/FOTO-NOVA-OXIGENOTERAPIA.jpg\" alt=\"\" width=\"319\" height=\"425\" srcset=\"https:\/\/agora.xtec.cat\/iesdesales\/wp-content\/uploads\/usu678\/2023\/03\/FOTO-NOVA-OXIGENOTERAPIA.jpg 768w, https:\/\/agora.xtec.cat\/iesdesales\/wp-content\/uploads\/usu678\/2023\/03\/FOTO-NOVA-OXIGENOTERAPIA-225x300.jpg 225w\" sizes=\"auto, (max-width: 319px) 100vw, 319px\" \/><\/p>\n<p>&nbsp;<\/p>\n<p><strong>Durada del cicle formatiu: <\/strong>1400 hores.<\/p>\n<p>Formaci\u00f3 en el centre educatiu: 990 hores<br \/>\nFormaci\u00f3 en centres de treball: 410 hores<br \/>\nL\u2019horari del grup de mat\u00ed: de 8:00 a 14:30h<br \/>\nL\u2019horari del grup de tarda: de 15:00 a 21:30h<\/p>\n<p><strong>Cr\u00e8dits:<\/strong><br \/>\nCr\u00e8dit 01: Operacions administratives i documentaci\u00f3 sanit\u00e0ria. (66h)<br \/>\nCr\u00e8dit 02: L&#8217;\u00e9sser hum\u00e0 davant la malaltia. (66h)<br \/>\nCr\u00e8dit 03: Benestar del pacient: necessitats d&#8217;higiene, rep\u00f2s i movime<span style=\"font-family: inherit; font-size: 1em;\">nt. (66h)<\/span><\/p>\n<p>Cr\u00e8dit 04: Cures b\u00e0siques d&#8217;infermeria aplicades a les necessitats de l&#8217;\u00e9sser hum\u00e0. (264h)<br \/>\nCr\u00e8dit 05: Primers auxilis. (33h)<br \/>\nCr\u00e8dit 06: Higiene del medi hospitalari i neteja de material. (99h)<br \/>\nCr\u00e8dit 07: Recolzament psicol\u00f2gic al pacient\/client. (66h)<br \/>\nCr\u00e8dit 08: Educaci\u00f3 per a la salut. (33h)<br \/>\nCr\u00e8dit 09: T\u00e8cniques d&#8217;ajuda odontol\u00f2gica\/estomatol\u00f2gica. (99h)<br \/>\nCr\u00e8dit 10: Relacions en l&#8217;equip de treball. (66h)<br \/>\nCr\u00e8dit 11: Formaci\u00f3 i orientaci\u00f3 laboral. (66h)<br \/>\nCr\u00e8dit 12: Formaci\u00f3 en centres de treball. (410h)<br \/>\nCr\u00e8dit 13: S\u00edntesi. (66h)<\/p>\n<p><strong>Empreses col\u00b7laboradores per a realitzar les FCT:<\/strong><\/p>\n<p>Hospital de Viladecans, Hospital Duran i Reynals (ICO i FSSB), Hospital Moises Broggi, Hospital de Barcelona, Centre sanitari CIMA, Hospital Sant Joan de D\u00e9u, Hospital General de Sant Boi&#8230;<\/p>\n<p><strong>Activitats de suport a la tasca docent:<\/strong><br \/>\nEs fan xerrades i sortides t\u00e8cniques.<\/p>\n","protected":false},"excerpt":{"rendered":"<p><a href=\"https:\/\/agora.xtec.cat\/iesdesales\/wp-content\/uploads\/usu678\/2025\/06\/CAI.pdf\">D\u00edptic CAI<\/a><br \/>\n\u00c9s compet\u00e8ncia general d&#8217;aquest t\u00e8cnic proporcionar cures auxiliars al pacient\/client i actuar sobre les condicions sanit\u00e0ries del seu entorn: com a membre d&#8217;un equip d&#8217;infermeria en els centres sanitaris d&#8217;atenci\u00f3 especialitzada i d&#8217;atenci\u00f3 prim\u00e0ria, sota la depend\u00e8ncia del diplomat d&#8217;infermeria o si escau,&hellip;  <a href=\"https:\/\/agora.xtec.cat\/iesdesales\/linstitut\/estudis\/cicles-formatius\/cures-auxiliars-dinfermeria\/\" title=\"Read T\u00e8cnic en CURES AUXILIARS D&#8217;INFERMERIA\">Llegeix m\u00e9s\u00bb<\/a><\/p>\n","protected":false},"author":1,"featured_media":0,"parent":8164,"menu_order":0,"comment_status":"closed","ping_status":"closed","template":"","meta":{"_bbp_topic_count":0,"_bbp_reply_count":0,"_bbp_total_topic_count":0,"_bbp_total_reply_count":0,"_bbp_voice_count":0,"_bbp_anonymous_reply_count":0,"_bbp_topic_count_hidden":0,"_bbp_reply_count_hidden":0,"_bbp_forum_subforum_count":0,"footnotes":""},"class_list":["post-2774","page","type-page","status-publish","hentry"],"post_mailing_queue_ids":[],"_links":{"self":[{"href":"https:\/\/agora.xtec.cat\/iesdesales\/wp-json\/wp\/v2\/pages\/2774","targetHints":{"allow":["GET"]}}],"collection":[{"href":"https:\/\/agora.xtec.cat\/iesdesales\/wp-json\/wp\/v2\/pages"}],"about":[{"href":"https:\/\/agora.xtec.cat\/iesdesales\/wp-json\/wp\/v2\/types\/page"}],"author":[{"embeddable":true,"href":"https:\/\/agora.xtec.cat\/iesdesales\/wp-json\/wp\/v2\/users\/1"}],"replies":[{"embeddable":true,"href":"https:\/\/agora.xtec.cat\/iesdesales\/wp-json\/wp\/v2\/comments?post=2774"}],"version-history":[{"count":6,"href":"https:\/\/agora.xtec.cat\/iesdesales\/wp-json\/wp\/v2\/pages\/2774\/revisions"}],"predecessor-version":[{"id":9635,"href":"https:\/\/agora.xtec.cat\/iesdesales\/wp-json\/wp\/v2\/pages\/2774\/revisions\/9635"}],"up":[{"embeddable":true,"href":"https:\/\/agora.xtec.cat\/iesdesales\/wp-json\/wp\/v2\/pages\/8164"}],"wp:attachment":[{"href":"https:\/\/agora.xtec.cat\/iesdesales\/wp-json\/wp\/v2\/media?parent=2774"}],"curies":[{"name":"wp","href":"https:\/\/api.w.org\/{rel}","templated":true}]}}

Tècnic en CURES AUXILIARS D&#8217;INFERMERIA

<p style="text-align: right;"><a href="https://agora.xtec.cat/iesdesales/wp-content/uploads/usu678/2025/06/CAI.pdf">Díptic CAI</a></p>
<p>És competència general d&#8217;aquest tècnic proporcionar cures auxiliars al pacient/client i actuar sobre les condicions sanitàries del seu entorn: com a membre d&#8217;un equip d&#8217;infermeria en els centres sanitaris d&#8217;atenció especialitzada i d&#8217;atenció primària, sota la dependència del diplomat d&#8217;infermeria o si escau, i també, com a membre d&#8217;un equip de salut en l&#8217;assistència derivada de la pràctica de l&#8217;exercici liberal, sota la supervisió corresponent.</p>
<p><strong>Les competències i realitzacions </strong>més rellevants que ha de manifestar el professional són:<br />
a) Preparar els materials i processar la informació de la consulta/unitat en les àrees de la seva competència.<br />
b) Aplicar cures auxiliars d&#8217;infermeria al pacient/client.<br />
c) Tenir cura les condicions sanitàries de l&#8217;entorn del pacient/client i del material/instrumental sanitari utilitzat en les diferents consultes/unitats/serveis.<br />
d) Col·laborar en la prestació de cures psíquiques al pacient/client, realitzant, al seu nivell, l&#8217;aplicació de tècniques de recolzament psicològic i d&#8217;educació sanitària.<br />
e) Realitzar tasques d&#8217;instrumentació en equips de salut bucodental.</p>
<p style="font-family: 'Helvetica Neue', Helvetica, Helvetica, Arial, sans-serif; font-size: 16px;"><img loading="lazy" decoding="async" class=" wp-image-7417 alignright" style="font-weight: bold;" src="https://agora.xtec.cat/iesdesales/wp-content/uploads/usu678/2023/03/FOTO-NOVA-OXIGENOTERAPIA.jpg" alt="" width="319" height="425" srcset="https://agora.xtec.cat/iesdesales/wp-content/uploads/usu678/2023/03/FOTO-NOVA-OXIGENOTERAPIA.jpg 768w, https://agora.xtec.cat/iesdesales/wp-content/uploads/usu678/2023/03/FOTO-NOVA-OXIGENOTERAPIA-225x300.jpg 225w" sizes="auto, (max-width: 319px) 100vw, 319px" /></p>
<p>&nbsp;</p>
<p><strong>Durada del cicle formatiu: </strong>1400 hores.</p>
<p>Formació en el centre educatiu: 990 hores<br />
Formació en centres de treball: 410 hores<br />
L’horari del grup de matí: de 8:00 a 14:30h<br />
L’horari del grup de tarda: de 15:00 a 21:30h</p>
<p><strong>Crèdits:</strong><br />
Crèdit 01: Operacions administratives i documentació sanitària. (66h)<br />
Crèdit 02: L&#8217;ésser humà davant la malaltia. (66h)<br />
Crèdit 03: Benestar del pacient: necessitats d&#8217;higiene, repòs i movime<span style="font-family: inherit; font-size: 1em;">nt. (66h)</span></p>
<p>Crèdit 04: Cures bàsiques d&#8217;infermeria aplicades a les necessitats de l&#8217;ésser humà. (264h)<br />
Crèdit 05: Primers auxilis. (33h)<br />
Crèdit 06: Higiene del medi hospitalari i neteja de material. (99h)<br />
Crèdit 07: Recolzament psicològic al pacient/client. (66h)<br />
Crèdit 08: Educació per a la salut. (33h)<br />
Crèdit 09: Tècniques d&#8217;ajuda odontològica/estomatològica. (99h)<br />
Crèdit 10: Relacions en l&#8217;equip de treball. (66h)<br />
Crèdit 11: Formació i orientació laboral. (66h)<br />
Crèdit 12: Formació en centres de treball. (410h)<br />
Crèdit 13: Síntesi. (66h)</p>
<p><strong>Empreses col·laboradores per a realitzar les FCT:</strong></p>
<p>Hospital de Viladecans, Hospital Duran i Reynals (ICO i FSSB), Hospital Moises Broggi, Hospital de Barcelona, Centre sanitari CIMA, Hospital Sant Joan de Déu, Hospital General de Sant Boi&#8230;</p>
<p><strong>Activitats de suport a la tasca docent:</strong><br />
Es fan xerrades i sortides tècniques.</p>

<p><a href="https://agora.xtec.cat/iesdesales/wp-content/uploads/usu678/2025/06/CAI.pdf">Díptic CAI</a><br />
És competència general d&#8217;aquest tècnic proporcionar cures auxiliars al pacient/client i actuar sobre les condicions sanitàries del seu entorn: com a membre d&#8217;un equip d&#8217;infermeria en els centres sanitaris d&#8217;atenció especialitzada i d&#8217;atenció primària, sota la dependència del diplomat d&#8217;infermeria o si escau,&hellip;  <a href="https://agora.xtec.cat/iesdesales/linstitut/estudis/cicles-formatius/cures-auxiliars-dinfermeria/" title="Read Tècnic en CURES AUXILIARS D&#8217;INFERMERIA">Llegeix més»</a></p>
