{"id":6916,"date":"2025-01-10T12:35:57","date_gmt":"2025-01-10T11:35:57","guid":{"rendered":"https:\/\/agora.xtec.cat\/iesdelvoltreganes\/?page_id=6916"},"modified":"2025-01-20T15:44:38","modified_gmt":"2025-01-20T14:44:38","slug":"criteris-de-seleccio-derasmus","status":"publish","type":"page","link":"https:\/\/agora.xtec.cat\/iesdelvoltreganes\/projecte-educatiu\/criteris-de-seleccio-derasmus\/","title":{"rendered":"Criteris de selecci\u00f3 d&#8217;Erasmus+"},"content":{"rendered":"<p><strong><a href=\"https:\/\/drive.google.com\/file\/d\/1vIC2GIpeA2gbbvNxOeThPfRi-IAD3qDj\/view?usp=sharing\" target=\"_blank\" rel=\"noopener\">Criteris de selecci\u00f3 d&#8217;Erasmus+<\/a><\/strong><\/p>\n<p>En el seg\u00fcent document hi ha el llistat d&#8217;admesos i en llista d&#8217;espera per a les mobilitats del projecte Erasmus+ 2024-26 a l&#8217;Institut del Voltregan\u00e8s,\u00a0 amb les fases indicades pr\u00e8viament a la p\u00e0gina web i en la carta personal enviada a totes les fam\u00edlies de 4t. Per a respectar la protecci\u00f3 de dades de l&#8217;alumnat s&#8217;han posat els darrers n\u00fameros del DNI de cadascun d&#8217;ells.<\/p>\n<p><a href=\"https:\/\/drive.google.com\/file\/d\/1F3jKVYPlsqI1JFGOVSIrLvR_SaqplOWp\/view?usp=sharing\" target=\"_blank\" rel=\"noopener\"><b>Llistat provisional d&#8217;admesos i en llista d&#8217;espera per a les mobilitats del projecte ERASMUS+ 2024-26<\/b><\/a><\/p>\n","protected":false},"excerpt":{"rendered":"<p><a href=\"https:\/\/drive.google.com\/file\/d\/1vIC2GIpeA2gbbvNxOeThPfRi-IAD3qDj\/view?usp=sharing\" target=\"_blank\" rel=\"noopener\">Criteris de selecci\u00f3 d&#8217;Erasmus+<\/a><br \/>\nEn el seg\u00fcent document hi ha el llistat d&#8217;admesos i en llista d&#8217;espera per a les mobilitats del projecte Erasmus+ 2024-26 a l&#8217;Institut del Voltregan\u00e8s,\u00a0 amb les fases indicades pr\u00e8viament a la p\u00e0gina web i en la carta personal&hellip;  <a href=\"https:\/\/agora.xtec.cat\/iesdelvoltreganes\/projecte-educatiu\/criteris-de-seleccio-derasmus\/\" title=\"Read Criteris de selecci\u00f3 d&#8217;Erasmus+\">Llegeix m\u00e9s\u00bb<\/a><\/p>\n","protected":false},"author":6,"featured_media":0,"parent":57,"menu_order":0,"comment_status":"closed","ping_status":"closed","template":"page-templates\/side-menu.php","meta":{"_bbp_topic_count":0,"_bbp_reply_count":0,"_bbp_total_topic_count":0,"_bbp_total_reply_count":0,"_bbp_voice_count":0,"_bbp_anonymous_reply_count":0,"_bbp_topic_count_hidden":0,"_bbp_reply_count_hidden":0,"_bbp_forum_subforum_count":0,"footnotes":""},"class_list":["post-6916","page","type-page","status-publish","hentry"],"post_mailing_queue_ids":[],"_links":{"self":[{"href":"https:\/\/agora.xtec.cat\/iesdelvoltreganes\/wp-json\/wp\/v2\/pages\/6916","targetHints":{"allow":["GET"]}}],"collection":[{"href":"https:\/\/agora.xtec.cat\/iesdelvoltreganes\/wp-json\/wp\/v2\/pages"}],"about":[{"href":"https:\/\/agora.xtec.cat\/iesdelvoltreganes\/wp-json\/wp\/v2\/types\/page"}],"author":[{"embeddable":true,"href":"https:\/\/agora.xtec.cat\/iesdelvoltreganes\/wp-json\/wp\/v2\/users\/6"}],"replies":[{"embeddable":true,"href":"https:\/\/agora.xtec.cat\/iesdelvoltreganes\/wp-json\/wp\/v2\/comments?post=6916"}],"version-history":[{"count":6,"href":"https:\/\/agora.xtec.cat\/iesdelvoltreganes\/wp-json\/wp\/v2\/pages\/6916\/revisions"}],"predecessor-version":[{"id":6944,"href":"https:\/\/agora.xtec.cat\/iesdelvoltreganes\/wp-json\/wp\/v2\/pages\/6916\/revisions\/6944"}],"up":[{"embeddable":true,"href":"https:\/\/agora.xtec.cat\/iesdelvoltreganes\/wp-json\/wp\/v2\/pages\/57"}],"wp:attachment":[{"href":"https:\/\/agora.xtec.cat\/iesdelvoltreganes\/wp-json\/wp\/v2\/media?parent=6916"}],"curies":[{"name":"wp","href":"https:\/\/api.w.org\/{rel}","templated":true}]}}

Criteris de selecció d&#8217;Erasmus+

<p><strong><a href="https://drive.google.com/file/d/1vIC2GIpeA2gbbvNxOeThPfRi-IAD3qDj/view?usp=sharing" target="_blank" rel="noopener">Criteris de selecció d&#8217;Erasmus+</a></strong></p>
<p>En el següent document hi ha el llistat d&#8217;admesos i en llista d&#8217;espera per a les mobilitats del projecte Erasmus+ 2024-26 a l&#8217;Institut del Voltreganès,  amb les fases indicades prèviament a la pàgina web i en la carta personal enviada a totes les famílies de 4t. Per a respectar la protecció de dades de l&#8217;alumnat s&#8217;han posat els darrers números del DNI de cadascun d&#8217;ells.</p>
<p><a href="https://drive.google.com/file/d/1F3jKVYPlsqI1JFGOVSIrLvR_SaqplOWp/view?usp=sharing" target="_blank" rel="noopener"><b>Llistat provisional d&#8217;admesos i en llista d&#8217;espera per a les mobilitats del projecte ERASMUS+ 2024-26</b></a></p>

<p><a href="https://drive.google.com/file/d/1vIC2GIpeA2gbbvNxOeThPfRi-IAD3qDj/view?usp=sharing" target="_blank" rel="noopener">Criteris de selecció d&#8217;Erasmus+</a><br />
En el següent document hi ha el llistat d&#8217;admesos i en llista d&#8217;espera per a les mobilitats del projecte Erasmus+ 2024-26 a l&#8217;Institut del Voltreganès,  amb les fases indicades prèviament a la pàgina web i en la carta personal&hellip;  <a href="https://agora.xtec.cat/iesdelvoltreganes/projecte-educatiu/criteris-de-seleccio-derasmus/" title="Read Criteris de selecció d&#8217;Erasmus+">Llegeix més»</a></p>
