{"id":3151,"date":"2018-06-25T13:20:56","date_gmt":"2018-06-25T11:20:56","guid":{"rendered":"http:\/\/agora.xtec.cat\/iesdelvoltreganes\/?page_id=3151"},"modified":"2018-06-26T11:59:13","modified_gmt":"2018-06-26T09:59:13","slug":"exalumnes","status":"publish","type":"page","link":"https:\/\/agora.xtec.cat\/iesdelvoltreganes\/exalumnes\/","title":{"rendered":"Exalumnes"},"content":{"rendered":"<p><a href=\"https:\/\/www.ara.cat\/especials\/uvic-ucc\/mestres-Educacio-Infantil-Primaria-Practiques_0_2038596169.html\" target=\"_blank\" rel=\"noopener noreferrer\">Els mestres del futur: especialistes en Educaci\u00f3 Infantil i Prim\u00e0ria i en angl\u00e8s<\/a><\/p>\n","protected":false},"excerpt":{"rendered":"<p><a href=\"https:\/\/www.ara.cat\/especials\/uvic-ucc\/mestres-Educacio-Infantil-Primaria-Practiques_0_2038596169.html\" target=\"_blank\" rel=\"noopener noreferrer\">Els mestres del futur: especialistes en Educaci\u00f3 Infantil i Prim\u00e0ria i en angl\u00e8s<\/a><\/p>\n","protected":false},"author":6,"featured_media":0,"parent":0,"menu_order":0,"comment_status":"closed","ping_status":"closed","template":"","meta":{"_bbp_topic_count":0,"_bbp_reply_count":0,"_bbp_total_topic_count":0,"_bbp_total_reply_count":0,"_bbp_voice_count":0,"_bbp_anonymous_reply_count":0,"_bbp_topic_count_hidden":0,"_bbp_reply_count_hidden":0,"_bbp_forum_subforum_count":0,"footnotes":""},"class_list":["post-3151","page","type-page","status-publish","hentry"],"post_mailing_queue_ids":[],"_links":{"self":[{"href":"https:\/\/agora.xtec.cat\/iesdelvoltreganes\/wp-json\/wp\/v2\/pages\/3151","targetHints":{"allow":["GET"]}}],"collection":[{"href":"https:\/\/agora.xtec.cat\/iesdelvoltreganes\/wp-json\/wp\/v2\/pages"}],"about":[{"href":"https:\/\/agora.xtec.cat\/iesdelvoltreganes\/wp-json\/wp\/v2\/types\/page"}],"author":[{"embeddable":true,"href":"https:\/\/agora.xtec.cat\/iesdelvoltreganes\/wp-json\/wp\/v2\/users\/6"}],"replies":[{"embeddable":true,"href":"https:\/\/agora.xtec.cat\/iesdelvoltreganes\/wp-json\/wp\/v2\/comments?post=3151"}],"version-history":[{"count":3,"href":"https:\/\/agora.xtec.cat\/iesdelvoltreganes\/wp-json\/wp\/v2\/pages\/3151\/revisions"}],"predecessor-version":[{"id":3159,"href":"https:\/\/agora.xtec.cat\/iesdelvoltreganes\/wp-json\/wp\/v2\/pages\/3151\/revisions\/3159"}],"wp:attachment":[{"href":"https:\/\/agora.xtec.cat\/iesdelvoltreganes\/wp-json\/wp\/v2\/media?parent=3151"}],"curies":[{"name":"wp","href":"https:\/\/api.w.org\/{rel}","templated":true}]}}

<p><a href="https://www.ara.cat/especials/uvic-ucc/mestres-Educacio-Infantil-Primaria-Practiques_0_2038596169.html" target="_blank" rel="noopener noreferrer">Els mestres del futur: especialistes en Educació Infantil i Primària i en anglès</a></p>
