{"id":27,"date":"2014-09-17T16:24:03","date_gmt":"2014-09-17T16:24:03","guid":{"rendered":"http:\/\/agora.xtec.cat\/iesdelvoltreganes\/?page_id=27"},"modified":"2015-11-26T16:14:02","modified_gmt":"2015-11-26T15:14:02","slug":"historia","status":"publish","type":"page","link":"https:\/\/agora.xtec.cat\/iesdelvoltreganes\/linstitut\/historia\/","title":{"rendered":"Hist\u00f2ria"},"content":{"rendered":"<p>L\u2019Institut del Voltregan\u00e8s, ubicat a Les Masies de Voltreg\u00e0 (comarca d\u2019Osona), \u00e9s un centre de 2\/3 l\u00ednies d\u2019ensenyament secundari obligatori i de 2 l\u00ednies d\u2019ensenyament postobligatori de batxillerat, amb uns 346 alumnes matriculats el present curs 2015-2016.<\/p>\n<p>Des del curs 2010 participem del Pla d\u2019Autonomia de Centres\u00a0 que ens ha perm\u00e8s afavorir a la millora del rendiment acad\u00e8mic dels alumnes i alhora treballar per a la cohesi\u00f3 social.<\/p>\n<p>Des del curs 2003-2004, en qu\u00e8 va apar\u00e8ixer al Voltregan\u00e8s, el nostre centre educatiu ha acollit i acull tant els alumnes de les escoles p\u00fabliques com de la privada de la zona i alumnes de poblacions properes.<\/p>\n<p>El 2005-2006 es va ampliar el disseny curricular del centre amb el primer curs de batxillerat. El 2006-2007 es va realitzar el trasllat de l\u2019institut al nou edifici al carrer Matagalls 48, que va suposar una millora i ampliaci\u00f3 dels espais educatius, noves infraestructures i un increment considerable de la plantilla. Aquell any, el centre va disposar d\u2019una aula d\u2019acollida i es treballaven les lleng\u00fces i les ci\u00e8ncies per \u00e0mbits.<\/p>\n<p>Durant dos cursos es va fer formaci\u00f3 per a la planificaci\u00f3 del Pla de Suport Conductual Positiu del que van sortir el Projecte SomRIURE i els principis de centre que es recullen en els documents de treball de l\u2019institut. Per atendre la diversitat s\u2019han prioritzat des del centre agrupaments de diversificaci\u00f3 curricular amb projectes com : Aula Oberta, Aula d\u2019 aprenentatge i Junts sumem (Projecte d\u2019impuls a la millora).<\/p>\n<p>El desembre de 2008 es va donar a l\u2019Institut el distintiu d\u2019 Escoles Verdes i el curs 2011-2012 es va presentar el Pla integrat de lleng\u00fces estrangeres (PILE) dins el Pla d\u2019Autonomia de Centre com una de les estrat\u00e8gies de millora dels resultats acad\u00e8mics.<\/p>\n<p>La jornada compactada se\u2019ns va concedir el curs 2012-2013 arran d\u2019un treball conjunt entre docents, fam\u00edlies i institucions p\u00fabliques. Com a alternativa per a les tardes dels alumnes van sorgir l\u2019estudi assistit i el pla d\u2019esport a l\u2019escola i als matins es va buscar una franja de mitja hora di\u00e0ria per implementar el Pla d\u2019 impuls a la lectura.<\/p>\n<p>La metodologia que empra el centre des del primer pla de millora que es va elaborar el curs 2005-2006 est\u00e0 dissenyada per a la inclusi\u00f3 i la cohesi\u00f3 de l\u2019alumnat potenciant les capacitats i habilitats de cada alumne\/a tant pel que fa als aprenentatges com pel que fa a les compet\u00e8ncies socials.<\/p>\n<p>L\u2019organitzaci\u00f3 curricular del centre proporciona la base per a l\u2019adquisici\u00f3 de coneixements i facilita la incorporaci\u00f3 dels alumnes al m\u00f3n universitari o al m\u00f3n laboral.<\/p>\n","protected":false},"excerpt":{"rendered":"<p>L\u2019Institut del Voltregan\u00e8s, ubicat a Les Masies de Voltreg\u00e0 (comarca d\u2019Osona), \u00e9s un centre de 2\/3 l\u00ednies d\u2019ensenyament secundari obligatori i de 2 l\u00ednies d\u2019ensenyament postobligatori de batxillerat, amb uns 346 alumnes matriculats el present curs 2015-2016.<br \/>\nDes del curs 2010 participem del Pla d\u2019Autonomia de&hellip;  <a href=\"https:\/\/agora.xtec.cat\/iesdelvoltreganes\/linstitut\/historia\/\" title=\"Read Hist\u00f2ria\">Llegeix m\u00e9s\u00bb<\/a><\/p>\n","protected":false},"author":1,"featured_media":0,"parent":19,"menu_order":20,"comment_status":"closed","ping_status":"closed","template":"page-templates\/side-menu.php","meta":{"_bbp_topic_count":0,"_bbp_reply_count":0,"_bbp_total_topic_count":0,"_bbp_total_reply_count":0,"_bbp_voice_count":0,"_bbp_anonymous_reply_count":0,"_bbp_topic_count_hidden":0,"_bbp_reply_count_hidden":0,"_bbp_forum_subforum_count":0,"footnotes":""},"class_list":["post-27","page","type-page","status-publish","hentry"],"post_mailing_queue_ids":[],"_links":{"self":[{"href":"https:\/\/agora.xtec.cat\/iesdelvoltreganes\/wp-json\/wp\/v2\/pages\/27","targetHints":{"allow":["GET"]}}],"collection":[{"href":"https:\/\/agora.xtec.cat\/iesdelvoltreganes\/wp-json\/wp\/v2\/pages"}],"about":[{"href":"https:\/\/agora.xtec.cat\/iesdelvoltreganes\/wp-json\/wp\/v2\/types\/page"}],"author":[{"embeddable":true,"href":"https:\/\/agora.xtec.cat\/iesdelvoltreganes\/wp-json\/wp\/v2\/users\/1"}],"replies":[{"embeddable":true,"href":"https:\/\/agora.xtec.cat\/iesdelvoltreganes\/wp-json\/wp\/v2\/comments?post=27"}],"version-history":[{"count":3,"href":"https:\/\/agora.xtec.cat\/iesdelvoltreganes\/wp-json\/wp\/v2\/pages\/27\/revisions"}],"predecessor-version":[{"id":646,"href":"https:\/\/agora.xtec.cat\/iesdelvoltreganes\/wp-json\/wp\/v2\/pages\/27\/revisions\/646"}],"up":[{"embeddable":true,"href":"https:\/\/agora.xtec.cat\/iesdelvoltreganes\/wp-json\/wp\/v2\/pages\/19"}],"wp:attachment":[{"href":"https:\/\/agora.xtec.cat\/iesdelvoltreganes\/wp-json\/wp\/v2\/media?parent=27"}],"curies":[{"name":"wp","href":"https:\/\/api.w.org\/{rel}","templated":true}]}}

Història

<p>L’Institut del Voltreganès, ubicat a Les Masies de Voltregà (comarca d’Osona), és un centre de 2/3 línies d’ensenyament secundari obligatori i de 2 línies d’ensenyament postobligatori de batxillerat, amb uns 346 alumnes matriculats el present curs 2015-2016.</p>
<p>Des del curs 2010 participem del Pla d’Autonomia de Centres  que ens ha permès afavorir a la millora del rendiment acadèmic dels alumnes i alhora treballar per a la cohesió social.</p>
<p>Des del curs 2003-2004, en què va aparèixer al Voltreganès, el nostre centre educatiu ha acollit i acull tant els alumnes de les escoles públiques com de la privada de la zona i alumnes de poblacions properes.</p>
<p>El 2005-2006 es va ampliar el disseny curricular del centre amb el primer curs de batxillerat. El 2006-2007 es va realitzar el trasllat de l’institut al nou edifici al carrer Matagalls 48, que va suposar una millora i ampliació dels espais educatius, noves infraestructures i un increment considerable de la plantilla. Aquell any, el centre va disposar d’una aula d’acollida i es treballaven les llengües i les ciències per àmbits.</p>
<p>Durant dos cursos es va fer formació per a la planificació del Pla de Suport Conductual Positiu del que van sortir el Projecte SomRIURE i els principis de centre que es recullen en els documents de treball de l’institut. Per atendre la diversitat s’han prioritzat des del centre agrupaments de diversificació curricular amb projectes com : Aula Oberta, Aula d’ aprenentatge i Junts sumem (Projecte d’impuls a la millora).</p>
<p>El desembre de 2008 es va donar a l’Institut el distintiu d’ Escoles Verdes i el curs 2011-2012 es va presentar el Pla integrat de llengües estrangeres (PILE) dins el Pla d’Autonomia de Centre com una de les estratègies de millora dels resultats acadèmics.</p>
<p>La jornada compactada se’ns va concedir el curs 2012-2013 arran d’un treball conjunt entre docents, famílies i institucions públiques. Com a alternativa per a les tardes dels alumnes van sorgir l’estudi assistit i el pla d’esport a l’escola i als matins es va buscar una franja de mitja hora diària per implementar el Pla d’ impuls a la lectura.</p>
<p>La metodologia que empra el centre des del primer pla de millora que es va elaborar el curs 2005-2006 està dissenyada per a la inclusió i la cohesió de l’alumnat potenciant les capacitats i habilitats de cada alumne/a tant pel que fa als aprenentatges com pel que fa a les competències socials.</p>
<p>L’organització curricular del centre proporciona la base per a l’adquisició de coneixements i facilita la incorporació dels alumnes al món universitari o al món laboral.</p>

<p>L’Institut del Voltreganès, ubicat a Les Masies de Voltregà (comarca d’Osona), és un centre de 2/3 línies d’ensenyament secundari obligatori i de 2 línies d’ensenyament postobligatori de batxillerat, amb uns 346 alumnes matriculats el present curs 2015-2016.<br />
Des del curs 2010 participem del Pla d’Autonomia de&hellip;  <a href="https://agora.xtec.cat/iesdelvoltreganes/linstitut/historia/" title="Read Història">Llegeix més»</a></p>
