{"id":799,"date":"2015-03-01T23:06:45","date_gmt":"2015-03-01T22:06:45","guid":{"rendered":"http:\/\/agora.xtec.cat\/iesdeltebre\/?page_id=799"},"modified":"2024-02-09T09:39:11","modified_gmt":"2024-02-09T08:39:11","slug":"ciberassetjament","status":"publish","type":"page","link":"https:\/\/agora.xtec.cat\/iesdeltebre\/families\/ciberassetjament\/","title":{"rendered":"Fam\u00edlia i escola."},"content":{"rendered":"<h4>\u00b7 Enlla\u00e7 on hi ha informaci\u00f3 sobre la detecci\u00f3 i prevenci\u00f3 del ciberassetjament.<\/h4>\n<p><a href=\"http:\/\/familiaiescola.gencat.cat\/ca\/educar_i_creixer_en_familia\/educacio_enl_us_de_les_tecnologies\/ciberassetjament\">Ciberassetjament<\/a>.<\/p>\n<h4>\u00b7 Enlla\u00e7 al web Fam\u00edlia i escola del departament.<\/h4>\n<p><a href=\"http:\/\/familiaiescola.gencat.cat\/ca\/benvinguda_i_presentacio\">Fam\u00edlia i escola.<\/a><\/p>\n<h4>\u00b7 Pautes per millorar l&#8217;aprenentatge.<\/h4>\n<h4><\/h4>\n<p><a href=\"http:\/\/agora.xtec.cat\/iesdeltebre\/wp-content\/uploads\/usu809\/2015\/09\/nformacio_milloraraprenentatgefills-1.pdf\"><img loading=\"lazy\" decoding=\"async\" class=\" size-thumbnail wp-image-1275 alignnone\" src=\"http:\/\/agora.xtec.cat\/iesdeltebre\/wp-content\/uploads\/usu809\/2015\/09\/images-150x150.png\" alt=\"images\" width=\"150\" height=\"150\" srcset=\"https:\/\/agora.xtec.cat\/iesdeltebre\/wp-content\/uploads\/usu809\/2015\/09\/images-150x150.png 150w, https:\/\/agora.xtec.cat\/iesdeltebre\/wp-content\/uploads\/usu809\/2015\/09\/images.png 225w\" sizes=\"auto, (max-width: 150px) 100vw, 150px\" \/><\/a><\/p>\n<h4>\u00a0\u00b7 Protecci\u00f3 dels menors en el m\u00f3n digital.<\/h4>\n<p><a href=\"http:\/\/agora.xtec.cat\/iesdeltebre\/wp-content\/uploads\/usu809\/2015\/03\/diptic_proteccio__internet.pdf\">Guia per a les fam\u00edlies<\/a><\/p>\n<h4>\u00a0\u00b7 Pon\u00e8ncia de Carles Capdevila en Gestionando Hijos<\/h4>\n<p>&nbsp;<\/p>\n<p><iframe loading=\"lazy\" src=\"https:\/\/www.youtube.com\/embed\/dd_z-pnGKaU\" width=\"560\" height=\"315\" frameborder=\"0\"><\/iframe><\/p>\n<p>&nbsp;<\/p>\n","protected":false},"excerpt":{"rendered":"<p>\u00b7 Enlla\u00e7 on hi ha informaci\u00f3 sobre la detecci\u00f3 i prevenci\u00f3 del ciberassetjament.<br \/>\n<a href=\"http:\/\/familiaiescola.gencat.cat\/ca\/educar_i_creixer_en_familia\/educacio_enl_us_de_les_tecnologies\/ciberassetjament\">Ciberassetjament<\/a>.<br \/>\n\u00b7 Enlla\u00e7 al web Fam\u00edlia i escola del departament.<br \/>\n<a href=\"http:\/\/familiaiescola.gencat.cat\/ca\/benvinguda_i_presentacio\">Fam\u00edlia i escola.<\/a><br \/>\n\u00b7 Pautes per millorar l&#8217;aprenentatge.<\/p>\n<p><a href=\"http:\/\/agora.xtec.cat\/iesdeltebre\/wp-content\/uploads\/usu809\/2015\/09\/nformacio_milloraraprenentatgefills-1.pdf\"><\/a><br \/>\n\u00a0\u00b7 Protecci\u00f3 dels menors en el m\u00f3n digital.<br \/>\n<a href=\"http:\/\/agora.xtec.cat\/iesdeltebre\/wp-content\/uploads\/usu809\/2015\/03\/diptic_proteccio__internet.pdf\">Guia per a les fam\u00edlies<\/a><br \/>\n\u00a0\u00b7 Pon\u00e8ncia de Carles&hellip;  <a href=\"https:\/\/agora.xtec.cat\/iesdeltebre\/families\/ciberassetjament\/\" title=\"Read Fam\u00edlia i escola.\">Llegeix m\u00e9s\u00bb<\/a><\/p>\n","protected":false},"author":1,"featured_media":0,"parent":333,"menu_order":100,"comment_status":"closed","ping_status":"closed","template":"page-templates\/side-menu.php","meta":{"_bbp_topic_count":0,"_bbp_reply_count":0,"_bbp_total_topic_count":0,"_bbp_total_reply_count":0,"_bbp_voice_count":0,"_bbp_anonymous_reply_count":0,"_bbp_topic_count_hidden":0,"_bbp_reply_count_hidden":0,"_bbp_forum_subforum_count":0,"footnotes":""},"class_list":["post-799","page","type-page","status-publish","hentry"],"post_mailing_queue_ids":[],"_links":{"self":[{"href":"https:\/\/agora.xtec.cat\/iesdeltebre\/wp-json\/wp\/v2\/pages\/799","targetHints":{"allow":["GET"]}}],"collection":[{"href":"https:\/\/agora.xtec.cat\/iesdeltebre\/wp-json\/wp\/v2\/pages"}],"about":[{"href":"https:\/\/agora.xtec.cat\/iesdeltebre\/wp-json\/wp\/v2\/types\/page"}],"author":[{"embeddable":true,"href":"https:\/\/agora.xtec.cat\/iesdeltebre\/wp-json\/wp\/v2\/users\/1"}],"replies":[{"embeddable":true,"href":"https:\/\/agora.xtec.cat\/iesdeltebre\/wp-json\/wp\/v2\/comments?post=799"}],"version-history":[{"count":4,"href":"https:\/\/agora.xtec.cat\/iesdeltebre\/wp-json\/wp\/v2\/pages\/799\/revisions"}],"predecessor-version":[{"id":16340,"href":"https:\/\/agora.xtec.cat\/iesdeltebre\/wp-json\/wp\/v2\/pages\/799\/revisions\/16340"}],"up":[{"embeddable":true,"href":"https:\/\/agora.xtec.cat\/iesdeltebre\/wp-json\/wp\/v2\/pages\/333"}],"wp:attachment":[{"href":"https:\/\/agora.xtec.cat\/iesdeltebre\/wp-json\/wp\/v2\/media?parent=799"}],"curies":[{"name":"wp","href":"https:\/\/api.w.org\/{rel}","templated":true}]}}