{"id":476,"date":"2015-01-29T08:58:42","date_gmt":"2015-01-29T07:58:42","guid":{"rendered":"http:\/\/agora.xtec.cat\/iesdeltebre\/?page_id=476"},"modified":"2026-01-09T14:03:53","modified_gmt":"2026-01-09T13:03:53","slug":"tutoria-4rt-eso","status":"publish","type":"page","link":"https:\/\/agora.xtec.cat\/iesdeltebre\/tutoria-4rt-eso\/","title":{"rendered":"Tutoria 4t ESO"},"content":{"rendered":"<p>&nbsp;<\/p>\n<table style=\"width: 819px;\">\n<tbody>\n<tr>\n<td style=\"width: 82px;\"><\/td>\n<td style=\"width: 190px;\">1a setmana<\/td>\n<td style=\"width: 176px;\">2a setmana<\/td>\n<td style=\"width: 200px;\">3a setmana<\/td>\n<td style=\"width: 155px;\">4a setmana<\/td>\n<\/tr>\n<tr>\n<td style=\"width: 82px;\">setembre<\/td>\n<td style=\"width: 190px;\"><\/td>\n<td style=\"width: 176px;\"><a href=\"http:\/\/agora.xtec.cat\/iesdeltebre\/wp-content\/uploads\/usu809\/2015\/01\/NORMES-CONVIV\u00c8NCIA.ppt\">\u00a0Normes de conviv\u00e8ncia<\/a><\/p>\n<p><a href=\"http:\/\/agora.xtec.cat\/iesdeltebre\/wp-content\/uploads\/usu809\/2015\/01\/Reuni\u00f3-d\u2019Inici-de-Curs-3r.pptx\">Presentaci\u00f3 d\u2019Inici de Curs 3r<\/a><\/td>\n<td style=\"width: 200px;\">\u00a0<a href=\"http:\/\/www.estamosgrabando.com\/publish\/2\/super-antonio\/\">super Antonio<\/a><\/p>\n<p><a href=\"https:\/\/goo.gl\/forms\/TTUQ4aDcYTFdnUxx2\">Enquesta treball de recerca<\/a><\/p>\n<p>&nbsp;<\/td>\n<td style=\"width: 155px;\">\u00a0<a href=\"http:\/\/agora.xtec.cat\/iesdeltebre\/wp-content\/uploads\/usu809\/2015\/01\/elecci\u00f3-delegats.odt\">elecci\u00f3 delegat\/da subdelegat\/da<\/a><\/td>\n<\/tr>\n<tr>\n<td style=\"width: 82px;\">octubre<\/td>\n<td style=\"width: 190px;\"><a href=\"https:\/\/www.youtube.com\/watch?v=BUUjZduPECY#t=144\">\u00a0 curmetratge Valor de la col\u00b7laboraci\u00f3<\/a><a href=\"http:\/\/agora.xtec.cat\/iesdeltebre\/wp-content\/uploads\/usu809\/2015\/01\/dinamica-de-col\u00b7laboraci\u00f3.doc\">din\u00e0mica de col\u00b7laboraci\u00f3<\/a><\/p>\n<p><a href=\"http:\/\/agora.xtec.cat\/iesdeltebre\/wp-content\/uploads\/usu809\/2015\/01\/guia-pel\u00b7licula.pdf\">Pel\u00b7l\u00edcula buda explot\u00f3 por verg\u00fcenza<\/a><\/p>\n<p>&nbsp;<\/p>\n<p><a href=\"https:\/\/agora.xtec.cat\/iesdeltebre\/wp-content\/uploads\/usu809\/2022\/09\/Pacta-la-senyal-de-paraula.pdf\">Cercle de confian\u00e7a<\/a><\/td>\n<td style=\"width: 176px;\">\u00a0-16 octubre dia internacional de l&#8217;alimentaci\u00f3<\/p>\n<p><a href=\"https:\/\/www.google.es\/url?sa=i&amp;rct=j&amp;q=&amp;esrc=s&amp;source=images&amp;cd=&amp;cad=rja&amp;uact=8&amp;ved=0ahUKEwiRqsOzrPXPAhXGXhoKHaG8BHwQjRwIBw&amp;url=https%3A%2F%2Fca.wikipedia.org%2Fwiki%2FPir%25C3%25A0mide_dels_aliments&amp;psig=AFQjCNGIRqeNPt3EjZdD3kjtqXdlkPxIhA&amp;ust=1477463988884359\">Pir\u00e0mide de l&#8217;alimentaci\u00f3<\/a><\/p>\n<p><a href=\"https:\/\/www.youtube.com\/watch?v=Enielya0h9o\">pel\u00b7l\u00edcula super size me<\/a><\/p>\n<p>&nbsp;<\/p>\n<p>continuaci\u00f3 pel\u00b7l\u00edcula<\/td>\n<td style=\"width: 200px;\">\u00a0continuaci\u00f3 pel\u00b7l\u00edcula<\/p>\n<p><a href=\"http:\/\/agora.xtec.cat\/iesdeltebre\/wp-content\/uploads\/usu809\/2018\/09\/Presentaci\u00f3-projecte-alumnat.pptx\">presentaci\u00f3 projecte aqu\u00edproubullying<\/a><\/td>\n<td style=\"width: 155px;\"><a href=\"https:\/\/www.sinspira.com\/#totajudem\">experi\u00e8ncies professionals en funci\u00f3 dels estudis cursats<\/a><\/td>\n<\/tr>\n<tr>\n<td style=\"width: 82px;\">novembre<\/td>\n<td style=\"width: 190px;\">continuaci\u00f3 presentaci\u00f3 projecte<\/p>\n<p><a href=\"http:\/\/www.ccma.cat\/tv3\/alacarta\/merli\/kierkegaard\/video\/5694535\/\">Cap\u00edtol merl\u00ed cannabis<\/a><\/p>\n<p><a href=\"https:\/\/agora.xtec.cat\/iesdeltebre\/wp-content\/uploads\/usu809\/2020\/11\/dossier-bola.pdf\">dossier bola<\/a><\/td>\n<td style=\"width: 176px;\">\u00a0<a href=\"https:\/\/docs.google.com\/forms\/d\/e\/1FAIpQLSepSq4b2Oxlgc_Rp4Or9hxbZ5zX7A3Ap6KbHtSPzFQ_LRMI_g\/viewform?c=0&amp;w=1\">Enquesta alumnat escoles verdes<\/a><\/p>\n<p><a href=\"https:\/\/docs.google.com\/forms\/d\/e\/1FAIpQLSezefVstjqXRrDj0i1vecX66JmWbWV01dZCuCFfnAwfd7SgbQ\/viewform?usp=sf_link\">Valoraci\u00f3 m\u00f2dul 1 aqu\u00edproubullying<\/a><\/p>\n<p>&nbsp;<\/td>\n<td style=\"width: 200px;\">25\/11 Dia mundial en contra de la viol\u00e8ncia de g\u00e8nere.<\/p>\n<p><a href=\"http:\/\/www.nuriajorba.com\/cat\/index.php\/blog2\/120-les-relacions-t%C3%B2xiques.html\">Article: Les relacions t\u00f2xiques<\/a><\/p>\n<p><a href=\"http:\/\/www.ccma.cat\/tv3\/alacarta\/merli\/merli-freud-capitol-21\/video\/5627618\/\">cap\u00edtol: Merl\u00ed<\/a><\/p>\n<p><a href=\"https:\/\/www.youtube.com\/watch?v=gBXlUxvWQPY\">curmetratge querido papa<\/a><\/p>\n<p><a href=\"https:\/\/agora.xtec.cat\/iesdeltebre\/wp-content\/uploads\/usu809\/2019\/11\/VIOL\u00c8NCIA-VISIBLE-I-VIOL\u00c8NCIA-INVISIBLE.odt\">VIOL\u00c8NCIA VISIBLE I VIOL\u00c8NCIA INVISIBLE<\/a><\/p>\n<p><a href=\"https:\/\/agora.xtec.cat\/iesdeltebre\/wp-content\/uploads\/usu809\/2019\/11\/12-CARTELLS-A3-MICOD-25N.pdf\">12 CARTELLS A3 MICOD 25N<\/a><\/p>\n<p><a href=\"https:\/\/agora.xtec.cat\/iesdeltebre\/wp-content\/uploads\/usu809\/2019\/11\/25-DE-NOVEMBRE-DIA-INTERNACIONAL-CONTRA-LA-VIOLENCIA-DE-GENERE.odt\">25 DE NOVEMBRE DIA INTERNACIONAL CONTRA LA VIOLENCIA DE GENERE<\/a><\/p>\n<p><a href=\"https:\/\/agora.xtec.cat\/iesdeltebre\/wp-content\/uploads\/usu809\/2019\/11\/25-DE-NOVEMBRE-DIA-INTERNACIONAL-CONTRA-LA-VIOLENCIA-DE-GENERE-1.odt\">25 DE NOVEMBRE DIA INTERNACIONAL CONTRA LA VIOLENCIA DE GENERE<\/a><\/p>\n<p><a href=\"https:\/\/agora.xtec.cat\/iesdeltebre\/wp-content\/uploads\/usu809\/2019\/11\/ES-VIOLENCIA-de-g\u00e8nere.odt\">ES VIOLENCIA de g\u00e8nere<\/a><\/p>\n<p><a href=\"https:\/\/agora.xtec.cat\/iesdeltebre\/wp-content\/uploads\/usu809\/2021\/11\/Manifest-25N-2021.pdf\">Manifest-25N-2021<\/a><\/td>\n<td style=\"width: 155px;\">&nbsp;<\/p>\n<p><a href=\"https:\/\/agora.xtec.cat\/iesdeltebre\/wp-content\/uploads\/usu809\/2018\/12\/modul-2-COMPET\u00c8NCIES-SOCIOEMOCIONALS-4teso.pptx\">modul 2 COMPET\u00c8NCIES SOCIOEMOCIONALS 4teso<\/a><\/p>\n<p><a href=\"https:\/\/agora.xtec.cat\/iesdeltebre\/wp-content\/uploads\/usu809\/2019\/11\/DOSSIER-ALUMNAT_PR-Documents-de-Google.pdf\">DOSSIER ALUMNAT_Treball de recerca<\/a><\/p>\n<p>&nbsp;<\/p>\n<p>A qui em crec?<\/p>\n<p><a href=\"https:\/\/agora.xtec.cat\/iesdeltebre\/wp-content\/uploads\/usu809\/2021\/11\/eduCAC_UD3_informacio_A_qui_em_crec.pdf\">eduCAC_UD3_informacio_A_qui_em_crec<\/a><\/td>\n<\/tr>\n<tr>\n<td style=\"width: 82px;\">desembre<\/td>\n<td style=\"width: 190px;\"><a href=\"http:\/\/agora.xtec.cat\/iesdeltebre\/wp-content\/uploads\/usu809\/2015\/01\/Graella-orientaci\u00f3-Curs201415.xls\">graella resum orientaci\u00f3<\/a><\/p>\n<p><a href=\"https:\/\/www.ccma.cat\/tv3\/alacarta\/marato\/video-divulgatiu-de-la-marato-2021-salut-mental\/video\/6121261\/\">La marat\u00f3: salut mental<\/a><\/td>\n<td style=\"width: 176px;\">\u00a0continuaci\u00f3: marat\u00f3 malalties minorit\u00e0ries<\/td>\n<td style=\"width: 200px;\">\u00a0<a href=\"https:\/\/docs.google.com\/forms\/d\/e\/1FAIpQLSeiJspfbuTM1u8mYopyN904Nwt45uOLkHnHHmNGWpbbSRKdBg\/viewform?c=0&amp;w=1\">enquesta: com estudiem?<\/a><\/p>\n<p><a href=\"https:\/\/docs.google.com\/forms\/d\/1rgZs_tJSBKmXY9DKHP7POARkxg1ZvQAy77exB65WlYM\/edit\">Continuaci\u00f3 enquesta<\/a><\/td>\n<td style=\"width: 155px;\"><\/td>\n<\/tr>\n<tr>\n<td style=\"width: 82px;\">gener<\/td>\n<td style=\"width: 190px;\">\u00a0<a href=\"http:\/\/agora.xtec.cat\/iesdeltebre\/wp-content\/uploads\/usu809\/2015\/01\/Aval.Individual-Tutoria-1.doc\">Aval.Individual Tutoria (1)<\/a><\/p>\n<p><a href=\"http:\/\/www.xtec.cat\/~jcruz\/t_estudi\/\">T\u00e8cniques d&#8217;estudi. El meu horari<\/a><\/p>\n<p>&nbsp;<\/p>\n<p><a href=\"https:\/\/agora.xtec.cat\/iesdeltebre\/wp-content\/uploads\/usu809\/2019\/02\/M\u00f2dul-3-GESTI\u00d3-POSITIVA-DELS-CONFLICTES-4tESO.pptx\">m\u00f2dul 3: aqu\u00edproubullying<\/a><\/td>\n<td style=\"width: 176px;\"><a href=\"https:\/\/docs.google.com\/forms\/d\/e\/1FAIpQLSeopREImwYUx9XSigiJKh7JjqDGOAYyAE33Mf69rN0cHFsYBg\/viewform?usp=sf_link\">VALORACI\u00d3 M\u00d2DUL 2 AQU\u00cdPROUBULLYING<\/a><\/p>\n<p><a href=\"http:\/\/agora.xtec.cat\/iesdeltebre\/wp-content\/uploads\/usu809\/2015\/01\/power-orientaci\u00f3.ppt\">power orientaci\u00f3<\/a><\/p>\n<p><a href=\"http:\/\/agora.xtec.cat\/iesdeltebre\/wp-content\/uploads\/usu809\/2015\/01\/xerrada-pares-orientaci\u00f3-16-17.ppt\">presentaci\u00f3 xerrada fam\u00edlies orientaci\u00f3 <\/a><\/td>\n<td style=\"width: 200px;\">&nbsp;<\/p>\n<p>&nbsp;<\/td>\n<td style=\"width: 155px;\">\u00a0<a href=\"http:\/\/agora.xtec.cat\/iesdeltebre\/wp-content\/uploads\/usu809\/2015\/01\/din\u00e0miques-dia-de-la-o-viol\u00e8ncia-i-la-pau-1.docx\">Din\u00e0miques dia de la pau <\/a><a href=\"http:\/\/agora.xtec.cat\/iesdeltebre\/wp-content\/uploads\/usu809\/2015\/01\/gandhi-1.jpg\">Infografia Gandhi<\/a><\/td>\n<\/tr>\n<tr>\n<td style=\"width: 82px;\">febrer<\/td>\n<td style=\"width: 190px;\"><a href=\"https:\/\/docs.google.com\/forms\/d\/1rR7gfIw5TiP4iNFsHiRoZyUnD7usH3lRXeDJTfGgTx8\/edit\">entrevista-inicial-orientaci\u00f3-4t-eso<\/a><\/td>\n<td style=\"width: 176px;\">\u00a0<a href=\"http:\/\/xtec.gencat.cat\/ca\/recursos\/tecinformacio\/internet_segura\/diainternet\/index.html\">internet segura<\/a><\/td>\n<td style=\"width: 200px;\"><a style=\"color: #2795b6;\" href=\"http:\/\/agora.xtec.cat\/iesdeltebre\/wp-content\/uploads\/usu809\/2015\/01\/xerrada-pares-orientaci\u00f3.ppt\">despr\u00e9s de l&#8217;ESO qu\u00e8<\/a><\/p>\n<p><a style=\"color: #2795b6;\" href=\"http:\/\/w28.bcn.cat\/___ch___\/_pit\/_app.php?gAppId=pit&amp;gInterfaceLanguage=ct&amp;gEnvironment=singleWeb\">Q\u00fcestionari interessos professionals<\/a><a style=\"color: #2795b6;\" href=\"http:\/\/agora.xtec.cat\/iesdeltebre\/wp-content\/uploads\/usu809\/2015\/01\/xerrada-pares-orientaci\u00f3.ppt\">?\u00a0<\/a><\/td>\n<td style=\"width: 155px;\">&nbsp;<\/p>\n<p><a href=\"http:\/\/agora.xtec.cat\/iesdeltebre\/wp-content\/uploads\/usu809\/2015\/01\/Tutorial-proves-dacc\u00e8s-1-para-combinar.docx\">CFGM<\/a><a href=\"http:\/\/agora.xtec.cat\/iesdeltebre\/wp-content\/uploads\/usu809\/2015\/01\/Tutorial-proves-dacc\u00e8s-1-para-combinar.docx\">Tutorial proves d&#8217;acc\u00e9s<\/a><\/td>\n<\/tr>\n<tr>\n<td style=\"width: 82px;\">mar\u00e7<\/td>\n<td style=\"width: 190px;\"><a href=\"https:\/\/agora.xtec.cat\/iesdeltebre\/wp-content\/uploads\/usu809\/2020\/02\/infografia-prova-acc\u00e9s-2020.pdf\">infografia-prova-acc\u00e9s 2020<\/a><\/p>\n<p><a href=\"http:\/\/ensenyament.gencat.cat\/ca\/serveis-tramits\/proves\/proves-acces\/gm-fp\/\">http:\/\/ensenyament.gencat.cat\/ca\/serveis-tramits\/proves\/proves-acces\/gm-fp\/<\/a><\/td>\n<td style=\"width: 176px;\"><a href=\"http:\/\/ensenyament.gencat.cat\/ca\/salo-ensenyament\/\">\u00a0Informaci\u00f3 Sal\u00f3 de l&#8217;ensenyament<\/a><\/p>\n<p><a href=\"http:\/\/queestudiar.gencat.cat\/ca\/orientacio\/joves\/informo-ensenyaments\/explora_mapa_destudis\/\">Mapa interactiu ensenyaments a Catalunya<\/a><\/p>\n<p><a href=\"http:\/\/www.xtec.cat\/~mvert2\/espurna\/dona\/indexd.htm\">Dia de la dona<\/a><\/p>\n<p><a href=\"https:\/\/mestralitzat.com\/2017\/03\/04\/el-dia-de-la-dona-recursos-per-treballar-el-sexisme-a-laula\/\">Dia internacional de la dona<\/a><\/p>\n<p><a href=\"https:\/\/docs.google.com\/forms\/d\/e\/1FAIpQLSc7xIWR0b5Jv1epzt1Wpky2HDjy6DfBrd6GFhBf9kVfYA6ADA\/viewform?usp=sf_link\">valoraci\u00f3 m\u00f2dul 3 aqu\u00edproubullying<\/a><\/td>\n<td style=\"width: 200px;\">&nbsp;<\/p>\n<p><a href=\"https:\/\/www.oficinadetreball.gencat.cat\/cloe\/ST\">q\u00fcestioani orientaci\u00f3<\/a><\/p>\n<p><a href=\"https:\/\/agora.xtec.cat\/iesdeltebre\/wp-content\/uploads\/usu809\/2019\/03\/modul-4-detectar-i-aturar-lassetjament-4t-ESOdef.pptx\">modul 4 detectar i aturar l&#8217;assetjament 4t ESOdef<\/a><\/td>\n<td style=\"width: 155px;\"><a href=\"https:\/\/vimeo.com\/20235933\">Educaci\u00f3 intercultural<\/a><\/p>\n<p><a href=\"https:\/\/www.youtube.com\/watch?v=P20pVIcb904\">invisibles<\/a><a href=\"http:\/\/www.welcometomycountry.es\/es\/player?video=25min\">. El pa\u00eds de los refugiados<\/a><\/p>\n<p><a href=\"https:\/\/docs.google.com\/forms\/d\/e\/1FAIpQLScgt0nk_rn3cyPHl0JDBqJJjmF73yq_041Daju7nOEdhdvyhg\/viewform?usp=sf_linkformulari:\">Valoraci\u00f3 m\u00f2dul 4 aqu\u00edproubullying<\/a><\/td>\n<\/tr>\n<tr>\n<td style=\"width: 82px;\">abril<\/td>\n<td style=\"width: 190px;\"><a href=\"https:\/\/www.youtube.com\/watch?v=3HhI1vO_Jxg\">\u00a0dia mundial del s\u00edndrome de down<\/a><\/p>\n<p><a href=\"http:\/\/agora.xtec.cat\/iesdeltebre\/wp-content\/uploads\/usu809\/2018\/09\/M\u00f2dul-5-\u00daS-SEGUR-I-RESPONSABLE-DE-LES-XARXES-4t-ESO.pptm\">m\u00f2dul 5: aqu\u00edproubullying<\/a><\/td>\n<td style=\"width: 176px;\">\u00a0setmana santa<\/td>\n<td style=\"width: 200px;\">\u00a0setmana santa<\/td>\n<td style=\"width: 155px;\"><a href=\"https:\/\/docs.google.com\/forms\/d\/e\/1FAIpQLSdbVr2xXoLq9uw715Bj_kOT_Jv88MYlfWn36Fe31HEEep8Qhw\/viewform?vc=0&amp;c=0&amp;w=1\">Valoraci\u00f3 m\u00f2dul5 aquiproubullying<\/a><\/p>\n<p><a href=\"http:\/\/www.sinspira.com\">experi\u00e8ncies d&#8217;estudiants. Orientaci\u00f3<\/a><\/td>\n<\/tr>\n<tr>\n<td style=\"width: 82px;\">maig<\/td>\n<td style=\"width: 190px;\">\u00a0<a href=\"https:\/\/agora.xtec.cat\/iesdeltebre\/wp-content\/uploads\/usu809\/2019\/05\/M\u00f2dul-6-COM-DETECTAR-I-ATURAR-EL-CIBERASSETJAMENT-4t-ESO.pptx\">m\u00f2dul 6: aqu\u00edproubullying<\/a><\/p>\n<p><a href=\"https:\/\/www.rac1.cat\/programes\/no-ho-se\/20201212\/491014943534\/mirada-estrabica-xiula-canco-diversitat-lluna-rikki-arjuna-no-ho-se-agnes-marques.html\">dia 2. dia mundial contra l&#8217;assetjament escolar. Proposta mirada estr\u00e0bica. Xiula<\/a><\/td>\n<td style=\"width: 176px;\"><a href=\"https:\/\/docs.google.com\/forms\/d\/e\/1FAIpQLSd0oZmUJdopfGoMdNWWbgr6qPZl2VNqnhJkJeIi87o3FFZ8mA\/viewform?vc=0&amp;c=0&amp;w=1\">valoraci\u00f3 m\u00f2dul 6 aqu\u00edproubullying<\/a><\/td>\n<td style=\"width: 200px;\"><\/td>\n<td style=\"width: 155px;\"><\/td>\n<\/tr>\n<tr>\n<td style=\"width: 82px;\">juny<\/td>\n<td style=\"width: 190px;\"><\/td>\n<td style=\"width: 176px;\"><\/td>\n<td style=\"width: 200px;\"><\/td>\n<td style=\"width: 155px;\"><\/td>\n<\/tr>\n<\/tbody>\n<\/table>\n<p>&nbsp;<\/p>\n","protected":false},"excerpt":{"rendered":"<p>&nbsp;<\/p>\n<p>1a setmana<br \/>\n2a setmana<br \/>\n3a setmana<br \/>\n4a setmana<\/p>\n<p>setembre<\/p>\n<p><a href=\"http:\/\/agora.xtec.cat\/iesdeltebre\/wp-content\/uploads\/usu809\/2015\/01\/NORMES-CONVIV\u00c8NCIA.ppt\">\u00a0Normes de conviv\u00e8ncia<\/a><br \/>\n<a href=\"http:\/\/agora.xtec.cat\/iesdeltebre\/wp-content\/uploads\/usu809\/2015\/01\/Reuni\u00f3-d\u2019Inici-de-Curs-3r.pptx\">Presentaci\u00f3 d\u2019Inici de Curs 3r<\/a><br \/>\n\u00a0<a href=\"http:\/\/www.estamosgrabando.com\/publish\/2\/super-antonio\/\">super Antonio<\/a><br \/>\n<a href=\"https:\/\/goo.gl\/forms\/TTUQ4aDcYTFdnUxx2\">Enquesta treball de recerca<\/a><br \/>\n&nbsp;<br \/>\n\u00a0<a href=\"http:\/\/agora.xtec.cat\/iesdeltebre\/wp-content\/uploads\/usu809\/2015\/01\/elecci\u00f3-delegats.odt\">elecci\u00f3 delegat\/da subdelegat\/da<\/a><\/p>\n<p>octubre<br \/>\n<a href=\"https:\/\/www.youtube.com\/watch?v=BUUjZduPECY#t=144\">\u00a0 curmetratge Valor de la col\u00b7laboraci\u00f3<\/a><a href=\"http:\/\/agora.xtec.cat\/iesdeltebre\/wp-content\/uploads\/usu809\/2015\/01\/dinamica-de-col\u00b7laboraci\u00f3.doc\">din\u00e0mica de col\u00b7laboraci\u00f3<\/a><br \/>\n<a href=\"http:\/\/agora.xtec.cat\/iesdeltebre\/wp-content\/uploads\/usu809\/2015\/01\/guia-pel\u00b7licula.pdf\">Pel\u00b7l\u00edcula buda explot\u00f3 por verg\u00fcenza<\/a><br \/>\n&nbsp;<br \/>\n<a href=\"https:\/\/agora.xtec.cat\/iesdeltebre\/wp-content\/uploads\/usu809\/2022\/09\/Pacta-la-senyal-de-paraula.pdf\">Cercle de confian\u00e7a<\/a><br \/>\n\u00a0-16 octubre dia internacional de l&#8217;alimentaci\u00f3<br \/>\n<a href=\"https:\/\/www.google.es\/url?sa=i&amp;rct=j&amp;q=&amp;esrc=s&amp;source=images&amp;cd=&amp;cad=rja&amp;uact=8&amp;ved=0ahUKEwiRqsOzrPXPAhXGXhoKHaG8BHwQjRwIBw&amp;url=https%3A%2F%2Fca.wikipedia.org%2Fwiki%2FPir%25C3%25A0mide_dels_aliments&amp;psig=AFQjCNGIRqeNPt3EjZdD3kjtqXdlkPxIhA&amp;ust=1477463988884359\">Pir\u00e0mide&hellip;  <a href=\"https:\/\/agora.xtec.cat\/iesdeltebre\/tutoria-4rt-eso\/\" title=\"Read Tutoria 4t ESO\">Llegeix m\u00e9s\u00bb<\/a><\/p>\n","protected":false},"author":1,"featured_media":0,"parent":0,"menu_order":0,"comment_status":"closed","ping_status":"closed","template":"","meta":{"_bbp_topic_count":0,"_bbp_reply_count":0,"_bbp_total_topic_count":0,"_bbp_total_reply_count":0,"_bbp_voice_count":0,"_bbp_anonymous_reply_count":0,"_bbp_topic_count_hidden":0,"_bbp_reply_count_hidden":0,"_bbp_forum_subforum_count":0,"footnotes":""},"class_list":["post-476","page","type-page","status-publish","hentry"],"post_mailing_queue_ids":[],"_links":{"self":[{"href":"https:\/\/agora.xtec.cat\/iesdeltebre\/wp-json\/wp\/v2\/pages\/476","targetHints":{"allow":["GET"]}}],"collection":[{"href":"https:\/\/agora.xtec.cat\/iesdeltebre\/wp-json\/wp\/v2\/pages"}],"about":[{"href":"https:\/\/agora.xtec.cat\/iesdeltebre\/wp-json\/wp\/v2\/types\/page"}],"author":[{"embeddable":true,"href":"https:\/\/agora.xtec.cat\/iesdeltebre\/wp-json\/wp\/v2\/users\/1"}],"replies":[{"embeddable":true,"href":"https:\/\/agora.xtec.cat\/iesdeltebre\/wp-json\/wp\/v2\/comments?post=476"}],"version-history":[{"count":4,"href":"https:\/\/agora.xtec.cat\/iesdeltebre\/wp-json\/wp\/v2\/pages\/476\/revisions"}],"predecessor-version":[{"id":19426,"href":"https:\/\/agora.xtec.cat\/iesdeltebre\/wp-json\/wp\/v2\/pages\/476\/revisions\/19426"}],"wp:attachment":[{"href":"https:\/\/agora.xtec.cat\/iesdeltebre\/wp-json\/wp\/v2\/media?parent=476"}],"curies":[{"name":"wp","href":"https:\/\/api.w.org\/{rel}","templated":true}]}}