{"id":19308,"date":"2022-03-31T09:22:43","date_gmt":"2022-03-31T07:22:43","guid":{"rendered":"https:\/\/agora.xtec.cat\/iesdeltebre\/?page_id=19308"},"modified":"2022-03-31T12:11:25","modified_gmt":"2022-03-31T10:11:25","slug":"cicle-formatiu-grau-mitja-de-gestio-administrativa-dual","status":"publish","type":"page","link":"https:\/\/agora.xtec.cat\/iesdeltebre\/fpdual\/cicle-formatiu-grau-mitja-de-gestio-administrativa-dual\/","title":{"rendered":"Cicle formatiu grau mitj\u00e0 de Gesti\u00f3 administrativa DUAL"},"content":{"rendered":"<h4>Descripci\u00f3<\/h4>\n<p>La compet\u00e8ncia general d\u2019aquest t\u00edtol consisteix a realitzar activitats de suport administratiu en l\u2019\u00e0mbit laboral,<br \/>\ncomptable, comercial, financer i fiscal, aix\u00ed com d\u2019atenci\u00f3 al client\/usuari, tant en empreses p\u00fabliques com en<br \/>\nempreses privades, aplicant la normativa vigent i protocols de qualitat, assegurant la satisfacci\u00f3 del client i<br \/>\nactuant segons les normes de prevenci\u00f3 de riscos laborals i de protecci\u00f3 ambiental.<\/p>\n<p>La durada \u00e9s de 2.000 hores (1.600 lectives en el centre educatiu i 350 de pr\u00e0ctiques en un centre de treball) distribu\u00efdes en dos cursos acad\u00e8mics.<\/p>\n<p>L\u2019alumnat pot realitzar pr\u00e0ctiques en empreses estrangeres dins del programa europeu de mobilitat Erasmus+.<\/p>\n<p>&nbsp;<\/p>\n<p><a href=\"https:\/\/agora.xtec.cat\/iesdeltebre\/wp-content\/uploads\/usu809\/2022\/03\/CFPM____AG10_CA.pdf\">CFGM Gesti\u00f3 administrativa<\/a><\/p>\n<p><a href=\"https:\/\/agora.xtec.cat\/iesdeltebre\/wp-content\/uploads\/usu809\/2022\/03\/Triptic-IES-Deltebre-2.pdf\">Tr\u00edptic IES DeltebreCFGM Administratiu<\/a><\/p>\n","protected":false},"excerpt":{"rendered":"<p>Descripci\u00f3<br \/>\nLa compet\u00e8ncia general d\u2019aquest t\u00edtol consisteix a realitzar activitats de suport administratiu en l\u2019\u00e0mbit laboral,<br \/>\ncomptable, comercial, financer i fiscal, aix\u00ed com d\u2019atenci\u00f3 al client\/usuari, tant en empreses p\u00fabliques com en<br \/>\nempreses privades, aplicant la normativa vigent i protocols de qualitat, assegurant la satisfacci\u00f3 del client i<br \/>\nactuant&hellip;  <a href=\"https:\/\/agora.xtec.cat\/iesdeltebre\/fpdual\/cicle-formatiu-grau-mitja-de-gestio-administrativa-dual\/\" title=\"Read Cicle formatiu grau mitj\u00e0 de Gesti\u00f3 administrativa DUAL\">Llegeix m\u00e9s\u00bb<\/a><\/p>\n","protected":false},"author":146,"featured_media":0,"parent":16539,"menu_order":0,"comment_status":"closed","ping_status":"closed","template":"","meta":{"_bbp_topic_count":0,"_bbp_reply_count":0,"_bbp_total_topic_count":0,"_bbp_total_reply_count":0,"_bbp_voice_count":0,"_bbp_anonymous_reply_count":0,"_bbp_topic_count_hidden":0,"_bbp_reply_count_hidden":0,"_bbp_forum_subforum_count":0,"footnotes":""},"class_list":["post-19308","page","type-page","status-publish","hentry"],"post_mailing_queue_ids":[],"_links":{"self":[{"href":"https:\/\/agora.xtec.cat\/iesdeltebre\/wp-json\/wp\/v2\/pages\/19308","targetHints":{"allow":["GET"]}}],"collection":[{"href":"https:\/\/agora.xtec.cat\/iesdeltebre\/wp-json\/wp\/v2\/pages"}],"about":[{"href":"https:\/\/agora.xtec.cat\/iesdeltebre\/wp-json\/wp\/v2\/types\/page"}],"author":[{"embeddable":true,"href":"https:\/\/agora.xtec.cat\/iesdeltebre\/wp-json\/wp\/v2\/users\/146"}],"replies":[{"embeddable":true,"href":"https:\/\/agora.xtec.cat\/iesdeltebre\/wp-json\/wp\/v2\/comments?post=19308"}],"version-history":[{"count":3,"href":"https:\/\/agora.xtec.cat\/iesdeltebre\/wp-json\/wp\/v2\/pages\/19308\/revisions"}],"predecessor-version":[{"id":19326,"href":"https:\/\/agora.xtec.cat\/iesdeltebre\/wp-json\/wp\/v2\/pages\/19308\/revisions\/19326"}],"up":[{"embeddable":true,"href":"https:\/\/agora.xtec.cat\/iesdeltebre\/wp-json\/wp\/v2\/pages\/16539"}],"wp:attachment":[{"href":"https:\/\/agora.xtec.cat\/iesdeltebre\/wp-json\/wp\/v2\/media?parent=19308"}],"curies":[{"name":"wp","href":"https:\/\/api.w.org\/{rel}","templated":true}]}}