{"id":19030,"date":"2019-03-22T09:11:44","date_gmt":"2019-03-22T08:11:44","guid":{"rendered":"http:\/\/projectes.xtec.cat\/programacioirobotica\/?page_id=19030"},"modified":"2019-03-22T09:11:44","modified_gmt":"2019-03-22T08:11:44","slug":"sessio-7-una-cursa-molt-divertida-nou-m5","status":"publish","type":"page","link":"https:\/\/agora.xtec.cat\/iesdeltebre\/curs-scratch\/modul-5-scratch-viu-i-en-directe-scratch-3-0\/sessio-7-una-cursa-molt-divertida-nou-m5\/","title":{"rendered":"Sessi\u00f3 7. Una cursa molt divertida"},"content":{"rendered":"<h2>Pla de treball<\/h2>\n<div style=\"padding-left: 50px;\">\n<ul>\n<li>El contrarellotge.<\/li>\n<li>La puntuaci\u00f3.<\/li>\n<\/ul>\n<\/div>\n<hr \/>\n\n<hr \/>\n<h2>Una cursa molt divertida<\/h2>\n<p>Aquest joc mesurar\u00e0 la vostra habilitat amb els vostres amics i us divertireu molt.<\/p>\n<p><img loading=\"lazy\" decoding=\"async\" class=\"wp-image-15710 aligncenter\" src=\"http:\/\/projectes.xtec.cat\/programacioirobotica\/wp-content\/uploads\/usu604\/2018\/04\/m5s7jh3.png\" alt=\"\" width=\"503\" height=\"341\" \/><\/p>\n<p>Es tracta d&#8217;una cursa molt divertida. Haureu d&#8217;aconseguir arribar al final del circuit que dissenyeu sense tocar-lo i\u00a0qui arribi primer al final\u00a0guanya la partida. Aix\u00f2 s\u00ed, les errades estan permeses, el comptador de puntuaci\u00f3 programat les recollir\u00e0 i al final de la partida qui tens menys punts \u00e9s el campi\u00f3.<\/p>\n<p>Constru\u00efm el joc pensant el disseny, les connexions i la programaci\u00f3.<\/p>\n<p><img decoding=\"async\" class=\"alignnone\" src=\"http:\/\/projectes.xtec.cat\/programacioirobotica\/wp-content\/uploads\/usu604\/2017\/06\/scratch-icona_tasques.png\" alt=\"Icona tasques\" width=\"32\" \/><strong>Fem-ho pas a pas<\/strong><\/p>\n<div style=\"padding-left: 50px;\">\n<ul>\n<li><strong>Els materials<\/strong>:\n<ul>\n<li>Un tros de cartr\u00f3 per fer la base del joc.<\/li>\n<li>Dos penjarrobes met\u00e0l\u00b7lics per fer el circuit.<\/li>\n<li>Cinta a\u00efllant de diferents colors.<\/li>\n<li>Paper d&#8217;alumini.<\/li>\n<li>Placa de coure<\/li>\n<li>La placa makey-makey i tots els seus components.<\/li>\n<\/ul>\n<\/li>\n<li><strong>\u00a0El disseny de la base del joc<\/strong>: Penseu quin circuit voleu fer per jugar. Nosaltres us hem preparat aquest.<\/li>\n<\/ul>\n<p><img loading=\"lazy\" decoding=\"async\" class=\"wp-image-15711 aligncenter\" src=\"http:\/\/projectes.xtec.cat\/programacioirobotica\/wp-content\/uploads\/usu604\/2018\/04\/m5s7jh4.png\" alt=\"\" width=\"616\" height=\"342\" \/><\/p>\n<ul>\n<li><strong>Les peces per jugar<\/strong>: Heu de preparar tamb\u00e9 les peces que haureu de passar sense tocar el circuit. Aquestes peces han de ser met\u00e0l\u00b7liques o b\u00e9 recobertes de paper d&#8217;alumini per intensificar la conducci\u00f3.<\/li>\n<\/ul>\n<p><img loading=\"lazy\" decoding=\"async\" class=\"wp-image-15712 aligncenter\" src=\"http:\/\/projectes.xtec.cat\/programacioirobotica\/wp-content\/uploads\/usu604\/2018\/04\/m5s76.png\" alt=\"\" width=\"236\" height=\"477\" \/><\/p>\n<p><img loading=\"lazy\" decoding=\"async\" class=\"alignnone wp-image-15714\" src=\"http:\/\/projectes.xtec.cat\/programacioirobotica\/wp-content\/uploads\/usu604\/2018\/04\/m5s7jh.png\" alt=\"\" width=\"378\" height=\"343\" \/> <img loading=\"lazy\" decoding=\"async\" class=\"alignnone wp-image-15715\" src=\"http:\/\/projectes.xtec.cat\/programacioirobotica\/wp-content\/uploads\/usu604\/2018\/04\/m5s7jh2.png\" alt=\"\" width=\"333\" height=\"344\" \/><\/p>\n<ul>\n<li><strong>La programaci\u00f3<\/strong><\/li>\n<\/ul>\n<p>Necessitarem pel nostre joc:<\/p>\n<ul>\n<li>Crear la variable <strong>time<\/strong>. Li assignarem el valor 60 (els segons que t\u00e9 un minut) i es convertir\u00e0 en un marcador que visualitzar\u00e0 el contrarellotge d&#8217;un minut de temps que donem per resoldre la partida.<\/li>\n<li>Quan el temps s&#8217;acaba, escoltarem un missatge que indicar\u00e0 si guanya el jugador 1, si guanya el jugador 2 o si han quedat empatats.<\/li>\n<\/ul>\n<p><img loading=\"lazy\" decoding=\"async\" class=\"alignnone wp-image-19094\" src=\"https:\/\/projectes.xtec.cat\/programacioirobotica\/wp-content\/uploads\/usu604\/2019\/03\/s7m5rebi1.png\" alt=\"\" width=\"230\" height=\"94\" \/> <img loading=\"lazy\" decoding=\"async\" class=\"alignnone wp-image-19095\" src=\"https:\/\/projectes.xtec.cat\/programacioirobotica\/wp-content\/uploads\/usu604\/2019\/03\/s7m5rebi2.png\" alt=\"\" width=\"315\" height=\"97\" \/> <img loading=\"lazy\" decoding=\"async\" class=\"alignnone size-large wp-image-19096\" src=\"https:\/\/projectes.xtec.cat\/programacioirobotica\/wp-content\/uploads\/usu604\/2019\/03\/s7m5rebi3.png\" alt=\"\" width=\"368\" height=\"118\" \/><\/p>\n<p>Aquests missatges pr\u00e8viament els hem escrit per despr\u00e9s poder enviar-los i rebre&#8217;ls.<\/p>\n<p><img loading=\"lazy\" decoding=\"async\" class=\"alignnone size-full wp-image-19174\" src=\"https:\/\/projectes.xtec.cat\/programacioirobotica\/wp-content\/uploads\/usu604\/2019\/03\/s7m5missatges-1.png\" alt=\"\" width=\"282\" height=\"207\" \/> <img loading=\"lazy\" decoding=\"async\" class=\"alignnone size-large wp-image-19175\" src=\"https:\/\/projectes.xtec.cat\/programacioirobotica\/wp-content\/uploads\/usu604\/2019\/03\/s7m5missatges2.png\" alt=\"\" width=\"320\" height=\"291\" \/><\/p>\n<ul>\n<li>Cada jugador t\u00e9 assignada una fletxa de control (fletxa dreta i fletxa esquerra) per tancar el circuit a la placa makey-makey i detectar els tocs que fa al circuit. Cada vegada que un dels jugadors toqui el circuit, s&#8217;escoltar\u00e0 un so, diferent per a cadascun, avisant de l&#8217;errada.<\/li>\n<\/ul>\n<p><img loading=\"lazy\" decoding=\"async\" class=\"alignnone size-full wp-image-19152\" src=\"https:\/\/projectes.xtec.cat\/programacioirobotica\/wp-content\/uploads\/usu604\/2019\/03\/s7m5so1.png\" alt=\"\" width=\"235\" height=\"151\" \/> <img loading=\"lazy\" decoding=\"async\" class=\"alignnone size-large wp-image-19153\" src=\"https:\/\/projectes.xtec.cat\/programacioirobotica\/wp-content\/uploads\/usu604\/2019\/03\/s7m5so2.png\" alt=\"\" width=\"224\" height=\"152\" \/><\/p>\n<ul>\n<li>Crear les variables <strong>jugador1xocs i jugador2xocs.\u00a0<\/strong>S&#8217;afegir\u00e0 un marcador pel jugador 1 i un altre pel jugador 2 que recullir\u00e0n els xocs contra el circuit. Cada vegada que un jugador xoqui amb el circuit sumar\u00e0 un punt al seu marcador i servir\u00e0 per recollir les errades de cada un.<\/li>\n<\/ul>\n<p><img loading=\"lazy\" decoding=\"async\" class=\"alignnone size-full wp-image-19159\" src=\"https:\/\/projectes.xtec.cat\/programacioirobotica\/wp-content\/uploads\/usu604\/2019\/03\/s7m5puntuaciojugador2.png\" alt=\"\" width=\"286\" height=\"160\" \/> <img loading=\"lazy\" decoding=\"async\" class=\"alignnone size-large wp-image-19160\" src=\"https:\/\/projectes.xtec.cat\/programacioirobotica\/wp-content\/uploads\/usu604\/2019\/03\/s7m5puntuaciojugador1.png\" alt=\"\" width=\"301\" height=\"145\" \/><\/p>\n<ul>\n<li>O tamb\u00e9:<\/li>\n<\/ul>\n<p><img loading=\"lazy\" decoding=\"async\" class=\"alignnone size-full wp-image-19106\" src=\"https:\/\/projectes.xtec.cat\/programacioirobotica\/wp-content\/uploads\/usu604\/2019\/03\/s7m5augmentajugadorxoc1.png\" alt=\"\" width=\"239\" height=\"94\" \/><img loading=\"lazy\" decoding=\"async\" class=\"alignnone size-full wp-image-19167\" src=\"https:\/\/projectes.xtec.cat\/programacioirobotica\/wp-content\/uploads\/usu604\/2019\/03\/s7m5augmentajugadorxoc2-1.png\" alt=\"\" width=\"217\" height=\"94\" \/><\/p>\n<ul>\n<li>La programaci\u00f3 finalment:<\/li>\n<\/ul>\n<p><img loading=\"lazy\" decoding=\"async\" class=\"alignnone size-full wp-image-19162\" src=\"https:\/\/projectes.xtec.cat\/programacioirobotica\/wp-content\/uploads\/usu604\/2019\/03\/s7m5blocprogramacio.png\" alt=\"\" width=\"309\" height=\"653\" \/><\/p>\n<p>&nbsp;<\/p>\n<ul>\n<li>Us deixem l&#8217;enlla\u00e7 al joc<a href=\"https:\/\/scratch.mit.edu\/projects\/79965166\/\"> una cursa mooooolt divertida<\/a><\/li>\n<\/ul>\n<\/div>\n<hr \/>\n<p><img decoding=\"async\" class=\"alignnone\" src=\"http:\/\/projectes.xtec.cat\/programacioirobotica\/wp-content\/uploads\/usu604\/2017\/06\/scratch-icona_repte.png\" alt=\"Icona repte\" width=\"32\" \/><img decoding=\"async\" class=\"alignnone\" src=\"http:\/\/projectes.xtec.cat\/programacioirobotica\/wp-content\/uploads\/usu604\/2017\/06\/scratch-repte1.png\" alt=\"Repte 1\" width=\"100\" \/><\/p>\n<p>Obriu un nou projecte i l&#8217;anomeneu<strong> m5repte71<\/strong>. \u00a0Podeu fer que quan un dels dos jugadors cometi cinc errades finalitzi el joc?.<\/p>\n<p><img decoding=\"async\" class=\"alignnone\" src=\"http:\/\/projectes.xtec.cat\/programacioirobotica\/wp-content\/uploads\/usu604\/2017\/06\/scratch-icona_pista.png\" alt=\"Icona pista\" width=\"24\" \/>\u00a0Pista: Augmenta el valor en -1.<\/p>\n<hr \/>\n<h2>Fem la carta<\/h2>\n<p>Omple la carta amb les dades del projecte que has creat. Anomeneu la carta\u00a0<strong>m5carta71 .\u00a0<\/strong>Les cartes poden ser de contingut general de tot el projecte que heu desenvolupat o b\u00e9 recollir una part que considereu destacable. Aix\u00ed, poden referir-se a: personatges, categories emprades \u2026<\/p>\n<p>Una\u00a0<a href=\"http:\/\/projectes.xtec.cat\/programacioirobotica\/curs-scratch-primaria\/modul-4\/m4-sessio9\/\">carta<\/a>\u00a0\u00e9s un canvas dividit en diferents apartats:<\/p>\n<div>\n<ul>\n<li>La\u00a0<strong>cap\u00e7alera de la carta\u00a0<\/strong>ens informa del t\u00edtol i el nivell a qui l\u2019adreceu.<\/li>\n<li>El\u00a0<strong>cos de la carta<\/strong>\u00a0es divideix en les seg\u00fcents parts:\n<ol>\n<li>El\u00a0<strong>qu\u00e8<\/strong>: espai que, mitjan\u00e7ant una breu explicaci\u00f3, recull el resum del vostre projecte.<\/li>\n<li>La\u00a0<strong>programaci\u00f3<\/strong>: espai que reculls els blocs i les categories treballades.<\/li>\n<li>La\u00a0<strong>imatge<\/strong>:<strong>\u00a0<\/strong>espai per posar una foto del projecte.<\/li>\n<li>La\u00a0<strong>URL<\/strong>: espai per deixar la refer\u00e8ncia del vostre projecte.<\/li>\n<li>Els\u00a0<strong>punts febles i forts<\/strong>:<strong>\u00a0<\/strong>espai per recollir les millores qu\u00e8 o, b\u00e9 proposeu des del grup, o fan els companys\/es.<\/li>\n<li>L\u2019<strong>autoria<\/strong>: espai que recull qui l\u2019ha fet.<\/li>\n<\/ol>\n<\/li>\n<\/ul>\n<\/div>\n<h2>\u00a0<img loading=\"lazy\" decoding=\"async\" class=\"alignnone wp-image-15113\" src=\"http:\/\/projectes.xtec.cat\/programacioirobotica\/wp-content\/uploads\/usu604\/2018\/04\/IMG-6983-1024x595.jpg\" alt=\"\" width=\"521\" height=\"303\" \/><\/h2>\n<hr \/>\n<p><img decoding=\"async\" class=\"alignnone\" src=\"http:\/\/projectes.xtec.cat\/programacioirobotica\/wp-content\/uploads\/usu604\/2017\/06\/scratch-icona_projecte2.png\" alt=\"Icona projecte\" width=\"32\" \/>\u00a0\u00a0<strong>El nostre projecte creix&#8230;<\/strong><\/p>\n<p>En aquesta sessi\u00f3 donem resposta a la possibilitat d\u2019incorporar un joc d&#8217;habilitat motriu, una cursa divertida on el temps us posa nerviosos i els comptadors recullen les errades. Penseu si us interessa afegir la proposta al vostre GameOver.<\/p>\n<p>D&#8217;aqu\u00ed podeu treure idees per fer els circuits i les connexions a les plaques makey-makey interactives.<\/p>\n<p>Continueu construint el\u00a0<strong>document de text\u00a0<\/strong>que\u00a0defineix i serveix per replantejar-vos el vostre joc GameOver i\u00a0continueu pensant com connectar els objectes amb la placa makey-makey.<\/p>\n<hr \/>\n<p><img decoding=\"async\" class=\"alignnone\" src=\"http:\/\/projectes.xtec.cat\/programacioirobotica\/wp-content\/uploads\/usu604\/2017\/06\/scratch-icona_glosari.png\" alt=\"Icona glosari\" width=\"32\" \/>\u00a0\u00a0<strong>Com que som programadors i programadores parlem de&#8230;<\/strong><\/p>\n<div style=\"padding-left: 50px;\">\n<ul>\n<li><b>Operadors:<\/b>\u00a0bloc que cont\u00e9 les accions que ens permeten realitzar operacions, aproximacions, unions, exclusions, nombres a l\u2019atzar\u2026<\/li>\n<\/ul>\n<\/div>\n","protected":false},"excerpt":{"rendered":"<p>Pla de treball<\/p>\n<ul>\n<li>El contrarellotge.<\/li>\n<li>La puntuaci\u00f3.<\/li>\n<\/ul>\n<p>Una cursa molt divertida<br \/>\nAquest joc mesurar\u00e0 la vostra habilitat amb els vostres amics i us divertireu molt.<\/p>\n<p>Es tracta d&#8217;una cursa molt divertida. Haureu d&#8217;aconseguir arribar al final del circuit que dissenyeu sense tocar-lo i\u00a0qui arribi primer al final\u00a0guanya la partida. Aix\u00f2&hellip;  <a href=\"https:\/\/agora.xtec.cat\/iesdeltebre\/curs-scratch\/modul-5-scratch-viu-i-en-directe-scratch-3-0\/sessio-7-una-cursa-molt-divertida-nou-m5\/\" title=\"Read Sessi\u00f3 7. Una cursa molt divertida\">Llegeix m\u00e9s\u00bb<\/a><\/p>\n","protected":false},"author":1,"featured_media":0,"parent":19016,"menu_order":10,"comment_status":"closed","ping_status":"closed","template":"page-templates\/side-menu.php","meta":{"_bbp_topic_count":0,"_bbp_reply_count":0,"_bbp_total_topic_count":0,"_bbp_total_reply_count":0,"_bbp_voice_count":0,"_bbp_anonymous_reply_count":0,"_bbp_topic_count_hidden":0,"_bbp_reply_count_hidden":0,"_bbp_forum_subforum_count":0,"footnotes":""},"class_list":["post-19030","page","type-page","status-publish","hentry"],"post_mailing_queue_ids":[],"_links":{"self":[{"href":"https:\/\/agora.xtec.cat\/iesdeltebre\/wp-json\/wp\/v2\/pages\/19030","targetHints":{"allow":["GET"]}}],"collection":[{"href":"https:\/\/agora.xtec.cat\/iesdeltebre\/wp-json\/wp\/v2\/pages"}],"about":[{"href":"https:\/\/agora.xtec.cat\/iesdeltebre\/wp-json\/wp\/v2\/types\/page"}],"author":[{"embeddable":true,"href":"https:\/\/agora.xtec.cat\/iesdeltebre\/wp-json\/wp\/v2\/users\/1"}],"replies":[{"embeddable":true,"href":"https:\/\/agora.xtec.cat\/iesdeltebre\/wp-json\/wp\/v2\/comments?post=19030"}],"version-history":[{"count":0,"href":"https:\/\/agora.xtec.cat\/iesdeltebre\/wp-json\/wp\/v2\/pages\/19030\/revisions"}],"up":[{"embeddable":true,"href":"https:\/\/agora.xtec.cat\/iesdeltebre\/wp-json\/wp\/v2\/pages\/19016"}],"wp:attachment":[{"href":"https:\/\/agora.xtec.cat\/iesdeltebre\/wp-json\/wp\/v2\/media?parent=19030"}],"curies":[{"name":"wp","href":"https:\/\/api.w.org\/{rel}","templated":true}]}}