{"id":19016,"date":"2019-03-22T09:03:37","date_gmt":"2019-03-22T08:03:37","guid":{"rendered":"http:\/\/projectes.xtec.cat\/programacioirobotica\/?page_id=19016"},"modified":"2021-03-08T14:22:35","modified_gmt":"2021-03-08T13:22:35","slug":"modul-5-scratch-viu-i-en-directe-scratch-3-0","status":"publish","type":"page","link":"https:\/\/agora.xtec.cat\/iesdeltebre\/curs-scratch\/modul-5-scratch-viu-i-en-directe-scratch-3-0\/","title":{"rendered":"M\u00f2dul 5. Scratch viu i en directe (Scratch 3.0)"},"content":{"rendered":"<p>En aquest m\u00f2dul 5 trobareu alguns canvis en l&#8217;organitzaci\u00f3, la planificaci\u00f3 i la metodologia respecte als m\u00f2duls anteriors.\u00a0Farem un pas m\u00e9s i aconseguirem que els programes surtin de la pantalla i els puguem controlar mitjan\u00e7ant objectes reals, fent \u00fas de plaques anomenades makey-makey.<\/p>\n<p>El projecte final es diu Gameover i \u00e9s una barreja de diferents jocs programables que trobareu explicats a les diferents sessions. Vosaltres triareu quins integrareu al vostre repte.<\/p>\n<p>Tamb\u00e9 podeu, com als m\u00f2duls anteriors, trobar\u00a0refer\u00e8ncies i enlla\u00e7os a funcions treballades a d\u2019altres sessions dels m\u00f2duls anteriors. D\u2019aquesta forma podeu consultar aquells punts en concret que us puguin donar una empenta all\u00e0 on us atureu.\u00a0Al final del m\u00f2dul teniu m\u00e9s temps per revisar, comprovar i modificar el vostre Gameover. Comproveu que funcioni i quines regles de joc voleu incorporar i aix\u00ed refinar el projecte final.<\/p>\n<p>Al llarg de les sessions tamb\u00e9 us demanem que feu cartes recollint les construccions de les propostes i les programacions.<\/p>\n<table style=\"height: 325px; width: 795px;\">\n<tbody>\n<tr>\n<td style=\"width: 122px;\">SESSi\u00d3<\/td>\n<td style=\"width: 276px;\">PLANS DE TREBALL<\/td>\n<td style=\"width: 382px;\">ACTIVITATS<\/td>\n<\/tr>\n<tr>\n<td style=\"width: 122px;\">Sessi\u00f3 1<\/p>\n<p><span style=\"font-weight: 400;\">Scratch surt de la pantalla<\/span><\/td>\n<td style=\"width: 276px;\"><span style=\"font-weight: 400;\">Plantejament del projecte del m\u00f2dul<\/span><\/p>\n<p><span style=\"font-weight: 400;\">Organitzaci\u00f3 dels grups<\/span><\/td>\n<td style=\"width: 382px;\">\n<ul>\n<li><span style=\"font-weight: 400;\">Document de text explicatiu sobre el projecte final. A completar al llarg de tot el m\u00f2dul.<\/span><\/li>\n<\/ul>\n<\/td>\n<\/tr>\n<tr>\n<td style=\"width: 122px;\">Sessi\u00f3 2<\/p>\n<p><span style=\"font-weight: 400;\">La base de les plaques: els circuits el\u00e8ctrics<\/span><\/td>\n<td style=\"width: 276px;\"><span style=\"font-weight: 400;\">El circuit el\u00e8ctric. Els seus components<\/span><\/p>\n<p><span style=\"font-weight: 400;\">El circuit tancat i\/o obert. Els interruptors i els polsadors<\/span><\/td>\n<td style=\"width: 382px;\">\n<ul>\n<li style=\"font-weight: 400;\"><span style=\"font-weight: 400;\">Muntatge de circuits<\/span><\/li>\n<li style=\"font-weight: 400;\"><span style=\"font-weight: 400;\">Experimentaci\u00f3 amb materials conductors i a\u00efllants de l\u2019electricitat<\/span><\/li>\n<\/ul>\n<\/td>\n<\/tr>\n<tr>\n<td style=\"width: 122px;\">Sessi\u00f3 3<\/p>\n<p><span style=\"font-weight: 400;\">La placa makey-makey. Fem els nostres instruments i la nostra orquestra<\/span><\/td>\n<td style=\"width: 276px;\"><span style=\"font-weight: 400;\">Presentaci\u00f3 i explicaci\u00f3 del funcionament de les plaques makey-makey<\/span><\/p>\n<p><span style=\"font-weight: 400;\">Creaci\u00f3 d\u2019instruments musicals<\/span><\/td>\n<td style=\"width: 382px;\">\n<ul>\n<li style=\"font-weight: 400;\"><span style=\"font-weight: 400;\">Construcci\u00f3 d\u2019un piano<\/span><\/li>\n<li style=\"font-weight: 400;\"><span style=\"font-weight: 400;\">Construcci\u00f3 d\u2019una orquestra de tres instruments<\/span><\/li>\n<li style=\"font-weight: 400;\"><span style=\"font-weight: 400;\">Carta de les activitats<\/span><\/li>\n<\/ul>\n<\/td>\n<\/tr>\n<tr>\n<td style=\"width: 122px;\">Sessi\u00f3 4<\/p>\n<p><span style=\"font-weight: 400;\">Crear hist\u00f2ries interactives amb plaques makey-makey<\/span><\/td>\n<td style=\"width: 276px;\"><span style=\"font-weight: 400;\">Les plaques makey-makey i els jocs ling\u00fc\u00edstics<\/span><\/p>\n<p><span style=\"font-weight: 400;\">Fem una hist\u00f2ria<\/span><\/p>\n<p><span style=\"font-weight: 400;\">Di\u00e0leg entre personatges<\/span><\/td>\n<td style=\"width: 382px;\">\n<ul>\n<li style=\"font-weight: 400;\"><span style=\"font-weight: 400;\">Hist\u00f2ria amb \u00e0udios interactiva<\/span><\/li>\n<li style=\"font-weight: 400;\"><span style=\"font-weight: 400;\">Carta de l\u2019activitat<\/span><\/li>\n<\/ul>\n<\/td>\n<\/tr>\n<tr>\n<td style=\"width: 122px;\">Sessi\u00f3 5<\/p>\n<p><span style=\"font-weight: 400;\">Un joc molt mogut<\/span><\/td>\n<td style=\"width: 276px;\"><span style=\"font-weight: 400;\">Les seq\u00fc\u00e8ncies<\/span><\/p>\n<p><span style=\"font-weight: 400;\">La velocitat de reproducci\u00f3<\/span><\/td>\n<td style=\"width: 382px;\">\n<ul>\n<li style=\"font-weight: 400;\"><span style=\"font-weight: 400;\">Construcci\u00f3 del tauler i creaci\u00f3 del circuit el\u00e8ctric<\/span><\/li>\n<li style=\"font-weight: 400;\"><span style=\"font-weight: 400;\">Programaci\u00f3 de la seq\u00fc\u00e8ncia<\/span><\/li>\n<li style=\"font-weight: 400;\"><span style=\"font-weight: 400;\">Control de la velocitat de reproducci\u00f3 de la seq\u00fc\u00e8ncia<\/span><\/li>\n<li style=\"font-weight: 400;\"><span style=\"font-weight: 400;\">Carta de l\u2019activitat<\/span><\/li>\n<\/ul>\n<\/td>\n<\/tr>\n<tr>\n<td style=\"width: 122px;\">Sessi\u00f3 6<\/p>\n<p><span style=\"font-weight: 400;\">Un panell informatiu per a la Jornada de portes Obertes<\/span><\/td>\n<td style=\"width: 276px;\"><span style=\"font-weight: 400;\">Dissenyar i crear un giny informatiu de l\u2019organitzaci\u00f3 i de les activitats de l\u2019escola<\/span><\/p>\n<p><span style=\"font-weight: 400;\">Creaci\u00f3 de la informaci\u00f3 que es mostrar\u00e0 a l&#8217;interactuar amb el panell<\/span><\/td>\n<td style=\"width: 382px;\">\n<ul>\n<li style=\"font-weight: 400;\"><span style=\"font-weight: 400;\">Creaci\u00f3 del tauler del panell informatiu: punts d\u2019inter\u00e8s i construcci\u00f3 del circuit el\u00e8ctric<\/span><\/li>\n<li style=\"font-weight: 400;\"><span style=\"font-weight: 400;\">Gravaci\u00f3 dels \u00e0udios, fotografies i missatges escrits<\/span><\/li>\n<li style=\"font-weight: 400;\"><span style=\"font-weight: 400;\">Programaci\u00f3 del panell<\/span><\/li>\n<li style=\"font-weight: 400;\"><span style=\"font-weight: 400;\">Carta de l\u2019activitat<\/span><\/li>\n<\/ul>\n<\/td>\n<\/tr>\n<tr>\n<td style=\"width: 122px;\">Sessi\u00f3 7<\/p>\n<p><span style=\"font-weight: 400;\">Una cursa molt divertida<\/span><\/td>\n<td style=\"width: 276px;\"><span style=\"font-weight: 400;\">El contrarellotge<\/span><\/p>\n<p><span style=\"font-weight: 400;\">La puntuaci\u00f3<\/span><\/td>\n<td style=\"width: 382px;\">\n<ul>\n<li style=\"font-weight: 400;\"><span style=\"font-weight: 400;\">Programaci\u00f3 del joc<\/span><\/li>\n<li style=\"font-weight: 400;\"><span style=\"font-weight: 400;\">Control del final del joc<\/span><\/li>\n<li style=\"font-weight: 400;\"><span style=\"font-weight: 400;\">Contrarellotge<\/span><\/li>\n<li style=\"font-weight: 400;\"><span style=\"font-weight: 400;\">Carta de l\u2019activitat<\/span><\/li>\n<\/ul>\n<\/td>\n<\/tr>\n<tr>\n<td style=\"width: 122px;\">Sessi\u00f3 8<\/p>\n<p><span style=\"font-weight: 400;\">Jocs del m\u00f3n<\/span><\/td>\n<td style=\"width: 276px;\"><span style=\"font-weight: 400;\">La barreja de jocs<\/span><\/p>\n<p><span style=\"font-weight: 400;\">Jocs d\u2019arreu del m\u00f3n<\/span><\/td>\n<td style=\"width: 382px;\">\n<ul>\n<li style=\"font-weight: 400;\"><span style=\"font-weight: 400;\">Disseny i creaci\u00f3 del tauler de joc<\/span><\/li>\n<li style=\"font-weight: 400;\"><span style=\"font-weight: 400;\">Muntatge del circuit i connexi\u00f3 amb la placa makey-makey<\/span><\/li>\n<li style=\"font-weight: 400;\"><span style=\"font-weight: 400;\">Control de la puntuaci\u00f3<\/span><\/li>\n<li style=\"font-weight: 400;\"><span style=\"font-weight: 400;\">Contrarellotge<\/span><\/li>\n<li style=\"font-weight: 400;\"><span style=\"font-weight: 400;\">Carta de l\u2019activitat<\/span><\/li>\n<\/ul>\n<\/td>\n<\/tr>\n<tr>\n<td style=\"width: 122px;\">Sessi\u00f3 9<\/p>\n<p><span style=\"font-weight: 400;\">Construcci\u00f3 del tauler i dels circuits del vostre GameOver<\/span><\/td>\n<td style=\"width: 276px;\"><span style=\"font-weight: 400;\">Tria de les propostes que integraran el vostre projecte<\/span><\/p>\n<p><span style=\"font-weight: 400;\">Disseny i construcci\u00f3 del tauler<\/span><\/p>\n<p><span style=\"font-weight: 400;\">Disseny i construcci\u00f3 del circuit el\u00e8ctric<\/span><\/td>\n<td style=\"width: 382px;\">\n<ul>\n<li style=\"font-weight: 400;\"><span style=\"font-weight: 400;\">Disseny i construcci\u00f3 del tauler del joc<\/span><\/li>\n<li style=\"font-weight: 400;\"><span style=\"font-weight: 400;\">Disseny i construcci\u00f3 del circuit el\u00e8ctric<\/span><\/li>\n<\/ul>\n<\/td>\n<\/tr>\n<tr>\n<td style=\"width: 122px;\">Sessi\u00f3 10<\/p>\n<p><span style=\"font-weight: 400;\">Programaci\u00f3 i instruccions del vostre GameOver<\/span><\/td>\n<td style=\"width: 276px;\"><span style=\"font-weight: 400;\">Programaci\u00f3 del projecte<\/span><\/p>\n<p><span style=\"font-weight: 400;\">Verificaci\u00f3 del funcionament dels circuits<\/span><\/td>\n<td style=\"width: 382px;\">\n<ul>\n<li style=\"font-weight: 400;\"><span style=\"font-weight: 400;\">Programaci\u00f3 del projecte<\/span><\/li>\n<li style=\"font-weight: 400;\"><span style=\"font-weight: 400;\">Comprovaci\u00f3 dels circuits el\u00e8ctrics<\/span><\/li>\n<li style=\"font-weight: 400;\"><span style=\"font-weight: 400;\">Redacci\u00f3 de les instruccions del joc<\/span><\/li>\n<\/ul>\n<\/td>\n<\/tr>\n<tr>\n<td style=\"width: 122px;\">Sessi\u00f3 11<\/p>\n<p><span style=\"font-weight: 400;\">Provant el vostre GameOver<\/span><\/td>\n<td style=\"width: 276px;\"><span style=\"font-weight: 400;\">Revisi\u00f3 de la descripci\u00f3 del projecte<\/span><\/p>\n<p><span style=\"font-weight: 400;\">Control del funcionament del projecte<\/span><\/p>\n<p><span style=\"font-weight: 400;\">Proves sobre les instruccions del joc<\/span><\/td>\n<td style=\"width: 382px;\">\n<ul>\n<li style=\"font-weight: 400;\"><span style=\"font-weight: 400;\">Proves sobre el projecte<\/span><\/li>\n<li style=\"font-weight: 400;\"><span style=\"font-weight: 400;\">Comprensi\u00f3 de les instruccions del joc<\/span><\/li>\n<\/ul>\n<\/td>\n<\/tr>\n<tr>\n<td style=\"width: 122px;\">Sessi\u00f3 12<\/p>\n<p><span style=\"font-weight: 400;\">Presentaci\u00f3 del nostre projecte<\/span><\/td>\n<td style=\"width: 276px;\"><span style=\"font-weight: 400;\">Com fer una presentaci\u00f3?<\/span><\/p>\n<p><span style=\"font-weight: 400;\">Ens autoavaluem<\/span><\/p>\n<p><span style=\"font-weight: 400;\">Ens avaluem com a grup<\/span><\/td>\n<td style=\"width: 382px;\">\n<ul>\n<li style=\"font-weight: 400;\"><span style=\"font-weight: 400;\">Pautes per dur a terme la presentaci\u00f3 del projecte<\/span><\/li>\n<li style=\"font-weight: 400;\"><span style=\"font-weight: 400;\">Coavaluaci\u00f3 del grup<\/span><\/li>\n<li style=\"font-weight: 400;\"><span style=\"font-weight: 400;\">Autoavaluaci\u00f3 dels alumnes<\/span><\/li>\n<\/ul>\n<\/td>\n<\/tr>\n<\/tbody>\n<\/table>\n","protected":false},"excerpt":{"rendered":"<p>En aquest m\u00f2dul 5 trobareu alguns canvis en l&#8217;organitzaci\u00f3, la planificaci\u00f3 i la metodologia respecte als m\u00f2duls anteriors.\u00a0Farem un pas m\u00e9s i aconseguirem que els programes surtin de la pantalla i els puguem controlar mitjan\u00e7ant objectes reals, fent \u00fas de plaques anomenades makey-makey.<br \/>\nEl projecte final&hellip;  <a href=\"https:\/\/agora.xtec.cat\/iesdeltebre\/curs-scratch\/modul-5-scratch-viu-i-en-directe-scratch-3-0\/\" title=\"Read M\u00f2dul 5. Scratch viu i en directe (Scratch 3.0)\">Llegeix m\u00e9s\u00bb<\/a><\/p>\n","protected":false},"author":1,"featured_media":0,"parent":19063,"menu_order":51,"comment_status":"closed","ping_status":"closed","template":"page-templates\/side-menu.php","meta":{"_bbp_topic_count":0,"_bbp_reply_count":0,"_bbp_total_topic_count":0,"_bbp_total_reply_count":0,"_bbp_voice_count":0,"_bbp_anonymous_reply_count":0,"_bbp_topic_count_hidden":0,"_bbp_reply_count_hidden":0,"_bbp_forum_subforum_count":0,"footnotes":""},"class_list":["post-19016","page","type-page","status-publish","hentry"],"post_mailing_queue_ids":[],"_links":{"self":[{"href":"https:\/\/agora.xtec.cat\/iesdeltebre\/wp-json\/wp\/v2\/pages\/19016","targetHints":{"allow":["GET"]}}],"collection":[{"href":"https:\/\/agora.xtec.cat\/iesdeltebre\/wp-json\/wp\/v2\/pages"}],"about":[{"href":"https:\/\/agora.xtec.cat\/iesdeltebre\/wp-json\/wp\/v2\/types\/page"}],"author":[{"embeddable":true,"href":"https:\/\/agora.xtec.cat\/iesdeltebre\/wp-json\/wp\/v2\/users\/1"}],"replies":[{"embeddable":true,"href":"https:\/\/agora.xtec.cat\/iesdeltebre\/wp-json\/wp\/v2\/comments?post=19016"}],"version-history":[{"count":1,"href":"https:\/\/agora.xtec.cat\/iesdeltebre\/wp-json\/wp\/v2\/pages\/19016\/revisions"}],"predecessor-version":[{"id":19075,"href":"https:\/\/agora.xtec.cat\/iesdeltebre\/wp-json\/wp\/v2\/pages\/19016\/revisions\/19075"}],"up":[{"embeddable":true,"href":"https:\/\/agora.xtec.cat\/iesdeltebre\/wp-json\/wp\/v2\/pages\/19063"}],"wp:attachment":[{"href":"https:\/\/agora.xtec.cat\/iesdeltebre\/wp-json\/wp\/v2\/media?parent=19016"}],"curies":[{"name":"wp","href":"https:\/\/api.w.org\/{rel}","templated":true}]}}