{"id":18431,"date":"2019-03-01T10:00:26","date_gmt":"2019-03-01T09:00:26","guid":{"rendered":"http:\/\/projectes.xtec.cat\/programacioirobotica\/?page_id=18431"},"modified":"2019-03-01T10:00:26","modified_gmt":"2019-03-01T09:00:26","slug":"sessio-12-presentem-el-nostre-projecte-i-el-valorem","status":"publish","type":"page","link":"https:\/\/agora.xtec.cat\/iesdeltebre\/curs-scratch\/modul-3-dissenyem-el-nostre-scapescratch-scratch-3-0\/sessio-12-presentem-el-nostre-projecte-i-el-valorem\/","title":{"rendered":"Sessi\u00f3 12. Presentem el nostre projecte i el valorem"},"content":{"rendered":"<h2>Pla de treball<\/h2>\n<div style=\"padding-left: 50px;\">\n<ul>\n<li>Com fer una presentaci\u00f3?<\/li>\n<li>Ens autoavaluem<\/li>\n<li>Ens avaluem com a grup<\/li>\n<\/ul>\n<\/div>\n<hr \/>\n<h2>Com fer una presentaci\u00f3<\/h2>\n<p>La feina que hem fet al llarg de totes aquestes sessions ha estat molt intensa i \u00e9s per aix\u00f2 que \u00e9s important que la mostrem als nostres companys. A la mateixa vegada, els altres grups tamb\u00e9 han fet una gran feina que volem con\u00e8ixer perqu\u00e8 d&#8217;aquesta forma podem aprendre noves coses que aprofitarem de ben segur en els nostres futurs projectes. Intercanviar, opinar, ajudar-nos com ho fan els equips de programadors i programadores d&#8217;una empresa ens permet aprendre i compartir.<\/p>\n<p>No n&#8217;hi ha prou amb ensenyar com funciona el projecte final, hem d&#8217;explicar quin proc\u00e9s hem seguit, quines decisions hem pres, quines dificultats hem trobat pel cam\u00ed per arribar a la nostra <strong>escape room<\/strong>\u00a0i, fins i tot, si estem contents del resultat o se&#8217;ns acudeixen algunes millores.<\/p>\n<p><img decoding=\"async\" class=\"alignnone\" src=\"http:\/\/projectes.xtec.cat\/programacioirobotica\/wp-content\/uploads\/usu604\/2017\/06\/scratch-icona_tasques.png\" alt=\"Icona tasques\" width=\"32\" \/>\u00a0<strong>Fem-ho pas a pas<\/strong><\/p>\n<div style=\"padding-left: 50px;\">\n<ul>\n<li>En primer lloc hem de triar una eina de presentaci\u00f3 que pot anar des d&#8217;una presentaci\u00f3 m\u00e9s interactiva, com ara Prezi o b\u00e9 una de m\u00e9s est\u00e0tica com Impress de OpenOffice. El nostre mestre ens ajudar\u00e0 a decidir.<\/li>\n<li>A la presentaci\u00f3 hem de reflectir tot el qu\u00e8 hem anat desenvolupant al llarg de les sessions\n<ul>\n<li>Presentaci\u00f3 del grup<\/li>\n<li>Descripci\u00f3 de la hist\u00f2ria plantejada i dels enigmes i proves que s&#8217;havien de superar<\/li>\n<li>Escenaris i objectes triats<\/li>\n<li>Presentaci\u00f3 de la escape room mostrant el seu funcionament<\/li>\n<li>Valoraci\u00f3 de la feina del nostre grup: dificultats que hem tingut, com les hem superat, qu\u00e8 hem apr\u00e8s,&#8230;<\/li>\n<\/ul>\n<\/li>\n<li>Finalment hem de demanar a la resta de grups que opinin sobre el nostre projecte i ens facin aportacions per millorar-lo.<\/li>\n<\/ul>\n<\/div>\n<p>Per tal que la nostra presentaci\u00f3 sigui tot un \u00e8xit hem de tenir en compte una s\u00e8rie de consells:<\/p>\n<div style=\"padding-left: 50px;\">\n<ul>\n<li>Cal que tinguem present el temps del qual disposem per no allargar-nos ni fer-ho massa r\u00e0pid<\/li>\n<li>\u00c9s una bona idea que preparem un gui\u00f3 que ens ajudi al llarg de la presentaci\u00f3<\/li>\n<li>Va molt b\u00e9 que assajem pr\u00e8viament davant d&#8217;alg\u00fa que pugui indicar-nos com millorar-la, quins punts no s&#8217;entenen,&#8230;<\/li>\n<li>A la presentaci\u00f3 hem de participar tots. Hem de repartir-nos b\u00e9 el temps i qu\u00e8 explicarem cadasc\u00fa<\/li>\n<li>Estem presentant el nostre projecte davant dels nostres companys que s\u00f3n uns experts en programar. Hem de mantenir una entonaci\u00f3 clara, mirar-los directament i transmetre confian\u00e7a amb els nostres moviments<\/li>\n<\/ul>\n<\/div>\n<hr \/>\n<h2>Per \u00faltim, ens avaluem&#8230; i ens avaluen<\/h2>\n<p>Ara que hem arribat al final de tot el proc\u00e9s, ens toca valorar com ha anat, no nom\u00e9s pel que fa al projecte sin\u00f3 a com hem treballat en grup i individualment.<br \/>\nAqu\u00ed tenim l<a href=\"https:\/\/docs.google.com\/document\/d\/1PgLxi88e79K0jCP0U6NNENP0IBOrn2HaeLOoBhtDhZk\/edit?usp=sharing\">a\u00a0r\u00fabrica d&#8217;avaluaci\u00f3<\/a>\u00a0del grup que heu d&#8217;omplir de forma conjunta.<\/p>\n<p>I aqu\u00ed tenim <a href=\"https:\/\/docs.google.com\/document\/d\/1cmG2EYg-C33AW35Hh5iM9A_Xq5P4wFlj5uBASyRgTxY\/edit?usp=sharing\">la\u00a0r\u00fabrica d&#8217;autoavaluaci\u00f3<\/a>\u00a0que heu d&#8217;omplir de forma individual.<\/p>\n<p>De totes formes, no hi ha millor manera d&#8217;avaluar que intentar superar els enigmes que han plantejat\u00a0els altres grups i intentar resoldre&#8217;ls en el m\u00ednim temps possible. O sigui que&#8230;. A JUGAR !!!!<\/p>\n<p>&nbsp;<\/p>\n","protected":false},"excerpt":{"rendered":"<p>Pla de treball<\/p>\n<ul>\n<li>Com fer una presentaci\u00f3?<\/li>\n<li>Ens autoavaluem<\/li>\n<li>Ens avaluem com a grup<\/li>\n<\/ul>\n<p>Com fer una presentaci\u00f3<br \/>\nLa feina que hem fet al llarg de totes aquestes sessions ha estat molt intensa i \u00e9s per aix\u00f2 que \u00e9s important que la mostrem als nostres companys. A la mateixa vegada,&hellip;  <a href=\"https:\/\/agora.xtec.cat\/iesdeltebre\/curs-scratch\/modul-3-dissenyem-el-nostre-scapescratch-scratch-3-0\/sessio-12-presentem-el-nostre-projecte-i-el-valorem\/\" title=\"Read Sessi\u00f3 12. Presentem el nostre projecte i el valorem\">Llegeix m\u00e9s\u00bb<\/a><\/p>\n","protected":false},"author":1,"featured_media":0,"parent":18286,"menu_order":10,"comment_status":"closed","ping_status":"closed","template":"page-templates\/side-menu.php","meta":{"_bbp_topic_count":0,"_bbp_reply_count":0,"_bbp_total_topic_count":0,"_bbp_total_reply_count":0,"_bbp_voice_count":0,"_bbp_anonymous_reply_count":0,"_bbp_topic_count_hidden":0,"_bbp_reply_count_hidden":0,"_bbp_forum_subforum_count":0,"footnotes":""},"class_list":["post-18431","page","type-page","status-publish","hentry"],"post_mailing_queue_ids":[],"_links":{"self":[{"href":"https:\/\/agora.xtec.cat\/iesdeltebre\/wp-json\/wp\/v2\/pages\/18431","targetHints":{"allow":["GET"]}}],"collection":[{"href":"https:\/\/agora.xtec.cat\/iesdeltebre\/wp-json\/wp\/v2\/pages"}],"about":[{"href":"https:\/\/agora.xtec.cat\/iesdeltebre\/wp-json\/wp\/v2\/types\/page"}],"author":[{"embeddable":true,"href":"https:\/\/agora.xtec.cat\/iesdeltebre\/wp-json\/wp\/v2\/users\/1"}],"replies":[{"embeddable":true,"href":"https:\/\/agora.xtec.cat\/iesdeltebre\/wp-json\/wp\/v2\/comments?post=18431"}],"version-history":[{"count":0,"href":"https:\/\/agora.xtec.cat\/iesdeltebre\/wp-json\/wp\/v2\/pages\/18431\/revisions"}],"up":[{"embeddable":true,"href":"https:\/\/agora.xtec.cat\/iesdeltebre\/wp-json\/wp\/v2\/pages\/18286"}],"wp:attachment":[{"href":"https:\/\/agora.xtec.cat\/iesdeltebre\/wp-json\/wp\/v2\/media?parent=18431"}],"curies":[{"name":"wp","href":"https:\/\/api.w.org\/{rel}","templated":true}]}}