{"id":16539,"date":"2021-02-23T11:42:10","date_gmt":"2021-02-23T10:42:10","guid":{"rendered":"http:\/\/agora.xtec.cat\/iesdeltebre\/?page_id=16539"},"modified":"2023-03-01T17:12:08","modified_gmt":"2023-03-01T16:12:08","slug":"fpdual","status":"publish","type":"page","link":"https:\/\/agora.xtec.cat\/iesdeltebre\/fpdual\/","title":{"rendered":"Cicles Formatius"},"content":{"rendered":"<ul>\n<li><a title=\"FP B\u00e0sica - Inform\u00e0tica d'oficina\" href=\"https:\/\/agora.xtec.cat\/iesdeltebre\/fpdual\/fp-basica-informatica-doficina\/\">FP B\u00e0sica &#8211; Inform\u00e0tica d&#8217;oficina<\/a><\/li>\n<li><a title=\"Grau Mitj\u00e0 de Formaci\u00f3 professional Edificaci\u00f3 i obra civil\" href=\"https:\/\/agora.xtec.cat\/iesdeltebre\/fpdual\/grau-mitja-de-formacio-professional-edificacio-i-obra-civil\/\">Grau Mitj\u00e0 de Formaci\u00f3 professional Edificaci\u00f3 i obra civil<\/a><\/li>\n<li><a title=\"Cicle formatiu grau mitj\u00e0 de Gesti\u00f3 administrativa DUAL\" href=\"https:\/\/agora.xtec.cat\/iesdeltebre\/fpdual\/cicle-formatiu-grau-mitja-de-gestio-administrativa-dual\/\">Cicle formatiu grau mitj\u00e0 de Gesti\u00f3 administrativa DUAL<\/a><\/li>\n<li><a title=\"FP Dual\" href=\"https:\/\/agora.xtec.cat\/iesdeltebre\/fpdual\/fp-dual\/\">FP Dual<\/a><\/li>\n<\/ul>\n","protected":false},"excerpt":{"rendered":"<ul>\n<li><a title=\"FP B\u00e0sica - Inform\u00e0tica d'oficina\" href=\"https:\/\/agora.xtec.cat\/iesdeltebre\/fpdual\/fp-basica-informatica-doficina\/\">FP B\u00e0sica &#8211; Inform\u00e0tica d&#8217;oficina<\/a><\/li>\n<li><a title=\"Grau Mitj\u00e0 de Formaci\u00f3 professional Edificaci\u00f3 i obra civil\" href=\"https:\/\/agora.xtec.cat\/iesdeltebre\/fpdual\/grau-mitja-de-formacio-professional-edificacio-i-obra-civil\/\">Grau Mitj\u00e0 de Formaci\u00f3 professional Edificaci\u00f3 i obra civil<\/a><\/li>\n<li><a title=\"Cicle formatiu grau mitj\u00e0 de Gesti\u00f3 administrativa DUAL\" href=\"https:\/\/agora.xtec.cat\/iesdeltebre\/fpdual\/cicle-formatiu-grau-mitja-de-gestio-administrativa-dual\/\">Cicle formatiu grau mitj\u00e0 de Gesti\u00f3 administrativa DUAL<\/a><\/li>\n<li><a&hellip;  <a href=\"https:\/\/agora.xtec.cat\/iesdeltebre\/fpdual\/\" title=\"Read Cicles Formatius\">Llegeix m\u00e9s\u00bb<\/a><br \/>\n","protected":false},"author":119,"featured_media":0,"parent":0,"menu_order":0,"comment_status":"closed","ping_status":"closed","template":"page-templates\/side-menu.php","meta":{"_bbp_topic_count":0,"_bbp_reply_count":0,"_bbp_total_topic_count":0,"_bbp_total_reply_count":0,"_bbp_voice_count":0,"_bbp_anonymous_reply_count":0,"_bbp_topic_count_hidden":0,"_bbp_reply_count_hidden":0,"_bbp_forum_subforum_count":0,"footnotes":""},"class_list":["post-16539","page","type-page","status-publish","hentry"],"post_mailing_queue_ids":[],"_links":{"self":[{"href":"https:\/\/agora.xtec.cat\/iesdeltebre\/wp-json\/wp\/v2\/pages\/16539","targetHints":{"allow":["GET"]}}],"collection":[{"href":"https:\/\/agora.xtec.cat\/iesdeltebre\/wp-json\/wp\/v2\/pages"}],"about":[{"href":"https:\/\/agora.xtec.cat\/iesdeltebre\/wp-json\/wp\/v2\/types\/page"}],"author":[{"embeddable":true,"href":"https:\/\/agora.xtec.cat\/iesdeltebre\/wp-json\/wp\/v2\/users\/119"}],"replies":[{"embeddable":true,"href":"https:\/\/agora.xtec.cat\/iesdeltebre\/wp-json\/wp\/v2\/comments?post=16539"}],"version-history":[{"count":4,"href":"https:\/\/agora.xtec.cat\/iesdeltebre\/wp-json\/wp\/v2\/pages\/16539\/revisions"}],"predecessor-version":[{"id":19590,"href":"https:\/\/agora.xtec.cat\/iesdeltebre\/wp-json\/wp\/v2\/pages\/16539\/revisions\/19590"}],"wp:attachment":[{"href":"https:\/\/agora.xtec.cat\/iesdeltebre\/wp-json\/wp\/v2\/media?parent=16539"}],"curies":[{"name":"wp","href":"https:\/\/api.w.org\/{rel}","templated":true}]}}