{"id":984,"date":"2018-10-17T11:02:15","date_gmt":"2018-10-17T09:02:15","guid":{"rendered":"http:\/\/agora.xtec.cat\/iesdecelra\/?page_id=984"},"modified":"2020-05-31T21:41:58","modified_gmt":"2020-05-31T19:41:58","slug":"cooperativa","status":"publish","type":"page","link":"https:\/\/agora.xtec.cat\/iesdecelra\/projectes-de-centre\/cooperativa\/","title":{"rendered":"Cooperativa"},"content":{"rendered":"<p style=\"text-align: justify;\">La cooperativa \u00e9s un projecte consolidat al centre que s&#8217;ent\u00e9n com un recurs metodol\u00f2gic per garantir que alumnes amb dificultats d&#8217;aprenentatge esdevinguin els actors i principals protagonistes a l&#8217;hora de crear, liderar, gestionar i portar a terme un projecte complex d&#8217;emprenedoria que comporti el desenvolupament de compet\u00e8ncies significatives com a base cap al rellan\u00e7ament de la seva traject\u00f2ria formativa i del seu progr\u00e9s personal.<\/p>\n<p style=\"text-align: justify;\">El treball educatiu de la cooperativa es basa principalment en tres fonaments te\u00f2rics: el treball per projectes, l\u2019educaci\u00f3 a l\u2019emprenedoria i l\u2019aprenentatge cooperatiu.<\/p>\n<p>Els objectius s\u00f3n:<\/p>\n<ul>\n<li>Oferir unes compet\u00e8ncies emprenedores i laborals que ajudin els alumnes en un futur a afrontar el seu futur laboral, especialment als\u00a0 d&#8217;entorns m\u00e9s vulnerables.<\/li>\n<li>Ajudar els alumnes a desenvolupar les \u201caltres intel\u00b7lig\u00e8ncies\u201d en el marc de la teoria de les intel\u00b7lig\u00e8ncies m\u00faltiples.<\/li>\n<li>Fer dels alumnes els aut\u00e8ntics protagonistes de la cooperativa i en conseq\u00fc\u00e8ncia del seu aprenentatge.<\/li>\n<li>Engrescar els alumnes i recuperar la seva motivaci\u00f3 per aprendre i estudiar.<\/li>\n<\/ul>\n","protected":false},"excerpt":{"rendered":"<p>La cooperativa \u00e9s un projecte consolidat al centre que s&#8217;ent\u00e9n com un recurs metodol\u00f2gic per garantir que alumnes amb dificultats d&#8217;aprenentatge esdevinguin els actors i principals protagonistes a l&#8217;hora de crear, liderar, gestionar i portar a terme un projecte complex d&#8217;emprenedoria que comporti el desenvolupament&hellip;  <a href=\"https:\/\/agora.xtec.cat\/iesdecelra\/projectes-de-centre\/cooperativa\/\" title=\"Read Cooperativa\">Llegeix m\u00e9s\u00bb<\/a><\/p>\n","protected":false},"author":1,"featured_media":0,"parent":1457,"menu_order":30,"comment_status":"closed","ping_status":"closed","template":"","meta":{"_bbp_topic_count":0,"_bbp_reply_count":0,"_bbp_total_topic_count":0,"_bbp_total_reply_count":0,"_bbp_voice_count":0,"_bbp_anonymous_reply_count":0,"_bbp_topic_count_hidden":0,"_bbp_reply_count_hidden":0,"_bbp_forum_subforum_count":0,"footnotes":""},"class_list":["post-984","page","type-page","status-publish","hentry"],"post_mailing_queue_ids":[],"_links":{"self":[{"href":"https:\/\/agora.xtec.cat\/iesdecelra\/wp-json\/wp\/v2\/pages\/984","targetHints":{"allow":["GET"]}}],"collection":[{"href":"https:\/\/agora.xtec.cat\/iesdecelra\/wp-json\/wp\/v2\/pages"}],"about":[{"href":"https:\/\/agora.xtec.cat\/iesdecelra\/wp-json\/wp\/v2\/types\/page"}],"author":[{"embeddable":true,"href":"https:\/\/agora.xtec.cat\/iesdecelra\/wp-json\/wp\/v2\/users\/1"}],"replies":[{"embeddable":true,"href":"https:\/\/agora.xtec.cat\/iesdecelra\/wp-json\/wp\/v2\/comments?post=984"}],"version-history":[{"count":4,"href":"https:\/\/agora.xtec.cat\/iesdecelra\/wp-json\/wp\/v2\/pages\/984\/revisions"}],"predecessor-version":[{"id":1883,"href":"https:\/\/agora.xtec.cat\/iesdecelra\/wp-json\/wp\/v2\/pages\/984\/revisions\/1883"}],"up":[{"embeddable":true,"href":"https:\/\/agora.xtec.cat\/iesdecelra\/wp-json\/wp\/v2\/pages\/1457"}],"wp:attachment":[{"href":"https:\/\/agora.xtec.cat\/iesdecelra\/wp-json\/wp\/v2\/media?parent=984"}],"curies":[{"name":"wp","href":"https:\/\/api.w.org\/{rel}","templated":true}]}}

<p style="text-align: justify;">La cooperativa és un projecte consolidat al centre que s&#8217;entén com un recurs metodològic per garantir que alumnes amb dificultats d&#8217;aprenentatge esdevinguin els actors i principals protagonistes a l&#8217;hora de crear, liderar, gestionar i portar a terme un projecte complex d&#8217;emprenedoria que comporti el desenvolupament de competències significatives com a base cap al rellançament de la seva trajectòria formativa i del seu progrés personal.</p>
<p style="text-align: justify;">El treball educatiu de la cooperativa es basa principalment en tres fonaments teòrics: el treball per projectes, l’educació a l’emprenedoria i l’aprenentatge cooperatiu.</p>
<p>Els objectius són:</p>
<ul>
<li>Oferir unes competències emprenedores i laborals que ajudin els alumnes en un futur a afrontar el seu futur laboral, especialment als  d&#8217;entorns més vulnerables.</li>
<li>Ajudar els alumnes a desenvolupar les “altres intel·ligències” en el marc de la teoria de les intel·ligències múltiples.</li>
<li>Fer dels alumnes els autèntics protagonistes de la cooperativa i en conseqüència del seu aprenentatge.</li>
<li>Engrescar els alumnes i recuperar la seva motivació per aprendre i estudiar.</li>
</ul>

<p>La cooperativa és un projecte consolidat al centre que s&#8217;entén com un recurs metodològic per garantir que alumnes amb dificultats d&#8217;aprenentatge esdevinguin els actors i principals protagonistes a l&#8217;hora de crear, liderar, gestionar i portar a terme un projecte complex d&#8217;emprenedoria que comporti el desenvolupament&hellip;  <a href="https://agora.xtec.cat/iesdecelra/projectes-de-centre/cooperativa/" title="Read Cooperativa">Llegeix més»</a></p>
