{"id":8814,"date":"2023-05-11T09:18:05","date_gmt":"2023-05-11T07:18:05","guid":{"rendered":"https:\/\/agora.xtec.cat\/iesdecelra\/?page_id=8814"},"modified":"2025-08-31T17:31:11","modified_gmt":"2025-08-31T15:31:11","slug":"prova-acces-cfgm","status":"publish","type":"page","link":"https:\/\/agora.xtec.cat\/iesdecelra\/cfgm\/prova-acces-cfgm\/","title":{"rendered":"INSCRIPCI\u00d3 PROVA ACC\u00c9S I PREINSCRIPCI\u00d3 AL CFGM"},"content":{"rendered":"<div>\n<h3 style=\"text-align: center;\"><span style=\"font-size: 24pt;\">Convocat\u00f2ria setembre 2025<\/span><\/h3>\n<p>L&#8217;Institut de Celr\u00e0 convoca la prova especi\u0301fica d&#8217;acce\u0301s al cicle formatiu de grau mitja\u0300 de Te\u0300cniques de dansa urbana per al curs 2025-2026 el dilluns <strong>8 de setembre de 12 a 13.30h<\/strong> a les instal\u00b7lacions de l&#8217;Escola Municipal de Dansa de Celr\u00e0 (C\/ Pa\u00efsos Catalans s\/n de Celr\u00e0).<\/p>\n<p><strong>Sessions preparat\u00f2ries:<\/strong><\/p>\n<p>Sessi\u00f3 1: Divendres 5 de setembre de 10 a 11.30.<\/p>\n<p>Sessi\u00f3 2: Divendres 5 de setembre de 12 a 13.30.<\/p>\n<p>Sessi\u00f3 3: Dilluns 8 de setembre de 10 a 11.30.<\/p>\n<p><span style=\"font-size: 12pt;\"><strong>Contingut de la prova<\/strong><\/span><\/p>\n<p style=\"text-align: justify;\">La prova consta d&#8217;un exercici pr\u00e0ctic, per valorar les capacitats, condicions i aptituds de les persones aspirants. L\u2019exercici \u00e9s una classe impartida en el moment, que consta de tres parts: escalfament dirigit, treball dirigit al voltant de passos i enlla\u00e7os d\u2019una o m\u00e9s t\u00e8cniques de dansa urbana entre les seg\u00fcents Hip hop, Breaking, Locking i\/o Popping, i un estirament final.<\/p>\n<p><strong>Orientacions i criteris d&#8217;avaluaci\u00f3 per a la prova<\/strong>: <a href=\"https:\/\/drive.google.com\/file\/d\/1btTbrTJiYza5iRUQoviNXkvQeStWl2de\/view?usp=drive_link\">Acc\u00e9s al document.<\/a><\/p>\n<p>Les persones aspirants han de presentar l&#8217;original del document nacional d&#8217;identitat, passaport o NIE. En qualsevol moment els membres de la comissio\u0301 avaluadora poden comprovar la seva identitat. En cas de no tenir el document original o que es detecti alguna irregularitat, es pot excloure de la convocato\u0300ria la persona aspirant.<\/p>\n<\/div>\n<p style=\"text-align: center;\"><span style=\"font-size: 24pt;\"><strong>Documentaci\u00f3 inscripci\u00f3 prova d&#8217;acc\u00e9s i preinscripci\u00f3 al CFGM<\/strong><\/span><\/p>\n<table style=\"width: 97.66%;\">\n<tbody>\n<tr>\n<td style=\"width: 16.894%;\"><b>Fins el 5 de setembre<\/b><\/td>\n<td style=\"width: 124.134%;\">Presentaci\u00f3 de:<\/p>\n<ul>\n<li aria-level=\"1\"><a href=\"https:\/\/drive.google.com\/file\/d\/1x8Hp4ldNxZ6R3-lAmcmoyPKeBqZClUYm\/view?usp=drive_link\">Sol\u00b7licitud inscripci\u00f3 prova d\u2019acc\u00e9s i preinscripci\u00f3 al CFGM<\/a>\n<ul>\n<li aria-level=\"2\">Comprovant de pagament prova d\u2019acc\u00e9s\u00a0<a href=\"https:\/\/drive.google.com\/file\/d\/157sJLcDZtIkMYAgDQN3mF2g7AA91qvXI\/view?usp=drive_link\">(instruccions)<\/a><\/li>\n<li aria-level=\"2\"><a href=\"https:\/\/drive.google.com\/file\/d\/1MCJuck4ChxabrDahRQY0IRVJsi_XpOUG\/view?usp=drive_link\">Declaraci\u00f3 de salut<\/a><\/li>\n<\/ul>\n<\/li>\n<li>DNI\/NIE\/Passaport alumne aspirant.<\/li>\n<\/ul>\n<p><i>Enviar la documentaci\u00f3 anterior al correu del centre o d\u2019administraci\u00f3:\u00a0<\/i><a href=\"mailto:iesdecelra@xtec.cat\"><i>iesdecelra@xtec.cat<\/i><\/a><i>\u00a0o\u00a0<\/i><a href=\"mailto:administracio@iesdecelra.cat\"><i>administracio@iesdecelra.cat<\/i><\/a><i>\u00a0<\/i><\/td>\n<\/tr>\n<\/tbody>\n<\/table>\n<p style=\"text-align: justify;\">\n<div>\n<h3 style=\"text-align: center;\"><span style=\"font-size: 24pt;\">Convocat\u00f2ria juny 2025<\/span><\/h3>\n<p><span style=\"font-size: 12pt;\"><strong>Resultats prova d&#8217;acc\u00e9s<\/strong><\/span><\/p>\n<p><a href=\"https:\/\/drive.google.com\/file\/d\/1b6PRPPQSFELauOogiHydcaQzxQS0xJOB\/view?usp=sharing\">Resultats prova d&#8217;acc\u00e9s CFGM T\u00e8cniques de Dansa Urbana<\/a><\/p>\n<\/div>\n","protected":false},"excerpt":{"rendered":"<p>Convocat\u00f2ria setembre 2025<br \/>\nL&#8217;Institut de Celr\u00e0 convoca la prova especi\u0301fica d&#8217;acce\u0301s al cicle formatiu de grau mitja\u0300 de Te\u0300cniques de dansa urbana per al curs 2025-2026 el dilluns 8 de setembre de 12 a 13.30h a les instal\u00b7lacions de l&#8217;Escola Municipal de Dansa de Celr\u00e0 (C\/&hellip;  <a href=\"https:\/\/agora.xtec.cat\/iesdecelra\/cfgm\/prova-acces-cfgm\/\" title=\"Read INSCRIPCI\u00d3 PROVA ACC\u00c9S I PREINSCRIPCI\u00d3 AL CFGM\">Llegeix m\u00e9s\u00bb<\/a><\/p>\n","protected":false},"author":1,"featured_media":0,"parent":8297,"menu_order":20,"comment_status":"closed","ping_status":"closed","template":"","meta":{"_bbp_topic_count":0,"_bbp_reply_count":0,"_bbp_total_topic_count":0,"_bbp_total_reply_count":0,"_bbp_voice_count":0,"_bbp_anonymous_reply_count":0,"_bbp_topic_count_hidden":0,"_bbp_reply_count_hidden":0,"_bbp_forum_subforum_count":0,"footnotes":""},"class_list":["post-8814","page","type-page","status-publish","hentry"],"post_mailing_queue_ids":[],"_links":{"self":[{"href":"https:\/\/agora.xtec.cat\/iesdecelra\/wp-json\/wp\/v2\/pages\/8814","targetHints":{"allow":["GET"]}}],"collection":[{"href":"https:\/\/agora.xtec.cat\/iesdecelra\/wp-json\/wp\/v2\/pages"}],"about":[{"href":"https:\/\/agora.xtec.cat\/iesdecelra\/wp-json\/wp\/v2\/types\/page"}],"author":[{"embeddable":true,"href":"https:\/\/agora.xtec.cat\/iesdecelra\/wp-json\/wp\/v2\/users\/1"}],"replies":[{"embeddable":true,"href":"https:\/\/agora.xtec.cat\/iesdecelra\/wp-json\/wp\/v2\/comments?post=8814"}],"version-history":[{"count":7,"href":"https:\/\/agora.xtec.cat\/iesdecelra\/wp-json\/wp\/v2\/pages\/8814\/revisions"}],"predecessor-version":[{"id":12826,"href":"https:\/\/agora.xtec.cat\/iesdecelra\/wp-json\/wp\/v2\/pages\/8814\/revisions\/12826"}],"up":[{"embeddable":true,"href":"https:\/\/agora.xtec.cat\/iesdecelra\/wp-json\/wp\/v2\/pages\/8297"}],"wp:attachment":[{"href":"https:\/\/agora.xtec.cat\/iesdecelra\/wp-json\/wp\/v2\/media?parent=8814"}],"curies":[{"name":"wp","href":"https:\/\/api.w.org\/{rel}","templated":true}]}}

INSCRIPCIÓ PROVA ACCÉS I PREINSCRIPCIÓ AL CFGM

<div>
<h3 style="text-align: center;"><span style="font-size: 24pt;">Convocatòria setembre 2025</span></h3>
<p>L&#8217;Institut de Celrà convoca la prova específica d&#8217;accés al cicle formatiu de grau mitjà de Tècniques de dansa urbana per al curs 2025-2026 el dilluns <strong>8 de setembre de 12 a 13.30h</strong> a les instal·lacions de l&#8217;Escola Municipal de Dansa de Celrà (C/ Països Catalans s/n de Celrà).</p>
<p><strong>Sessions preparatòries:</strong></p>
<p>Sessió 1: Divendres 5 de setembre de 10 a 11.30.</p>
<p>Sessió 2: Divendres 5 de setembre de 12 a 13.30.</p>
<p>Sessió 3: Dilluns 8 de setembre de 10 a 11.30.</p>
<p><span style="font-size: 12pt;"><strong>Contingut de la prova</strong></span></p>
<p style="text-align: justify;">La prova consta d&#8217;un exercici pràctic, per valorar les capacitats, condicions i aptituds de les persones aspirants. L’exercici és una classe impartida en el moment, que consta de tres parts: escalfament dirigit, treball dirigit al voltant de passos i enllaços d’una o més tècniques de dansa urbana entre les següents Hip hop, Breaking, Locking i/o Popping, i un estirament final.</p>
<p><strong>Orientacions i criteris d&#8217;avaluació per a la prova</strong>: <a href="https://drive.google.com/file/d/1btTbrTJiYza5iRUQoviNXkvQeStWl2de/view?usp=drive_link">Accés al document.</a></p>
<p>Les persones aspirants han de presentar l&#8217;original del document nacional d&#8217;identitat, passaport o NIE. En qualsevol moment els membres de la comissió avaluadora poden comprovar la seva identitat. En cas de no tenir el document original o que es detecti alguna irregularitat, es pot excloure de la convocatòria la persona aspirant.</p>
</div>
<p style="text-align: center;"><span style="font-size: 24pt;"><strong>Documentació inscripció prova d&#8217;accés i preinscripció al CFGM</strong></span></p>
<table style="width: 97.66%;">
<tbody>
<tr>
<td style="width: 16.894%;"><b>Fins el 5 de setembre</b></td>
<td style="width: 124.134%;">Presentació de:</p>
<ul>
<li aria-level="1"><a href="https://drive.google.com/file/d/1x8Hp4ldNxZ6R3-lAmcmoyPKeBqZClUYm/view?usp=drive_link">Sol·licitud inscripció prova d’accés i preinscripció al CFGM</a>
<ul>
<li aria-level="2">Comprovant de pagament prova d’accés <a href="https://drive.google.com/file/d/157sJLcDZtIkMYAgDQN3mF2g7AA91qvXI/view?usp=drive_link">(instruccions)</a></li>
<li aria-level="2"><a href="https://drive.google.com/file/d/1MCJuck4ChxabrDahRQY0IRVJsi_XpOUG/view?usp=drive_link">Declaració de salut</a></li>
</ul>
</li>
<li>DNI/NIE/Passaport alumne aspirant.</li>
</ul>
<p><i>Enviar la documentació anterior al correu del centre o d’administració: </i><a href="mailto:iesdecelra@xtec.cat"><i>iesdecelra@xtec.cat</i></a><i> o </i><a href="mailto:administracio@iesdecelra.cat"><i>administracio@iesdecelra.cat</i></a><i> </i></td>
</tr>
</tbody>
</table>
<p style="text-align: justify;">
<div>
<h3 style="text-align: center;"><span style="font-size: 24pt;">Convocatòria juny 2025</span></h3>
<p><span style="font-size: 12pt;"><strong>Resultats prova d&#8217;accés</strong></span></p>
<p><a href="https://drive.google.com/file/d/1b6PRPPQSFELauOogiHydcaQzxQS0xJOB/view?usp=sharing">Resultats prova d&#8217;accés CFGM Tècniques de Dansa Urbana</a></p>
</div>

<p>Convocatòria setembre 2025<br />
L&#8217;Institut de Celrà convoca la prova específica d&#8217;accés al cicle formatiu de grau mitjà de Tècniques de dansa urbana per al curs 2025-2026 el dilluns 8 de setembre de 12 a 13.30h a les instal·lacions de l&#8217;Escola Municipal de Dansa de Celrà (C/&hellip;  <a href="https://agora.xtec.cat/iesdecelra/cfgm/prova-acces-cfgm/" title="Read INSCRIPCIÓ PROVA ACCÉS I PREINSCRIPCIÓ AL CFGM">Llegeix més»</a></p>
