{"id":77,"date":"2014-09-18T10:29:25","date_gmt":"2014-09-18T09:29:25","guid":{"rendered":"http:\/\/agora.xtec.cat\/iesdecelra\/?page_id=77"},"modified":"2026-01-26T10:22:45","modified_gmt":"2026-01-26T09:22:45","slug":"transport-escolar","status":"publish","type":"page","link":"https:\/\/agora.xtec.cat\/iesdecelra\/serveis\/transport-escolar\/","title":{"rendered":"Transport escolar"},"content":{"rendered":"<h4><b>CONVOCAT\u00d2RIA D\u2019AJUTS INDIVIDUALS DE DESPLA\u00c7AMENT<\/b> <strong>2025-2026<\/strong><\/h4>\n<p>Teniu tota la\u00a0<b>informaci\u00f3 i el formular<\/b>i per a tramitar sol\u00b7licitud a la web comarcal::\u00a0<u><a id=\"m_3832190976954641327OWAc1705a3b-0823-978e-e840-736b3ab19d35\" href=\"https:\/\/www.girones.cat\/arees\/ensenyament-cultura-turisme-catala-joventut-i-esports\/ensenyament\/ajuts-de-desplacament\/\" target=\"_blank\" rel=\"noopener\" data-saferedirecturl=\"https:\/\/www.google.com\/url?q=https:\/\/www.girones.cat\/arees\/ensenyament-cultura-turisme-catala-joventut-i-esports\/ensenyament\/ajuts-de-desplacament\/&amp;source=gmail&amp;ust=1769502104030000&amp;usg=AOvVaw38ZP6_1cbIST8ejOPCm2Qf\">https:\/\/www.girones.cat\/arees\/<wbr \/>ensenyament-cultura-turisme-<wbr \/>catala-joventut-i-esports\/<wbr \/>ensenyament\/ajuts-de-<wbr \/>desplacament\/<\/a><\/u><\/p>\n<p>El termini per a la presentaci\u00f3 de sol\u00b7licituds ONLINE s\u2019estableix\u00a0<b><u>entre el 02 i el 16 de febrer de 2026 (ambd\u00f3s inclosos)<\/u>\u00a0<\/b><\/p>\n<p><b>ATENCI\u00d3:\u00a0<\/b><b>La sol\u00b7licitud d&#8217;Ajut Individual de Despla\u00e7ament (AID) NO\u00a0\u00e9s la inscripci\u00f3 al Transport Escolar Col\u00b7lectiu (TEC), la renovaci\u00f3 per a fer \u00fas del servei de transport escolar per al proper curs \u00e9s un tr\u00e0mit que habitualment es fa durant el mes de juny.<\/b><\/p>\n<p><b><u>Qui pot presentar sol\u00b7licitud i requisits dels alumnes:<\/u><\/b><\/p>\n<ul>\n<li><span role=\"presentation\">Alumnat d\u2019educaci\u00f3 obligat\u00f2ria escolaritzat en centres escolars sostinguts amb fons p\u00fablics que tinguin el seu\u00a0<u>domicili a m\u00e9s de 3 Km del centre escolar o a la parada de Transport Escolar Col\u00b7lectiu m\u00e9s propera<\/u>.<\/span><\/li>\n<li><span role=\"presentation\">Alumnat escolaritzat a centres escolars d&#8217;educaci\u00f3 especial, unitats de suport intensiu d&#8217;escolaritzaci\u00f3 inclusiva, agrupament de sords o unitats d&#8217;escolaritzaci\u00f3 compartida sostinguts amb fons p\u00fablics que tinguin el seu domicili com a m\u00ednim a 1 Km del centre escolar o a la parada de Transport Escolar Col\u00b7lectiu m\u00e9s propera.<b>\u00a0<\/b><\/span><\/li>\n<\/ul>\n<p><b>En tots els casos, l\u2019alumnat ha d\u2019estar escolaritzat al centre escolar que li pertoqui per mapa escolar i\/o zonificaci\u00f3 o haver-hi estat derivat pel Departament d\u2019Educaci\u00f3\u00a0i Formaci\u00f3 Professional.<\/b><\/p>\n<p><a href=\"https:\/\/agora.xtec.cat\/iesdecelra\/wp-content\/uploads\/usu1789\/2026\/01\/NOTA-INFORMATIVA-AIDs-FAMILIES-2526.pdf\">NOTA INFORMATIVA AIDs FAM\u00cdLIES 2526<\/a><\/p>\n<h4><strong>RUTES CURS 2025-2026<\/strong><\/h4>\n<p>Consulta les rutes disponibles <a href=\"https:\/\/extra.girones.cat\/girones\/doc\/arees\/Ensenyament\/TEC\/Rutes\/Rutes%20Institut%20Celr%C3%A0.pdf\">aqu\u00ed.<\/a><\/p>\n<p>&nbsp;<\/p>\n","protected":false},"excerpt":{"rendered":"<p>CONVOCAT\u00d2RIA D\u2019AJUTS INDIVIDUALS DE DESPLA\u00c7AMENT 2025-2026<br \/>\nTeniu tota la\u00a0informaci\u00f3 i el formulari per a tramitar sol\u00b7licitud a la web comarcal::\u00a0<a id=\"m_3832190976954641327OWAc1705a3b-0823-978e-e840-736b3ab19d35\" href=\"https:\/\/www.girones.cat\/arees\/ensenyament-cultura-turisme-catala-joventut-i-esports\/ensenyament\/ajuts-de-desplacament\/\" target=\"_blank\" rel=\"noopener\" data-saferedirecturl=\"https:\/\/www.google.com\/url?q=https:\/\/www.girones.cat\/arees\/ensenyament-cultura-turisme-catala-joventut-i-esports\/ensenyament\/ajuts-de-desplacament\/&amp;source=gmail&amp;ust=1769502104030000&amp;usg=AOvVaw38ZP6_1cbIST8ejOPCm2Qf\">https:\/\/www.girones.cat\/arees\/ensenyament-cultura-turisme-catala-joventut-i-esports\/ensenyament\/ajuts-de-desplacament\/<\/a><br \/>\nEl termini per a la presentaci\u00f3 de sol\u00b7licituds ONLINE s\u2019estableix\u00a0entre el 02 i el 16 de febrer de 2026 (ambd\u00f3s inclosos)\u00a0<br \/>\nATENCI\u00d3:\u00a0La sol\u00b7licitud&hellip;  <a href=\"https:\/\/agora.xtec.cat\/iesdecelra\/serveis\/transport-escolar\/\" title=\"Read Transport escolar\">Llegeix m\u00e9s\u00bb<\/a><\/p>\n","protected":false},"author":1,"featured_media":0,"parent":63,"menu_order":10,"comment_status":"closed","ping_status":"closed","template":"page-templates\/side-menu.php","meta":{"_bbp_topic_count":0,"_bbp_reply_count":0,"_bbp_total_topic_count":0,"_bbp_total_reply_count":0,"_bbp_voice_count":0,"_bbp_anonymous_reply_count":0,"_bbp_topic_count_hidden":0,"_bbp_reply_count_hidden":0,"_bbp_forum_subforum_count":0,"footnotes":""},"class_list":["post-77","page","type-page","status-publish","hentry"],"post_mailing_queue_ids":[],"_links":{"self":[{"href":"https:\/\/agora.xtec.cat\/iesdecelra\/wp-json\/wp\/v2\/pages\/77","targetHints":{"allow":["GET"]}}],"collection":[{"href":"https:\/\/agora.xtec.cat\/iesdecelra\/wp-json\/wp\/v2\/pages"}],"about":[{"href":"https:\/\/agora.xtec.cat\/iesdecelra\/wp-json\/wp\/v2\/types\/page"}],"author":[{"embeddable":true,"href":"https:\/\/agora.xtec.cat\/iesdecelra\/wp-json\/wp\/v2\/users\/1"}],"replies":[{"embeddable":true,"href":"https:\/\/agora.xtec.cat\/iesdecelra\/wp-json\/wp\/v2\/comments?post=77"}],"version-history":[{"count":7,"href":"https:\/\/agora.xtec.cat\/iesdecelra\/wp-json\/wp\/v2\/pages\/77\/revisions"}],"predecessor-version":[{"id":13329,"href":"https:\/\/agora.xtec.cat\/iesdecelra\/wp-json\/wp\/v2\/pages\/77\/revisions\/13329"}],"up":[{"embeddable":true,"href":"https:\/\/agora.xtec.cat\/iesdecelra\/wp-json\/wp\/v2\/pages\/63"}],"wp:attachment":[{"href":"https:\/\/agora.xtec.cat\/iesdecelra\/wp-json\/wp\/v2\/media?parent=77"}],"curies":[{"name":"wp","href":"https:\/\/api.w.org\/{rel}","templated":true}]}}

<h4><b>CONVOCATÒRIA D’AJUTS INDIVIDUALS DE DESPLAÇAMENT</b> <strong>2025-2026</strong></h4>
<p>Teniu tota la <b>informació i el formular</b>i per a tramitar sol·licitud a la web comarcal:: <u><a id="m_3832190976954641327OWAc1705a3b-0823-978e-e840-736b3ab19d35" href="https://www.girones.cat/arees/ensenyament-cultura-turisme-catala-joventut-i-esports/ensenyament/ajuts-de-desplacament/" target="_blank" rel="noopener" data-saferedirecturl="https://www.google.com/url?q=https://www.girones.cat/arees/ensenyament-cultura-turisme-catala-joventut-i-esports/ensenyament/ajuts-de-desplacament/&amp;source=gmail&amp;ust=1769502104030000&amp;usg=AOvVaw38ZP6_1cbIST8ejOPCm2Qf">https://www.girones.cat/arees/<wbr />ensenyament-cultura-turisme-<wbr />catala-joventut-i-esports/<wbr />ensenyament/ajuts-de-<wbr />desplacament/</a></u></p>
<p>El termini per a la presentació de sol·licituds ONLINE s’estableix <b><u>entre el 02 i el 16 de febrer de 2026 (ambdós inclosos)</u> </b></p>
<p><b>ATENCIÓ: </b><b>La sol·licitud d&#8217;Ajut Individual de Desplaçament (AID) NO és la inscripció al Transport Escolar Col·lectiu (TEC), la renovació per a fer ús del servei de transport escolar per al proper curs és un tràmit que habitualment es fa durant el mes de juny.</b></p>
<p><b><u>Qui pot presentar sol·licitud i requisits dels alumnes:</u></b></p>
<ul>
<li><span role="presentation">Alumnat d’educació obligatòria escolaritzat en centres escolars sostinguts amb fons públics que tinguin el seu <u>domicili a més de 3 Km del centre escolar o a la parada de Transport Escolar Col·lectiu més propera</u>.</span></li>
<li><span role="presentation">Alumnat escolaritzat a centres escolars d&#8217;educació especial, unitats de suport intensiu d&#8217;escolarització inclusiva, agrupament de sords o unitats d&#8217;escolarització compartida sostinguts amb fons públics que tinguin el seu domicili com a mínim a 1 Km del centre escolar o a la parada de Transport Escolar Col·lectiu més propera.<b> </b></span></li>
</ul>
<p><b>En tots els casos, l’alumnat ha d’estar escolaritzat al centre escolar que li pertoqui per mapa escolar i/o zonificació o haver-hi estat derivat pel Departament d’Educació i Formació Professional.</b></p>
<p><a href="https://agora.xtec.cat/iesdecelra/wp-content/uploads/usu1789/2026/01/NOTA-INFORMATIVA-AIDs-FAMILIES-2526.pdf">NOTA INFORMATIVA AIDs FAMÍLIES 2526</a></p>
<h4><strong>RUTES CURS 2025-2026</strong></h4>
<p>Consulta les rutes disponibles <a href="https://extra.girones.cat/girones/doc/arees/Ensenyament/TEC/Rutes/Rutes%20Institut%20Celr%C3%A0.pdf">aquí.</a></p>
<p>&nbsp;</p>

<p>CONVOCATÒRIA D’AJUTS INDIVIDUALS DE DESPLAÇAMENT 2025-2026<br />
Teniu tota la informació i el formulari per a tramitar sol·licitud a la web comarcal:: <a id="m_3832190976954641327OWAc1705a3b-0823-978e-e840-736b3ab19d35" href="https://www.girones.cat/arees/ensenyament-cultura-turisme-catala-joventut-i-esports/ensenyament/ajuts-de-desplacament/" target="_blank" rel="noopener" data-saferedirecturl="https://www.google.com/url?q=https://www.girones.cat/arees/ensenyament-cultura-turisme-catala-joventut-i-esports/ensenyament/ajuts-de-desplacament/&amp;source=gmail&amp;ust=1769502104030000&amp;usg=AOvVaw38ZP6_1cbIST8ejOPCm2Qf">https://www.girones.cat/arees/ensenyament-cultura-turisme-catala-joventut-i-esports/ensenyament/ajuts-de-desplacament/</a><br />
El termini per a la presentació de sol·licituds ONLINE s’estableix entre el 02 i el 16 de febrer de 2026 (ambdós inclosos) <br />
ATENCIÓ: La sol·licitud&hellip;  <a href="https://agora.xtec.cat/iesdecelra/serveis/transport-escolar/" title="Read Transport escolar">Llegeix més»</a></p>
