{"id":7353,"date":"2022-11-18T12:20:55","date_gmt":"2022-11-18T11:20:55","guid":{"rendered":"https:\/\/agora.xtec.cat\/iesdecelra\/?page_id=7353"},"modified":"2022-11-25T12:14:13","modified_gmt":"2022-11-25T11:14:13","slug":"projectes-europeus","status":"publish","type":"page","link":"https:\/\/agora.xtec.cat\/iesdecelra\/projectes-de-centre\/projectes-europeus\/","title":{"rendered":"Projectes Europeus"},"content":{"rendered":"<p><!-- \n\n(P\u00c0GINA BUIDA, EL MEN\u00da VA A LA CATEGORIA PROJECTES EUROPEUS)\nAquesta p\u00e0gina \u00e9s nom\u00e9s per organitzaci\u00f3 de p\u00e0gines que \"pengen\" de projectes europeus.\n\n--><\/p>\n","protected":false},"excerpt":{"rendered":"","protected":false},"author":1,"featured_media":0,"parent":1457,"menu_order":0,"comment_status":"closed","ping_status":"closed","template":"","meta":{"_bbp_topic_count":0,"_bbp_reply_count":0,"_bbp_total_topic_count":0,"_bbp_total_reply_count":0,"_bbp_voice_count":0,"_bbp_anonymous_reply_count":0,"_bbp_topic_count_hidden":0,"_bbp_reply_count_hidden":0,"_bbp_forum_subforum_count":0,"footnotes":""},"class_list":["post-7353","page","type-page","status-publish","hentry"],"post_mailing_queue_ids":[],"_links":{"self":[{"href":"https:\/\/agora.xtec.cat\/iesdecelra\/wp-json\/wp\/v2\/pages\/7353","targetHints":{"allow":["GET"]}}],"collection":[{"href":"https:\/\/agora.xtec.cat\/iesdecelra\/wp-json\/wp\/v2\/pages"}],"about":[{"href":"https:\/\/agora.xtec.cat\/iesdecelra\/wp-json\/wp\/v2\/types\/page"}],"author":[{"embeddable":true,"href":"https:\/\/agora.xtec.cat\/iesdecelra\/wp-json\/wp\/v2\/users\/1"}],"replies":[{"embeddable":true,"href":"https:\/\/agora.xtec.cat\/iesdecelra\/wp-json\/wp\/v2\/comments?post=7353"}],"version-history":[{"count":3,"href":"https:\/\/agora.xtec.cat\/iesdecelra\/wp-json\/wp\/v2\/pages\/7353\/revisions"}],"predecessor-version":[{"id":7389,"href":"https:\/\/agora.xtec.cat\/iesdecelra\/wp-json\/wp\/v2\/pages\/7353\/revisions\/7389"}],"up":[{"embeddable":true,"href":"https:\/\/agora.xtec.cat\/iesdecelra\/wp-json\/wp\/v2\/pages\/1457"}],"wp:attachment":[{"href":"https:\/\/agora.xtec.cat\/iesdecelra\/wp-json\/wp\/v2\/media?parent=7353"}],"curies":[{"name":"wp","href":"https:\/\/api.w.org\/{rel}","templated":true}]}}

<p><!-- 

(PÀGINA BUIDA, EL MENÚ VA A LA CATEGORIA PROJECTES EUROPEUS)
Aquesta pàgina és només per organització de pàgines que "pengen" de projectes europeus.

--></p>
