{"id":735,"date":"2018-06-27T13:23:21","date_gmt":"2018-06-27T11:23:21","guid":{"rendered":"http:\/\/agora.xtec.cat\/iesdecelra\/?page_id=735"},"modified":"2025-06-19T13:40:03","modified_gmt":"2025-06-19T11:40:03","slug":"contractacio","status":"publish","type":"page","link":"https:\/\/agora.xtec.cat\/iesdecelra\/secretaria-2\/contractacio\/","title":{"rendered":"Contractaci\u00f3"},"content":{"rendered":"<p>Informem que l\u2019anunci de licitaci\u00f3 i la resta de la documentaci\u00f3 de l\u2019expedient del contracte de neteja de l\u2019Institut de Celr\u00e0 ja est\u00e0 publicat a la Plataforma de Serveis de Contractaci\u00f3 P\u00fablica (PSCP).<\/p>\n<p>Us n\u2019adjuntem l\u2019enlla\u00e7:<\/p>\n<p><a href=\"https:\/\/contractaciopublica.gencat.cat\/ecofin_pscp\/AppJava\/ca_ES\/notice.pscp?idDoc=72650353&amp;reqCode=viewCn\">https:\/\/contractaciopublica.gencat.cat\/ecofin_pscp\/AppJava\/ca_ES\/notice.pscp?idDoc=72650353&amp;reqCode=viewCn<\/a><\/p>\n<p>Per accedir a la plataforma es recomana l\u2019\u00fas dels navegadors Mozilla Firefox o b\u00e9 Google Chrome.<\/p>\n<p>Finalitzat el termini de presentaci\u00f3 d\u2019ofertes.<\/p>\n","protected":false},"excerpt":{"rendered":"<p>Informem que l\u2019anunci de licitaci\u00f3 i la resta de la documentaci\u00f3 de l\u2019expedient del contracte de neteja de l\u2019Institut de Celr\u00e0 ja est\u00e0 publicat a la Plataforma de Serveis de Contractaci\u00f3 P\u00fablica (PSCP).<br \/>\nUs n\u2019adjuntem l\u2019enlla\u00e7:<br \/>\n<a href=\"https:\/\/contractaciopublica.gencat.cat\/ecofin_pscp\/AppJava\/ca_ES\/notice.pscp?idDoc=72650353&amp;reqCode=viewCn\">https:\/\/contractaciopublica.gencat.cat\/ecofin_pscp\/AppJava\/ca_ES\/notice.pscp?idDoc=72650353&amp;reqCode=viewCn<\/a><br \/>\nPer accedir a la plataforma es recomana l\u2019\u00fas dels navegadors&hellip;  <a href=\"https:\/\/agora.xtec.cat\/iesdecelra\/secretaria-2\/contractacio\/\" title=\"Read Contractaci\u00f3\">Llegeix m\u00e9s\u00bb<\/a><\/p>\n","protected":false},"author":1,"featured_media":0,"parent":740,"menu_order":10,"comment_status":"closed","ping_status":"closed","template":"page-templates\/side-menu.php","meta":{"_bbp_topic_count":0,"_bbp_reply_count":0,"_bbp_total_topic_count":0,"_bbp_total_reply_count":0,"_bbp_voice_count":0,"_bbp_anonymous_reply_count":0,"_bbp_topic_count_hidden":0,"_bbp_reply_count_hidden":0,"_bbp_forum_subforum_count":0,"footnotes":""},"class_list":["post-735","page","type-page","status-publish","hentry"],"post_mailing_queue_ids":[],"_links":{"self":[{"href":"https:\/\/agora.xtec.cat\/iesdecelra\/wp-json\/wp\/v2\/pages\/735","targetHints":{"allow":["GET"]}}],"collection":[{"href":"https:\/\/agora.xtec.cat\/iesdecelra\/wp-json\/wp\/v2\/pages"}],"about":[{"href":"https:\/\/agora.xtec.cat\/iesdecelra\/wp-json\/wp\/v2\/types\/page"}],"author":[{"embeddable":true,"href":"https:\/\/agora.xtec.cat\/iesdecelra\/wp-json\/wp\/v2\/users\/1"}],"replies":[{"embeddable":true,"href":"https:\/\/agora.xtec.cat\/iesdecelra\/wp-json\/wp\/v2\/comments?post=735"}],"version-history":[{"count":3,"href":"https:\/\/agora.xtec.cat\/iesdecelra\/wp-json\/wp\/v2\/pages\/735\/revisions"}],"predecessor-version":[{"id":4760,"href":"https:\/\/agora.xtec.cat\/iesdecelra\/wp-json\/wp\/v2\/pages\/735\/revisions\/4760"}],"up":[{"embeddable":true,"href":"https:\/\/agora.xtec.cat\/iesdecelra\/wp-json\/wp\/v2\/pages\/740"}],"wp:attachment":[{"href":"https:\/\/agora.xtec.cat\/iesdecelra\/wp-json\/wp\/v2\/media?parent=735"}],"curies":[{"name":"wp","href":"https:\/\/api.w.org\/{rel}","templated":true}]}}

Contractació

<p>Informem que l’anunci de licitació i la resta de la documentació de l’expedient del contracte de neteja de l’Institut de Celrà ja està publicat a la Plataforma de Serveis de Contractació Pública (PSCP).</p>
<p>Us n’adjuntem l’enllaç:</p>
<p><a href="https://contractaciopublica.gencat.cat/ecofin_pscp/AppJava/ca_ES/notice.pscp?idDoc=72650353&amp;reqCode=viewCn">https://contractaciopublica.gencat.cat/ecofin_pscp/AppJava/ca_ES/notice.pscp?idDoc=72650353&amp;reqCode=viewCn</a></p>
<p>Per accedir a la plataforma es recomana l’ús dels navegadors Mozilla Firefox o bé Google Chrome.</p>
<p>Finalitzat el termini de presentació d’ofertes.</p>

<p>Informem que l’anunci de licitació i la resta de la documentació de l’expedient del contracte de neteja de l’Institut de Celrà ja està publicat a la Plataforma de Serveis de Contractació Pública (PSCP).<br />
Us n’adjuntem l’enllaç:<br />
<a href="https://contractaciopublica.gencat.cat/ecofin_pscp/AppJava/ca_ES/notice.pscp?idDoc=72650353&amp;reqCode=viewCn">https://contractaciopublica.gencat.cat/ecofin_pscp/AppJava/ca_ES/notice.pscp?idDoc=72650353&amp;reqCode=viewCn</a><br />
Per accedir a la plataforma es recomana l’ús dels navegadors&hellip;  <a href="https://agora.xtec.cat/iesdecelra/secretaria-2/contractacio/" title="Read Contractació">Llegeix més»</a></p>
