{"id":69,"date":"2014-09-18T10:15:07","date_gmt":"2014-09-18T09:15:07","guid":{"rendered":"http:\/\/agora.xtec.cat\/iesdecelra\/?page_id=69"},"modified":"2025-07-15T13:54:44","modified_gmt":"2025-07-15T11:54:44","slug":"biblioteca","status":"publish","type":"page","link":"https:\/\/agora.xtec.cat\/iesdecelra\/serveis\/biblioteca\/","title":{"rendered":"Biblioteca"},"content":{"rendered":"<p><img loading=\"lazy\" decoding=\"async\" class=\"wp-image-7224 aligncenter\" src=\"https:\/\/agora.xtec.cat\/iesdecelra\/wp-content\/uploads\/usu1789\/2022\/10\/Horari-biblio.png\" alt=\"\" width=\"667\" height=\"371\" srcset=\"https:\/\/agora.xtec.cat\/iesdecelra\/wp-content\/uploads\/usu1789\/2022\/10\/Horari-biblio.png 1800w, https:\/\/agora.xtec.cat\/iesdecelra\/wp-content\/uploads\/usu1789\/2022\/10\/Horari-biblio-300x167.png 300w, https:\/\/agora.xtec.cat\/iesdecelra\/wp-content\/uploads\/usu1789\/2022\/10\/Horari-biblio-1024x569.png 1024w, https:\/\/agora.xtec.cat\/iesdecelra\/wp-content\/uploads\/usu1789\/2022\/10\/Horari-biblio-768x427.png 768w, https:\/\/agora.xtec.cat\/iesdecelra\/wp-content\/uploads\/usu1789\/2022\/10\/Horari-biblio-1536x853.png 1536w\" sizes=\"auto, (max-width: 667px) 100vw, 667px\" \/><\/p>\n<p>L&#8217;encarregada del servei de biblioteca \u00e9s la Ta\u00efs S\u00e0nchez. <a href=\"https:\/\/drive.google.com\/file\/d\/1K4UT6iWHDJq4maNTa-0ZNvMMPY3udxb2\/view?usp=sharing\">Aqu\u00ed<\/a> enllacem les pautes de funcionament. Si us interessa, podeu consultar el cat\u00e0leg de la biblioteca de l&#8217;Institut a l&#8217;aplicatiu <a href=\"https:\/\/aplicacions.gestioeducativa.gencat.cat\/epergam\/web\/biblioteca.jsp?codi=17006708\">ePergam.\u00a0<\/a><\/p>\n<p>Aquest servei es du a terme gr\u00e0cies a la col\u00b7laboraci\u00f3 de l&#8217;AFA.<\/p>\n","protected":false},"excerpt":{"rendered":"<p>L&#8217;encarregada del servei de biblioteca \u00e9s la Ta\u00efs S\u00e0nchez. <a href=\"https:\/\/drive.google.com\/file\/d\/1K4UT6iWHDJq4maNTa-0ZNvMMPY3udxb2\/view?usp=sharing\">Aqu\u00ed<\/a> enllacem les pautes de funcionament. Si us interessa, podeu consultar el cat\u00e0leg de la biblioteca de l&#8217;Institut a l&#8217;aplicatiu <a href=\"https:\/\/aplicacions.gestioeducativa.gencat.cat\/epergam\/web\/biblioteca.jsp?codi=17006708\">ePergam.\u00a0<\/a><br \/>\nAquest servei es du a terme gr\u00e0cies a la col\u00b7laboraci\u00f3 de l&#8217;AFA.<\/p>\n","protected":false},"author":1,"featured_media":0,"parent":63,"menu_order":20,"comment_status":"closed","ping_status":"closed","template":"page-templates\/side-menu.php","meta":{"_bbp_topic_count":0,"_bbp_reply_count":0,"_bbp_total_topic_count":0,"_bbp_total_reply_count":0,"_bbp_voice_count":0,"_bbp_anonymous_reply_count":0,"_bbp_topic_count_hidden":0,"_bbp_reply_count_hidden":0,"_bbp_forum_subforum_count":0,"footnotes":""},"class_list":["post-69","page","type-page","status-publish","hentry"],"post_mailing_queue_ids":[],"_links":{"self":[{"href":"https:\/\/agora.xtec.cat\/iesdecelra\/wp-json\/wp\/v2\/pages\/69","targetHints":{"allow":["GET"]}}],"collection":[{"href":"https:\/\/agora.xtec.cat\/iesdecelra\/wp-json\/wp\/v2\/pages"}],"about":[{"href":"https:\/\/agora.xtec.cat\/iesdecelra\/wp-json\/wp\/v2\/types\/page"}],"author":[{"embeddable":true,"href":"https:\/\/agora.xtec.cat\/iesdecelra\/wp-json\/wp\/v2\/users\/1"}],"replies":[{"embeddable":true,"href":"https:\/\/agora.xtec.cat\/iesdecelra\/wp-json\/wp\/v2\/comments?post=69"}],"version-history":[{"count":6,"href":"https:\/\/agora.xtec.cat\/iesdecelra\/wp-json\/wp\/v2\/pages\/69\/revisions"}],"predecessor-version":[{"id":7139,"href":"https:\/\/agora.xtec.cat\/iesdecelra\/wp-json\/wp\/v2\/pages\/69\/revisions\/7139"}],"up":[{"embeddable":true,"href":"https:\/\/agora.xtec.cat\/iesdecelra\/wp-json\/wp\/v2\/pages\/63"}],"wp:attachment":[{"href":"https:\/\/agora.xtec.cat\/iesdecelra\/wp-json\/wp\/v2\/media?parent=69"}],"curies":[{"name":"wp","href":"https:\/\/api.w.org\/{rel}","templated":true}]}}

<p><img loading="lazy" decoding="async" class="wp-image-7224 aligncenter" src="https://agora.xtec.cat/iesdecelra/wp-content/uploads/usu1789/2022/10/Horari-biblio.png" alt="" width="667" height="371" srcset="https://agora.xtec.cat/iesdecelra/wp-content/uploads/usu1789/2022/10/Horari-biblio.png 1800w, https://agora.xtec.cat/iesdecelra/wp-content/uploads/usu1789/2022/10/Horari-biblio-300x167.png 300w, https://agora.xtec.cat/iesdecelra/wp-content/uploads/usu1789/2022/10/Horari-biblio-1024x569.png 1024w, https://agora.xtec.cat/iesdecelra/wp-content/uploads/usu1789/2022/10/Horari-biblio-768x427.png 768w, https://agora.xtec.cat/iesdecelra/wp-content/uploads/usu1789/2022/10/Horari-biblio-1536x853.png 1536w" sizes="auto, (max-width: 667px) 100vw, 667px" /></p>
<p>L&#8217;encarregada del servei de biblioteca és la Taïs Sànchez. <a href="https://drive.google.com/file/d/1K4UT6iWHDJq4maNTa-0ZNvMMPY3udxb2/view?usp=sharing">Aquí</a> enllacem les pautes de funcionament. Si us interessa, podeu consultar el catàleg de la biblioteca de l&#8217;Institut a l&#8217;aplicatiu <a href="https://aplicacions.gestioeducativa.gencat.cat/epergam/web/biblioteca.jsp?codi=17006708">ePergam. </a></p>
<p>Aquest servei es du a terme gràcies a la col·laboració de l&#8217;AFA.</p>

<p>L&#8217;encarregada del servei de biblioteca és la Taïs Sànchez. <a href="https://drive.google.com/file/d/1K4UT6iWHDJq4maNTa-0ZNvMMPY3udxb2/view?usp=sharing">Aquí</a> enllacem les pautes de funcionament. Si us interessa, podeu consultar el catàleg de la biblioteca de l&#8217;Institut a l&#8217;aplicatiu <a href="https://aplicacions.gestioeducativa.gencat.cat/epergam/web/biblioteca.jsp?codi=17006708">ePergam. </a><br />
Aquest servei es du a terme gràcies a la col·laboració de l&#8217;AFA.</p>
