{"id":65,"date":"2014-09-18T10:12:22","date_gmt":"2014-09-18T10:12:22","guid":{"rendered":"http:\/\/agora.xtec.cat\/iesdecelra\/?page_id=65"},"modified":"2024-11-13T11:10:26","modified_gmt":"2024-11-13T10:10:26","slug":"salut_escola","status":"publish","type":"page","link":"https:\/\/agora.xtec.cat\/iesdecelra\/serveis\/salut_escola\/","title":{"rendered":"Salut Escola"},"content":{"rendered":"<p style=\"text-align: justify;\">Els nous reptes que afronta la societat a causa de la transformaci\u00f3 de les estructures, els valors i les funcions familiars, comunit\u00e0ries i socials tenen en el medi escolar una manifestaci\u00f3 especial.<\/p>\n<p style=\"text-align: justify;\">El centre educatiu, com a espai natural per a l&#8217;aprenentatge, l&#8217;educaci\u00f3 i la formaci\u00f3 integral de la persona, \u00e9s tamb\u00e9 el lloc on es manifesten m\u00e9s preco\u00e7ment els signes d&#8217;alerta sobre problemes de salut, en els quals una detecci\u00f3 preco\u00e7 pot ser la primera acci\u00f3 per iniciar un proc\u00e9s d&#8217;ajuda a les necessitats, sovint no expressades, per\u00f2 s\u00ed manifestades per mitj\u00e0 de conductes.<\/p>\n<p style=\"text-align: justify;\">\u00c9s per aix\u00f2 que el\u00a0Departament d&#8217;Ensenyament\u00a0i el Departament de Salut posen en marxa, l&#8217;octubre de 2004, el programa &#8220;Salut i escola&#8221; (PSiE), amb el prop\u00f2sit de potenciar la coordinaci\u00f3 dels centres docents, els serveis educatius i els serveis sanitaris en accions de promoci\u00f3 de la salut i d&#8217;atenci\u00f3 a l&#8217;alumnat.<\/p>\n<p style=\"text-align: justify;\">Aquest curs la infermera del CAP de Celr\u00e0 amb la qual ens coordinem \u00e9s la Ll\u00facia Fern\u00e0ndez. L\u2019horari d\u2019atenci\u00f3 als alumnes \u00e9s els <strong>dimecres de 11h a 13h<\/strong>. Els alumnes han de demanar cita pr\u00e8via per mail intern a <a href=\"mailto:salutiescola@iesdecelra.cat\">salutiescola@iesdecelra.cat<\/a><\/p>\n<p style=\"text-align: justify;\">Podeu trobar tota la informaci\u00f3 del programa Salut i Escola al web:<\/p>\n<p><a href=\"https:\/\/xtec.gencat.cat\/ca\/comunitat\/salutescola\/programasalutescola\/\">https:\/\/xtec.gencat.cat\/ca\/comunitat\/salutescola\/programasalutescola\/<\/a><\/p>\n<p>&nbsp;<\/p>\n<p>&nbsp;<\/p>\n<p>&nbsp;<\/p>\n","protected":false},"excerpt":{"rendered":"<p>Els nous reptes que afronta la societat a causa de la transformaci\u00f3 de les estructures, els valors i les funcions familiars, comunit\u00e0ries i socials tenen en el medi escolar una manifestaci\u00f3 especial.<br \/>\nEl centre educatiu, com a espai natural per a l&#8217;aprenentatge, l&#8217;educaci\u00f3 i la formaci\u00f3&hellip;  <a href=\"https:\/\/agora.xtec.cat\/iesdecelra\/serveis\/salut_escola\/\" title=\"Read Salut Escola\">Llegeix m\u00e9s\u00bb<\/a><\/p>\n","protected":false},"author":1,"featured_media":0,"parent":63,"menu_order":40,"comment_status":"closed","ping_status":"closed","template":"page-templates\/side-menu.php","meta":{"_bbp_topic_count":0,"_bbp_reply_count":0,"_bbp_total_topic_count":0,"_bbp_total_reply_count":0,"_bbp_voice_count":0,"_bbp_anonymous_reply_count":0,"_bbp_topic_count_hidden":0,"_bbp_reply_count_hidden":0,"_bbp_forum_subforum_count":0,"footnotes":""},"class_list":["post-65","page","type-page","status-publish","hentry"],"post_mailing_queue_ids":[],"_links":{"self":[{"href":"https:\/\/agora.xtec.cat\/iesdecelra\/wp-json\/wp\/v2\/pages\/65","targetHints":{"allow":["GET"]}}],"collection":[{"href":"https:\/\/agora.xtec.cat\/iesdecelra\/wp-json\/wp\/v2\/pages"}],"about":[{"href":"https:\/\/agora.xtec.cat\/iesdecelra\/wp-json\/wp\/v2\/types\/page"}],"author":[{"embeddable":true,"href":"https:\/\/agora.xtec.cat\/iesdecelra\/wp-json\/wp\/v2\/users\/1"}],"replies":[{"embeddable":true,"href":"https:\/\/agora.xtec.cat\/iesdecelra\/wp-json\/wp\/v2\/comments?post=65"}],"version-history":[{"count":4,"href":"https:\/\/agora.xtec.cat\/iesdecelra\/wp-json\/wp\/v2\/pages\/65\/revisions"}],"predecessor-version":[{"id":11471,"href":"https:\/\/agora.xtec.cat\/iesdecelra\/wp-json\/wp\/v2\/pages\/65\/revisions\/11471"}],"up":[{"embeddable":true,"href":"https:\/\/agora.xtec.cat\/iesdecelra\/wp-json\/wp\/v2\/pages\/63"}],"wp:attachment":[{"href":"https:\/\/agora.xtec.cat\/iesdecelra\/wp-json\/wp\/v2\/media?parent=65"}],"curies":[{"name":"wp","href":"https:\/\/api.w.org\/{rel}","templated":true}]}}

<p style="text-align: justify;">Els nous reptes que afronta la societat a causa de la transformació de les estructures, els valors i les funcions familiars, comunitàries i socials tenen en el medi escolar una manifestació especial.</p>
<p style="text-align: justify;">El centre educatiu, com a espai natural per a l&#8217;aprenentatge, l&#8217;educació i la formació integral de la persona, és també el lloc on es manifesten més precoçment els signes d&#8217;alerta sobre problemes de salut, en els quals una detecció precoç pot ser la primera acció per iniciar un procés d&#8217;ajuda a les necessitats, sovint no expressades, però sí manifestades per mitjà de conductes.</p>
<p style="text-align: justify;">És per això que el Departament d&#8217;Ensenyament i el Departament de Salut posen en marxa, l&#8217;octubre de 2004, el programa &#8220;Salut i escola&#8221; (PSiE), amb el propòsit de potenciar la coordinació dels centres docents, els serveis educatius i els serveis sanitaris en accions de promoció de la salut i d&#8217;atenció a l&#8217;alumnat.</p>
<p style="text-align: justify;">Aquest curs la infermera del CAP de Celrà amb la qual ens coordinem és la Llúcia Fernàndez. L’horari d’atenció als alumnes és els <strong>dimecres de 11h a 13h</strong>. Els alumnes han de demanar cita prèvia per mail intern a <a href="mailto:salutiescola@iesdecelra.cat">salutiescola@iesdecelra.cat</a></p>
<p style="text-align: justify;">Podeu trobar tota la informació del programa Salut i Escola al web:</p>
<p><a href="https://xtec.gencat.cat/ca/comunitat/salutescola/programasalutescola/">https://xtec.gencat.cat/ca/comunitat/salutescola/programasalutescola/</a></p>
<p>&nbsp;</p>
<p>&nbsp;</p>
<p>&nbsp;</p>

<p>Els nous reptes que afronta la societat a causa de la transformació de les estructures, els valors i les funcions familiars, comunitàries i socials tenen en el medi escolar una manifestació especial.<br />
El centre educatiu, com a espai natural per a l&#8217;aprenentatge, l&#8217;educació i la formació&hellip;  <a href="https://agora.xtec.cat/iesdecelra/serveis/salut_escola/" title="Read Salut Escola">Llegeix més»</a></p>
