{"id":606,"date":"2018-06-03T15:59:39","date_gmt":"2018-06-03T13:59:39","guid":{"rendered":"http:\/\/agora.xtec.cat\/iesdecelra\/?page_id=606"},"modified":"2025-07-15T09:45:54","modified_gmt":"2025-07-15T07:45:54","slug":"iddink","status":"publish","type":"page","link":"https:\/\/agora.xtec.cat\/iesdecelra\/families\/ampa\/iddink\/","title":{"rendered":"IDDINK"},"content":{"rendered":"<p>L\u2019AFA, conjuntament amb la direcci\u00f3 del centre, i amb l\u2019aprovaci\u00f3 del Consell Escolar, continuar\u00e0 oferint el projecte de reutilitzaci\u00f3 de llibres de text amb l&#8217;empresa <a href=\"https:\/\/microsites.iddink.es\/ca\/507_institut_de_celra\/\">Iddink<\/a>.<\/p>\n<p><a href=\"https:\/\/drive.google.com\/file\/d\/1EUPjwah63GMYLPtH-sST8bljerc3a3Fk\/view?usp=drive_link\"><img loading=\"lazy\" decoding=\"async\" class=\"aligncenter size-full wp-image-10976\" src=\"https:\/\/agora.xtec.cat\/iesdecelra\/wp-content\/uploads\/usu1789\/2024\/06\/EcoBooks24-25.png\" alt=\"\" width=\"1204\" height=\"826\" srcset=\"https:\/\/agora.xtec.cat\/iesdecelra\/wp-content\/uploads\/usu1789\/2024\/06\/EcoBooks24-25.png 1204w, https:\/\/agora.xtec.cat\/iesdecelra\/wp-content\/uploads\/usu1789\/2024\/06\/EcoBooks24-25-300x206.png 300w, https:\/\/agora.xtec.cat\/iesdecelra\/wp-content\/uploads\/usu1789\/2024\/06\/EcoBooks24-25-1024x703.png 1024w, https:\/\/agora.xtec.cat\/iesdecelra\/wp-content\/uploads\/usu1789\/2024\/06\/EcoBooks24-25-768x527.png 768w\" sizes=\"auto, (max-width: 1204px) 100vw, 1204px\" \/><\/a><\/p>\n<p><a href=\"https:\/\/drive.google.com\/file\/d\/1EUPjwah63GMYLPtH-sST8bljerc3a3Fk\/view?usp=drive_link\"><img loading=\"lazy\" decoding=\"async\" class=\"aligncenter size-full wp-image-10975\" src=\"https:\/\/agora.xtec.cat\/iesdecelra\/wp-content\/uploads\/usu1789\/2024\/06\/Ecobooks2-24-25.png\" alt=\"\" width=\"1213\" height=\"820\" srcset=\"https:\/\/agora.xtec.cat\/iesdecelra\/wp-content\/uploads\/usu1789\/2024\/06\/Ecobooks2-24-25.png 1213w, https:\/\/agora.xtec.cat\/iesdecelra\/wp-content\/uploads\/usu1789\/2024\/06\/Ecobooks2-24-25-300x203.png 300w, https:\/\/agora.xtec.cat\/iesdecelra\/wp-content\/uploads\/usu1789\/2024\/06\/Ecobooks2-24-25-1024x692.png 1024w, https:\/\/agora.xtec.cat\/iesdecelra\/wp-content\/uploads\/usu1789\/2024\/06\/Ecobooks2-24-25-768x519.png 768w\" sizes=\"auto, (max-width: 1213px) 100vw, 1213px\" \/><\/a><\/p>\n<p style=\"font-weight: 400;\">\u00a0A m\u00e9s, us llistem uns quants enlla\u00e7os en qu\u00e8 hi ha v\u00eddeos explicatius (Actualitzat juny 2023).<\/p>\n<ul>\n<li style=\"font-weight: 400;\"><strong><em>Presentaci\u00f3 Iddink (duraci\u00f3 15 minuts):\u00a0<\/em><\/strong><a href=\"https:\/\/vimeo.com\/346361089\" data-saferedirecturl=\"https:\/\/www.google.com\/url?q=https:\/\/vimeo.com\/346361089&amp;source=gmail&amp;ust=1593599804235000&amp;usg=AFQjCNEZ1MryygOKJzbwGBqNMUQbd6zsug\">https:\/\/vimeo.com\/346361089<\/a><\/li>\n<li style=\"font-weight: 400;\"><strong><em>Presentaci\u00f3 Iddink Curta (duraci\u00f3 5 minuts): <\/em><\/strong><a href=\"https:\/\/vimeo.com\/420992016\" data-saferedirecturl=\"https:\/\/www.google.com\/url?q=https:\/\/vimeo.com\/420992016&amp;source=gmail&amp;ust=1593599804235000&amp;usg=AFQjCNG_cDTSH10g4MAGI6OelJy7dPTQxw\">https:\/\/vimeo.com\/420992016<\/a><\/li>\n<li style=\"font-weight: 400;\"><strong><em>Com fer una comanda:\u00a0<\/em><\/strong><a href=\"https:\/\/vimeo.com\/427671538\" data-saferedirecturl=\"https:\/\/www.google.com\/url?q=https:\/\/vimeo.com\/427671538&amp;source=gmail&amp;ust=1593599804235000&amp;usg=AFQjCNGG6-5yuupQkSw7HuwoM2BA3RSj_A\">https:\/\/vimeo.com\/427671538<\/a><\/li>\n<li style=\"font-weight: 400;\"><strong><em>Com accedir a les meves llic\u00e8ncies digitals:\u00a0<\/em><\/strong><a href=\"https:\/\/vimeo.com\/427321666\" data-saferedirecturl=\"https:\/\/www.google.com\/url?q=https:\/\/vimeo.com\/427321666&amp;source=gmail&amp;ust=1593599804235000&amp;usg=AFQjCNGEwfzTOh_5uZ_Vj5onoOUqzEMofw\">https:\/\/vimeo.com\/427321666<\/a><\/li>\n<li style=\"font-weight: 400;\"><strong><em>Qu\u00e8 \u00e9s Iddink digital?:\u00a0<\/em><\/strong><a href=\"https:\/\/vimeo.com\/427321499\" data-saferedirecturl=\"https:\/\/www.google.com\/url?q=https:\/\/vimeo.com\/427321499&amp;source=gmail&amp;ust=1593599804235000&amp;usg=AFQjCNFiu9D9GeyuR2LwayoWW-5_Ix83DQ\">https:\/\/vimeo.com\/427321499<\/a><\/li>\n<\/ul>\n<p>&nbsp;<\/p>\n<p>Retorn dels llibres:<\/p>\n<p><img loading=\"lazy\" decoding=\"async\" class=\"aligncenter wp-image-10970\" src=\"https:\/\/agora.xtec.cat\/iesdecelra\/wp-content\/uploads\/usu1789\/2024\/06\/CAT-Com-retornar-els-ecoBooks-2.png\" alt=\"\" width=\"1038\" height=\"639\" srcset=\"https:\/\/agora.xtec.cat\/iesdecelra\/wp-content\/uploads\/usu1789\/2024\/06\/CAT-Com-retornar-els-ecoBooks-2.png 4591w, https:\/\/agora.xtec.cat\/iesdecelra\/wp-content\/uploads\/usu1789\/2024\/06\/CAT-Com-retornar-els-ecoBooks-2-300x185.png 300w, https:\/\/agora.xtec.cat\/iesdecelra\/wp-content\/uploads\/usu1789\/2024\/06\/CAT-Com-retornar-els-ecoBooks-2-1024x631.png 1024w, https:\/\/agora.xtec.cat\/iesdecelra\/wp-content\/uploads\/usu1789\/2024\/06\/CAT-Com-retornar-els-ecoBooks-2-768x473.png 768w, https:\/\/agora.xtec.cat\/iesdecelra\/wp-content\/uploads\/usu1789\/2024\/06\/CAT-Com-retornar-els-ecoBooks-2-1536x946.png 1536w, https:\/\/agora.xtec.cat\/iesdecelra\/wp-content\/uploads\/usu1789\/2024\/06\/CAT-Com-retornar-els-ecoBooks-2-2048x1261.png 2048w\" sizes=\"auto, (max-width: 1038px) 100vw, 1038px\" \/><\/p>\n<p><img loading=\"lazy\" decoding=\"async\" class=\"aligncenter wp-image-10973\" src=\"https:\/\/agora.xtec.cat\/iesdecelra\/wp-content\/uploads\/usu1789\/2024\/06\/CAT-Criteris-de-qualitat.png\" alt=\"\" width=\"1036\" height=\"638\" srcset=\"https:\/\/agora.xtec.cat\/iesdecelra\/wp-content\/uploads\/usu1789\/2024\/06\/CAT-Criteris-de-qualitat.png 1000w, https:\/\/agora.xtec.cat\/iesdecelra\/wp-content\/uploads\/usu1789\/2024\/06\/CAT-Criteris-de-qualitat-300x185.png 300w, https:\/\/agora.xtec.cat\/iesdecelra\/wp-content\/uploads\/usu1789\/2024\/06\/CAT-Criteris-de-qualitat-768x473.png 768w\" sizes=\"auto, (max-width: 1036px) 100vw, 1036px\" \/><\/p>\n","protected":false},"excerpt":{"rendered":"<p>L\u2019AFA, conjuntament amb la direcci\u00f3 del centre, i amb l\u2019aprovaci\u00f3 del Consell Escolar, continuar\u00e0 oferint el projecte de reutilitzaci\u00f3 de llibres de text amb l&#8217;empresa <a href=\"https:\/\/microsites.iddink.es\/ca\/507_institut_de_celra\/\">Iddink<\/a>.<br \/>\n<a href=\"https:\/\/drive.google.com\/file\/d\/1EUPjwah63GMYLPtH-sST8bljerc3a3Fk\/view?usp=drive_link\"><\/a><br \/>\n<a href=\"https:\/\/drive.google.com\/file\/d\/1EUPjwah63GMYLPtH-sST8bljerc3a3Fk\/view?usp=drive_link\"><\/a><br \/>\n\u00a0A m\u00e9s, us llistem uns quants enlla\u00e7os en qu\u00e8 hi ha v\u00eddeos explicatius (Actualitzat juny 2023).<\/p>\n<ul>\n<li style=\"font-weight:&hellip;  <a href=\"https:\/\/agora.xtec.cat\/iesdecelra\/families\/ampa\/iddink\/\" title=\"Read IDDINK\">Llegeix m\u00e9s\u00bb<\/a><br \/>\n","protected":false},"author":1,"featured_media":0,"parent":946,"menu_order":50,"comment_status":"closed","ping_status":"closed","template":"page-templates\/side-menu.php","meta":{"_bbp_topic_count":0,"_bbp_reply_count":0,"_bbp_total_topic_count":0,"_bbp_total_reply_count":0,"_bbp_voice_count":0,"_bbp_anonymous_reply_count":0,"_bbp_topic_count_hidden":0,"_bbp_reply_count_hidden":0,"_bbp_forum_subforum_count":0,"footnotes":""},"class_list":["post-606","page","type-page","status-publish","hentry"],"post_mailing_queue_ids":[],"_links":{"self":[{"href":"https:\/\/agora.xtec.cat\/iesdecelra\/wp-json\/wp\/v2\/pages\/606","targetHints":{"allow":["GET"]}}],"collection":[{"href":"https:\/\/agora.xtec.cat\/iesdecelra\/wp-json\/wp\/v2\/pages"}],"about":[{"href":"https:\/\/agora.xtec.cat\/iesdecelra\/wp-json\/wp\/v2\/types\/page"}],"author":[{"embeddable":true,"href":"https:\/\/agora.xtec.cat\/iesdecelra\/wp-json\/wp\/v2\/users\/1"}],"replies":[{"embeddable":true,"href":"https:\/\/agora.xtec.cat\/iesdecelra\/wp-json\/wp\/v2\/comments?post=606"}],"version-history":[{"count":8,"href":"https:\/\/agora.xtec.cat\/iesdecelra\/wp-json\/wp\/v2\/pages\/606\/revisions"}],"predecessor-version":[{"id":12732,"href":"https:\/\/agora.xtec.cat\/iesdecelra\/wp-json\/wp\/v2\/pages\/606\/revisions\/12732"}],"up":[{"embeddable":true,"href":"https:\/\/agora.xtec.cat\/iesdecelra\/wp-json\/wp\/v2\/pages\/946"}],"wp:attachment":[{"href":"https:\/\/agora.xtec.cat\/iesdecelra\/wp-json\/wp\/v2\/media?parent=606"}],"curies":[{"name":"wp","href":"https:\/\/api.w.org\/{rel}","templated":true}]}}

<p>L’AFA, conjuntament amb la direcció del centre, i amb l’aprovació del Consell Escolar, continuarà oferint el projecte de reutilització de llibres de text amb l&#8217;empresa <a href="https://microsites.iddink.es/ca/507_institut_de_celra/">Iddink</a>.</p>
<p><a href="https://drive.google.com/file/d/1EUPjwah63GMYLPtH-sST8bljerc3a3Fk/view?usp=drive_link"><img loading="lazy" decoding="async" class="aligncenter size-full wp-image-10976" src="https://agora.xtec.cat/iesdecelra/wp-content/uploads/usu1789/2024/06/EcoBooks24-25.png" alt="" width="1204" height="826" srcset="https://agora.xtec.cat/iesdecelra/wp-content/uploads/usu1789/2024/06/EcoBooks24-25.png 1204w, https://agora.xtec.cat/iesdecelra/wp-content/uploads/usu1789/2024/06/EcoBooks24-25-300x206.png 300w, https://agora.xtec.cat/iesdecelra/wp-content/uploads/usu1789/2024/06/EcoBooks24-25-1024x703.png 1024w, https://agora.xtec.cat/iesdecelra/wp-content/uploads/usu1789/2024/06/EcoBooks24-25-768x527.png 768w" sizes="auto, (max-width: 1204px) 100vw, 1204px" /></a></p>
<p><a href="https://drive.google.com/file/d/1EUPjwah63GMYLPtH-sST8bljerc3a3Fk/view?usp=drive_link"><img loading="lazy" decoding="async" class="aligncenter size-full wp-image-10975" src="https://agora.xtec.cat/iesdecelra/wp-content/uploads/usu1789/2024/06/Ecobooks2-24-25.png" alt="" width="1213" height="820" srcset="https://agora.xtec.cat/iesdecelra/wp-content/uploads/usu1789/2024/06/Ecobooks2-24-25.png 1213w, https://agora.xtec.cat/iesdecelra/wp-content/uploads/usu1789/2024/06/Ecobooks2-24-25-300x203.png 300w, https://agora.xtec.cat/iesdecelra/wp-content/uploads/usu1789/2024/06/Ecobooks2-24-25-1024x692.png 1024w, https://agora.xtec.cat/iesdecelra/wp-content/uploads/usu1789/2024/06/Ecobooks2-24-25-768x519.png 768w" sizes="auto, (max-width: 1213px) 100vw, 1213px" /></a></p>
<p style="font-weight: 400;"> A més, us llistem uns quants enllaços en què hi ha vídeos explicatius (Actualitzat juny 2023).</p>
<ul>
<li style="font-weight: 400;"><strong><em>Presentació Iddink (duració 15 minuts): </em></strong><a href="https://vimeo.com/346361089" data-saferedirecturl="https://www.google.com/url?q=https://vimeo.com/346361089&amp;source=gmail&amp;ust=1593599804235000&amp;usg=AFQjCNEZ1MryygOKJzbwGBqNMUQbd6zsug">https://vimeo.com/346361089</a></li>
<li style="font-weight: 400;"><strong><em>Presentació Iddink Curta (duració 5 minuts): </em></strong><a href="https://vimeo.com/420992016" data-saferedirecturl="https://www.google.com/url?q=https://vimeo.com/420992016&amp;source=gmail&amp;ust=1593599804235000&amp;usg=AFQjCNG_cDTSH10g4MAGI6OelJy7dPTQxw">https://vimeo.com/420992016</a></li>
<li style="font-weight: 400;"><strong><em>Com fer una comanda: </em></strong><a href="https://vimeo.com/427671538" data-saferedirecturl="https://www.google.com/url?q=https://vimeo.com/427671538&amp;source=gmail&amp;ust=1593599804235000&amp;usg=AFQjCNGG6-5yuupQkSw7HuwoM2BA3RSj_A">https://vimeo.com/427671538</a></li>
<li style="font-weight: 400;"><strong><em>Com accedir a les meves llicències digitals: </em></strong><a href="https://vimeo.com/427321666" data-saferedirecturl="https://www.google.com/url?q=https://vimeo.com/427321666&amp;source=gmail&amp;ust=1593599804235000&amp;usg=AFQjCNGEwfzTOh_5uZ_Vj5onoOUqzEMofw">https://vimeo.com/427321666</a></li>
<li style="font-weight: 400;"><strong><em>Què és Iddink digital?: </em></strong><a href="https://vimeo.com/427321499" data-saferedirecturl="https://www.google.com/url?q=https://vimeo.com/427321499&amp;source=gmail&amp;ust=1593599804235000&amp;usg=AFQjCNFiu9D9GeyuR2LwayoWW-5_Ix83DQ">https://vimeo.com/427321499</a></li>
</ul>
<p>&nbsp;</p>
<p>Retorn dels llibres:</p>
<p><img loading="lazy" decoding="async" class="aligncenter wp-image-10970" src="https://agora.xtec.cat/iesdecelra/wp-content/uploads/usu1789/2024/06/CAT-Com-retornar-els-ecoBooks-2.png" alt="" width="1038" height="639" srcset="https://agora.xtec.cat/iesdecelra/wp-content/uploads/usu1789/2024/06/CAT-Com-retornar-els-ecoBooks-2.png 4591w, https://agora.xtec.cat/iesdecelra/wp-content/uploads/usu1789/2024/06/CAT-Com-retornar-els-ecoBooks-2-300x185.png 300w, https://agora.xtec.cat/iesdecelra/wp-content/uploads/usu1789/2024/06/CAT-Com-retornar-els-ecoBooks-2-1024x631.png 1024w, https://agora.xtec.cat/iesdecelra/wp-content/uploads/usu1789/2024/06/CAT-Com-retornar-els-ecoBooks-2-768x473.png 768w, https://agora.xtec.cat/iesdecelra/wp-content/uploads/usu1789/2024/06/CAT-Com-retornar-els-ecoBooks-2-1536x946.png 1536w, https://agora.xtec.cat/iesdecelra/wp-content/uploads/usu1789/2024/06/CAT-Com-retornar-els-ecoBooks-2-2048x1261.png 2048w" sizes="auto, (max-width: 1038px) 100vw, 1038px" /></p>
<p><img loading="lazy" decoding="async" class="aligncenter wp-image-10973" src="https://agora.xtec.cat/iesdecelra/wp-content/uploads/usu1789/2024/06/CAT-Criteris-de-qualitat.png" alt="" width="1036" height="638" srcset="https://agora.xtec.cat/iesdecelra/wp-content/uploads/usu1789/2024/06/CAT-Criteris-de-qualitat.png 1000w, https://agora.xtec.cat/iesdecelra/wp-content/uploads/usu1789/2024/06/CAT-Criteris-de-qualitat-300x185.png 300w, https://agora.xtec.cat/iesdecelra/wp-content/uploads/usu1789/2024/06/CAT-Criteris-de-qualitat-768x473.png 768w" sizes="auto, (max-width: 1036px) 100vw, 1036px" /></p>

<p>L’AFA, conjuntament amb la direcció del centre, i amb l’aprovació del Consell Escolar, continuarà oferint el projecte de reutilització de llibres de text amb l&#8217;empresa <a href="https://microsites.iddink.es/ca/507_institut_de_celra/">Iddink</a>.<br />
<a href="https://drive.google.com/file/d/1EUPjwah63GMYLPtH-sST8bljerc3a3Fk/view?usp=drive_link"></a><br />
<a href="https://drive.google.com/file/d/1EUPjwah63GMYLPtH-sST8bljerc3a3Fk/view?usp=drive_link"></a><br />
 A més, us llistem uns quants enllaços en què hi ha vídeos explicatius (Actualitzat juny 2023).</p>
<ul>
<li style="font-weight:&hellip;  <a href="https://agora.xtec.cat/iesdecelra/families/ampa/iddink/" title="Read IDDINK">Llegeix més»</a><br />
