{"id":57,"date":"2014-09-17T17:01:07","date_gmt":"2014-09-17T17:01:07","guid":{"rendered":"http:\/\/agora.xtec.cat\/iesdecelra\/?page_id=57"},"modified":"2023-07-24T12:35:42","modified_gmt":"2023-07-24T10:35:42","slug":"projecte-educatiu","status":"publish","type":"page","link":"https:\/\/agora.xtec.cat\/iesdecelra\/linstitut\/projecte-educatiu\/","title":{"rendered":"Projecte educatiu"},"content":{"rendered":"<p style=\"text-align: justify;\">Cada centre ha d\u2019establir en el seu projecte educatiu les fites que, progressivament, esdevenen objecte d\u2019acci\u00f3 priorit\u00e0ria de la instituci\u00f3. Aquestes fites han de respondre a l\u2019objectiu prioritari del Servei d\u2019Educaci\u00f3 de Catalunya que \u00e9s <em>desenvolupar al m\u00e0xim les capacitats de tots i cadascun dels seus alumnes, com a principi fonamentador de l\u2019equitat i garantia , alhora, de la cohesi\u00f3 social<\/em>. Per tant, com a centre p\u00fablic depenent de la Generalitat de Catalunya, l\u2019Institut de Celr\u00e0 assumeix l\u2019anterior enunciat com a objectiu propi i fonamental de l\u2019acci\u00f3 educativa que vol portar a terme.<\/p>\n<p style=\"text-align: justify;\">Emmarcats en aquest objectiu prioritari, els trets d\u2019identitat i els objectius generals que conformen el Projecte Educatiu de l\u2019Institut de Celr\u00e0 s\u00f3n:<\/p>\n<ul>\n<li style=\"text-align: justify;\">Un espai educatiu de participaci\u00f3 i implicaci\u00f3 personal.<\/li>\n<li style=\"text-align: justify;\">Un espai per esdevenir competent i aprendre a aprendre.<\/li>\n<li style=\"text-align: justify;\">Un espai per al creixement personal i social.<\/li>\n<li style=\"text-align: justify;\">Un centre inclusiu, acollidor de la diversitat.<\/li>\n<li style=\"text-align: justify;\">Un centre integrat i obert al seu entorn.<\/li>\n<li style=\"text-align: justify;\">Un centre que revisa i avalua per millorar.<\/li>\n<li style=\"text-align: justify;\">Un centre que amb el catal\u00e0 com a llengua vehicular mira cap al pluriling\u00fcisme.<\/li>\n<li style=\"text-align: justify;\">Un espai afavoridor de l&#8217;expressi\u00f3 art\u00edstica i la creativitat.<\/li>\n<\/ul>\n<p>&nbsp;<\/p>\n<p style=\"text-align: center;\"><a href=\"https:\/\/drive.google.com\/file\/d\/1e6F1Un9DkVZ-S-qbACdjM7_ypK13tZav\/view?usp=sharing\">PROJECTE EDUCATIU DE CENTRE<\/a><\/p>\n<p>&nbsp;<\/p>\n","protected":false},"excerpt":{"rendered":"<p>Cada centre ha d\u2019establir en el seu projecte educatiu les fites que, progressivament, esdevenen objecte d\u2019acci\u00f3 priorit\u00e0ria de la instituci\u00f3. Aquestes fites han de respondre a l\u2019objectiu prioritari del Servei d\u2019Educaci\u00f3 de Catalunya que \u00e9s desenvolupar al m\u00e0xim les capacitats de tots i cadascun dels&hellip;  <a href=\"https:\/\/agora.xtec.cat\/iesdecelra\/linstitut\/projecte-educatiu\/\" title=\"Read Projecte educatiu\">Llegeix m\u00e9s\u00bb<\/a><\/p>\n","protected":false},"author":1,"featured_media":0,"parent":19,"menu_order":11,"comment_status":"closed","ping_status":"closed","template":"page-templates\/side-menu.php","meta":{"_bbp_topic_count":0,"_bbp_reply_count":0,"_bbp_total_topic_count":0,"_bbp_total_reply_count":0,"_bbp_voice_count":0,"_bbp_anonymous_reply_count":0,"_bbp_topic_count_hidden":0,"_bbp_reply_count_hidden":0,"_bbp_forum_subforum_count":0,"footnotes":""},"class_list":["post-57","page","type-page","status-publish","hentry"],"post_mailing_queue_ids":[],"_links":{"self":[{"href":"https:\/\/agora.xtec.cat\/iesdecelra\/wp-json\/wp\/v2\/pages\/57","targetHints":{"allow":["GET"]}}],"collection":[{"href":"https:\/\/agora.xtec.cat\/iesdecelra\/wp-json\/wp\/v2\/pages"}],"about":[{"href":"https:\/\/agora.xtec.cat\/iesdecelra\/wp-json\/wp\/v2\/types\/page"}],"author":[{"embeddable":true,"href":"https:\/\/agora.xtec.cat\/iesdecelra\/wp-json\/wp\/v2\/users\/1"}],"replies":[{"embeddable":true,"href":"https:\/\/agora.xtec.cat\/iesdecelra\/wp-json\/wp\/v2\/comments?post=57"}],"version-history":[{"count":3,"href":"https:\/\/agora.xtec.cat\/iesdecelra\/wp-json\/wp\/v2\/pages\/57\/revisions"}],"predecessor-version":[{"id":9585,"href":"https:\/\/agora.xtec.cat\/iesdecelra\/wp-json\/wp\/v2\/pages\/57\/revisions\/9585"}],"up":[{"embeddable":true,"href":"https:\/\/agora.xtec.cat\/iesdecelra\/wp-json\/wp\/v2\/pages\/19"}],"wp:attachment":[{"href":"https:\/\/agora.xtec.cat\/iesdecelra\/wp-json\/wp\/v2\/media?parent=57"}],"curies":[{"name":"wp","href":"https:\/\/api.w.org\/{rel}","templated":true}]}}

<p style="text-align: justify;">Cada centre ha d’establir en el seu projecte educatiu les fites que, progressivament, esdevenen objecte d’acció prioritària de la institució. Aquestes fites han de respondre a l’objectiu prioritari del Servei d’Educació de Catalunya que és <em>desenvolupar al màxim les capacitats de tots i cadascun dels seus alumnes, com a principi fonamentador de l’equitat i garantia , alhora, de la cohesió social</em>. Per tant, com a centre públic depenent de la Generalitat de Catalunya, l’Institut de Celrà assumeix l’anterior enunciat com a objectiu propi i fonamental de l’acció educativa que vol portar a terme.</p>
<p style="text-align: justify;">Emmarcats en aquest objectiu prioritari, els trets d’identitat i els objectius generals que conformen el Projecte Educatiu de l’Institut de Celrà són:</p>
<ul>
<li style="text-align: justify;">Un espai educatiu de participació i implicació personal.</li>
<li style="text-align: justify;">Un espai per esdevenir competent i aprendre a aprendre.</li>
<li style="text-align: justify;">Un espai per al creixement personal i social.</li>
<li style="text-align: justify;">Un centre inclusiu, acollidor de la diversitat.</li>
<li style="text-align: justify;">Un centre integrat i obert al seu entorn.</li>
<li style="text-align: justify;">Un centre que revisa i avalua per millorar.</li>
<li style="text-align: justify;">Un centre que amb el català com a llengua vehicular mira cap al plurilingüisme.</li>
<li style="text-align: justify;">Un espai afavoridor de l&#8217;expressió artística i la creativitat.</li>
</ul>
<p>&nbsp;</p>
<p style="text-align: center;"><a href="https://drive.google.com/file/d/1e6F1Un9DkVZ-S-qbACdjM7_ypK13tZav/view?usp=sharing">PROJECTE EDUCATIU DE CENTRE</a></p>
<p>&nbsp;</p>

<p>Cada centre ha d’establir en el seu projecte educatiu les fites que, progressivament, esdevenen objecte d’acció prioritària de la institució. Aquestes fites han de respondre a l’objectiu prioritari del Servei d’Educació de Catalunya que és desenvolupar al màxim les capacitats de tots i cadascun dels&hellip;  <a href="https://agora.xtec.cat/iesdecelra/linstitut/projecte-educatiu/" title="Read Projecte educatiu">Llegeix més»</a></p>
